{"id":4305,"date":"2024-02-12T08:21:55","date_gmt":"2024-02-12T07:21:55","guid":{"rendered":"https:\/\/www.alliance-francaise.nl\/zoetermeer\/?post_type=product&#038;p=4305"},"modified":"2025-04-22T11:35:53","modified_gmt":"2025-04-22T10:35:53","slug":"voyages-nieuw-2-tekstboek","status":"publish","type":"product","link":"https:\/\/www.alliance-francaise.nl\/zoetermeer\/product\/voyages-nieuw-2-tekstboek\/","title":{"rendered":"Voyages nieuw 2 tekstboek"},"content":{"rendered":"<div class=\"specs__party-groups\">\n<div class=\"specs__party-group links-inline\">\n<div class=\"specs__party-groups\">\n<div class=\"specs__party-group links-inline\">Auteur:\u00a0<a class=\"specs__party\" title=\"Anne Guilaine Andr\u00e9\" href=\"https:\/\/www.bol.com\/be\/nl\/c\/anne-guilaine-andre\/602172301\/\" data-no-translate=\"true\">Anne Guilaine Andr\u00e9<\/a>\u00a0<a class=\"specs__party\" title=\"Krystelle Jambon\" href=\"https:\/\/www.bol.com\/be\/nl\/c\/krystelle-jambon\/4035115\/\" data-no-translate=\"true\">Krystelle Jambon<\/a><\/div>\n<\/div>\n<ul class=\"product-small-specs product-small-specs--large\">\n<li>Frans<\/li>\n<li>Hardcover<\/li>\n<li>9789462930230<\/li>\n<li>01 februari 2017<\/li>\n<li>194 pagina&#8217;s<\/li>\n<\/ul>\n<h2 id=\"product_description\" class=\"slot__title mt-0\" data-test=\"title\">Samenvatting<\/h2>\n<div class=\"js_show-more-description show-more active\">\n<div class=\"js_show-more-holder show-more-holder show-more--l product-tracklists-show-more--animate\">\n<div class=\"js_description_content js_show-more-content\">\n<div class=\"product-description\" data-test=\"description\">\n<p>Methode Frans met een overzichtelijke lay-out en duidelijke structuur en opbouw. Bevat actuele dialogen en veel afwisselende onderwerpen en werkvormen.<\/p>\n<p>Het tekstboek van Voyages 2 &#8211; nieuw bestaat uit een introductie-unit\u00e9 en twaalf unit\u00e9s. Elke unit\u00e9 heeft de volgende opbouw:<br \/>\nEen introductiepagina die de voorkennis van de cursisten activeert en hen voorbereidt op het thema. De leerdoelen worden hier aangegeven.<\/p>\n<p>Zes pagina\u2019s leerstof verdeeld in deel A en deel B. In gekleurde kaders staan de belangrijkste taalfuncties en grammaticale onderwerpen. Regelmatig moeten cursisten een schema of regel aanvullen. In elke unit\u00e9 staan verwijzingen naar oefeningen in het werkboek.<br \/>\nDe laatste opdracht, Pour finir, geeft de cursisten de gelegenheid de verworven kennis in alledaagse situaties in praktijk te brengen. Gezamenlijk werken de cursisten aan een product dat in hun portfolio bewaard kan worden.<br \/>\nIn Mon bilan kunnen de cursisten hun vorderingen bijhouden en hun leerproces evalueren.<br \/>\nIn Balades en France, een tijdschriftpagina, reizen de cursisten door verschillende streken van Frankrijk. Er komen mensen aan het woord die enthousiast vertellen over hun geboortestreek.<br \/>\nHet R\u00e9sum\u00e9 vat de geleerde taalfuncties en grammatica samen. De drie Savoir-faire-unit\u00e9s (4, 8 en 12) dienen om het geleerde te herhalen. Leerstrategie\u00ebn komen aan bod en de geleerde taalfuncties en woordenschat worden herhaald in oefeningen en spellen met achtergrondinformatie over land en volk.<\/p>\n<p>Achter in het tekstboek staan een grammaticaoverzicht, een werkwoordenoverzicht, de transcripties van de luisterteksten, een woordenlijst Frans &#8211; Nederlands per unit\u00e9 en een alfabetische woordenlijst Frans &#8211; Nederlands.<br \/>\nHet geluidsmateriaal kan beluisterd worden met de Intertaal Augmented app. Deze app is gratis te downloaden in de App store en de Google playstore.<\/p>\n<p>Over deze serieMet Voyages &#8211; nieuw maken de cursisten op rustige en onderhoudende wijze kennis met de Franse taal. Voyages &#8211; nieuw leidt in drie delen naar niveau B1 van het Europees Referentiekader.<\/p>\n<p>Elk deel van Voyages &#8211; nieuw biedt materiaal voor circa 90 lesuren. De mondelinge communicatie staat voorop: de oefeningen bieden veel mogelijkheden tot samenwerken en veel gelegenheid om in gesprekssituaties het geleerde direct toe te passen. Zo wordt de Franse taal vanaf het begin veel gebruikt.<\/p>\n<p>nieuwe editie van de succesvolle, driedelige methode Frans Voyages<\/p>\n<p>\u2022 met een nieuwe lay-out voor tekstboek en werkboek<br \/>\n\u2022 actuele, inspirerende dialogen en informatieve teksten<br \/>\n\u2022 met nieuwe onderdelen zoals Mon bilan voor evaluatie van eigen vorderingen, en Balades en France met informatie over en foto\u2019s van alle streken van Frankrijk<br \/>\n\u2022 veel afwisseling in onderwerpen en werkvormen<br \/>\n\u2022 overzichtelijke, duidelijke structuur en opbouw<br \/>\n\u2022 met evaluatietests<br \/>\n\u2022 geschikt voor beginners tot halfgevorderden<br \/>\n\u2022 instructies en uitleg in deel 1 in het Frans en gedeeltelijk in het Nederlands; in deel 2 en 3 geheel in het Frans<\/p>\n<\/div>\n<\/div>\n<\/div>\n<\/div>\n<\/div>\n<\/div>\n","protected":false},"excerpt":{"rendered":"<p>Auteur:\u00a0Anne Guilaine Andr\u00e9\u00a0Krystelle Jambon Frans Hardcover 9789462930230 01 februari 2017 194 pagina&#8217;s Samenvatting Methode Frans met een overzichtelijke lay-out en duidelijke structuur en opbouw. Bevat actuele dialogen en veel afwisselende [&hellip;]<\/p>\n","protected":false},"featured_media":4306,"comment_status":"open","ping_status":"closed","template":"","meta":[],"product_brand":[],"product_cat":[36,31],"product_tag":[],"class_list":{"0":"post-4305","1":"product","2":"type-product","3":"status-publish","4":"has-post-thumbnail","6":"product_cat-a2","7":"product_cat-lesmateriaal","9":"first","10":"instock","11":"taxable","12":"shipping-taxable","13":"product-type-external"},"_links":{"self":[{"href":"https:\/\/www.alliance-francaise.nl\/zoetermeer\/wp-json\/wp\/v2\/product\/4305","targetHints":{"allow":["GET"]}}],"collection":[{"href":"https:\/\/www.alliance-francaise.nl\/zoetermeer\/wp-json\/wp\/v2\/product"}],"about":[{"href":"https:\/\/www.alliance-francaise.nl\/zoetermeer\/wp-json\/wp\/v2\/types\/product"}],"replies":[{"embeddable":true,"href":"https:\/\/www.alliance-francaise.nl\/zoetermeer\/wp-json\/wp\/v2\/comments?post=4305"}],"wp:featuredmedia":[{"embeddable":true,"href":"https:\/\/www.alliance-francaise.nl\/zoetermeer\/wp-json\/wp\/v2\/media\/4306"}],"wp:attachment":[{"href":"https:\/\/www.alliance-francaise.nl\/zoetermeer\/wp-json\/wp\/v2\/media?parent=4305"}],"wp:term":[{"taxonomy":"product_brand","embeddable":true,"href":"https:\/\/www.alliance-francaise.nl\/zoetermeer\/wp-json\/wp\/v2\/product_brand?post=4305"},{"taxonomy":"product_cat","embeddable":true,"href":"https:\/\/www.alliance-francaise.nl\/zoetermeer\/wp-json\/wp\/v2\/product_cat?post=4305"},{"taxonomy":"product_tag","embeddable":true,"href":"https:\/\/www.alliance-francaise.nl\/zoetermeer\/wp-json\/wp\/v2\/product_tag?post=4305"}],"curies":[{"name":"wp","href":"https:\/\/api.w.org\/{rel}","templated":true}]}}