{"id":4675,"date":"2024-04-25T07:59:09","date_gmt":"2024-04-25T06:59:09","guid":{"rendered":"https:\/\/www.alliance-francaise.nl\/zoetermeer\/?page_id=4675"},"modified":"2025-07-15T18:45:40","modified_gmt":"2025-07-15T17:45:40","slug":"inschrijven-en-kosten","status":"publish","type":"page","link":"https:\/\/www.alliance-francaise.nl\/zoetermeer\/inschrijven-en-kosten\/","title":{"rendered":"Inschrijven en kosten"},"content":{"rendered":"\t\t<div data-elementor-type=\"wp-page\" data-elementor-id=\"4675\" class=\"elementor elementor-4675\" data-elementor-post-type=\"page\">\n\t\t\t\t\t\t<section class=\"elementor-section elementor-top-section elementor-element elementor-element-9b3201f elementor-section-boxed elementor-section-height-default elementor-section-height-default\" data-id=\"9b3201f\" data-element_type=\"section\" data-e-type=\"section\" data-settings=\"{&quot;background_background&quot;:&quot;classic&quot;}\">\n\t\t\t\t\t\t<div class=\"elementor-container elementor-column-gap-default\">\n\t\t\t\t\t<div class=\"elementor-column elementor-col-100 elementor-top-column elementor-element elementor-element-4c598a1\" data-id=\"4c598a1\" data-element_type=\"column\" data-e-type=\"column\" data-settings=\"{&quot;background_background&quot;:&quot;classic&quot;}\">\n\t\t\t<div class=\"elementor-widget-wrap\">\n\t\t\t\t\t\t\t<\/div>\n\t\t<\/div>\n\t\t\t\t\t<\/div>\n\t\t<\/section>\n\t\t\t\t<section class=\"elementor-section elementor-top-section elementor-element elementor-element-c55c48f elementor-section-boxed elementor-section-height-default elementor-section-height-default\" data-id=\"c55c48f\" data-element_type=\"section\" data-e-type=\"section\">\n\t\t\t\t\t\t<div class=\"elementor-container elementor-column-gap-default\">\n\t\t\t\t\t<div class=\"elementor-column elementor-col-100 elementor-top-column elementor-element elementor-element-eae72a1\" data-id=\"eae72a1\" data-element_type=\"column\" data-e-type=\"column\" data-settings=\"{&quot;background_background&quot;:&quot;classic&quot;}\">\n\t\t\t<div class=\"elementor-widget-wrap elementor-element-populated\">\n\t\t\t\t\t<div class=\"elementor-background-overlay\"><\/div>\n\t\t\t\t\t\t<div class=\"elementor-element elementor-element-5d29fee elementor-widget elementor-widget-heading\" data-id=\"5d29fee\" data-element_type=\"widget\" data-e-type=\"widget\" data-widget_type=\"heading.default\">\n\t\t\t\t<div class=\"elementor-widget-container\">\n\t\t\t\t\t<h1 class=\"elementor-heading-title elementor-size-default\">Cursussen en aspirant lidmaatschap<\/h1>\t\t\t\t<\/div>\n\t\t\t\t<\/div>\n\t\t\t\t\t<\/div>\n\t\t<\/div>\n\t\t\t\t\t<\/div>\n\t\t<\/section>\n\t\t\t\t<section class=\"elementor-section elementor-top-section elementor-element elementor-element-14daebe elementor-section-boxed elementor-section-height-default elementor-section-height-default\" data-id=\"14daebe\" data-element_type=\"section\" data-e-type=\"section\">\n\t\t\t\t\t\t<div class=\"elementor-container elementor-column-gap-default\">\n\t\t\t\t\t<div class=\"elementor-column elementor-col-100 elementor-top-column elementor-element elementor-element-b84c96f\" data-id=\"b84c96f\" data-element_type=\"column\" data-e-type=\"column\">\n\t\t\t<div class=\"elementor-widget-wrap elementor-element-populated\">\n\t\t\t\t\t\t<div class=\"elementor-element elementor-element-8f0c694 elementor-widget elementor-widget-text-editor\" data-id=\"8f0c694\" data-element_type=\"widget\" data-e-type=\"widget\" data-widget_type=\"text-editor.default\">\n\t\t\t\t<div class=\"elementor-widget-container\">\n\t\t\t\t\t\t\t\t\t<h3>Wat is mijn niveau?<\/h3>\t\t\t\t\t\t\t\t<\/div>\n\t\t\t\t<\/div>\n\t\t\t\t<div class=\"elementor-element elementor-element-c5e034f elementor-widget elementor-widget-text-editor\" data-id=\"c5e034f\" data-element_type=\"widget\" data-e-type=\"widget\" data-widget_type=\"text-editor.default\">\n\t\t\t\t<div class=\"elementor-widget-container\">\n\t\t\t\t\t\t\t\t\t<p>Tijdens de <a href=\"https:\/\/www.alliance-francaise.nl\/zoetermeer\/event\/informatieavond\/\" target=\"_blank\" rel=\"noopener\">informatieavond<\/a> kunnen we samen met u het juiste niveau te bepalen. Ook kunt u kunt op internet vele gratis online niveautesten doen, bijvoorbeeld op deze <a href=\"https:\/\/savoirs.rfi.fr\/fr\/testez-votre-niveau-de-fran%C3%A7ais#chapitre-3\" target=\"_blank\" rel=\"noopener\">site<\/a>\u00a0van het RFI, of deze\u00a0<a href=\"https:\/\/apprendre.tv5monde.com\/fr\" target=\"_blank\" rel=\"noopener\">site<\/a> van TV5MONDE.<\/p>\t\t\t\t\t\t\t\t<\/div>\n\t\t\t\t<\/div>\n\t\t\t\t<div class=\"elementor-element elementor-element-ee98f77 elementor-widget-divider--view-line elementor-widget elementor-widget-divider\" data-id=\"ee98f77\" data-element_type=\"widget\" data-e-type=\"widget\" data-widget_type=\"divider.default\">\n\t\t\t\t<div class=\"elementor-widget-container\">\n\t\t\t\t\t\t\t<div class=\"elementor-divider\">\n\t\t\t<span class=\"elementor-divider-separator\">\n\t\t\t\t\t\t<\/span>\n\t\t<\/div>\n\t\t\t\t\t\t<\/div>\n\t\t\t\t<\/div>\n\t\t\t\t\t<\/div>\n\t\t<\/div>\n\t\t\t\t\t<\/div>\n\t\t<\/section>\n\t\t\t\t<section class=\"elementor-section elementor-top-section elementor-element elementor-element-671d099 elementor-section-boxed elementor-section-height-default elementor-section-height-default\" data-id=\"671d099\" data-element_type=\"section\" data-e-type=\"section\">\n\t\t\t\t\t\t<div class=\"elementor-container elementor-column-gap-default\">\n\t\t\t\t\t<div class=\"elementor-column elementor-col-100 elementor-top-column elementor-element elementor-element-15eb300\" data-id=\"15eb300\" data-element_type=\"column\" data-e-type=\"column\">\n\t\t\t<div class=\"elementor-widget-wrap elementor-element-populated\">\n\t\t\t\t\t\t<div class=\"elementor-element elementor-element-af126a3 elementor-widget elementor-widget-heading\" data-id=\"af126a3\" data-element_type=\"widget\" data-e-type=\"widget\" data-widget_type=\"heading.default\">\n\t\t\t\t<div class=\"elementor-widget-container\">\n\t\t\t\t\t<h2 class=\"elementor-heading-title elementor-size-default\">Cursus op locatie<\/h2>\t\t\t\t<\/div>\n\t\t\t\t<\/div>\n\t\t\t\t<div class=\"elementor-element elementor-element-76601f8 elementor-widget elementor-widget-text-editor\" data-id=\"76601f8\" data-element_type=\"widget\" data-e-type=\"widget\" data-widget_type=\"text-editor.default\">\n\t\t\t\t<div class=\"elementor-widget-container\">\n\t\t\t\t\t\t\t\t\t<p>Via onze webwinkel kun je zich inschrijven voor een cursus Frans op locatie of online of aspirant lid word. Bij notities kun je eventueel aangeven wat je vooropleiding Frans is en hoe je onze taalvereniging gevonden hebt. Mocht je verder nog iets anders willen delen, dan kun je dat ook bij notities aangeven, bijvoorbeeld als je zich herinschrijft kun je dat hier laten weten.<\/p>\t\t\t\t\t\t\t\t<\/div>\n\t\t\t\t<\/div>\n\t\t\t\t<div class=\"elementor-element elementor-element-c3f9223 elementor-align-center elementor-widget elementor-widget-button\" data-id=\"c3f9223\" data-element_type=\"widget\" data-e-type=\"widget\" data-widget_type=\"button.default\">\n\t\t\t\t<div class=\"elementor-widget-container\">\n\t\t\t\t\t\t\t\t\t<div class=\"elementor-button-wrapper\">\n\t\t\t\t\t<a class=\"elementor-button elementor-button-link elementor-size-sm\" href=\"https:\/\/www.alliance-francaise.nl\/zoetermeer\/lessenwinkel\/\">\n\t\t\t\t\t\t<span class=\"elementor-button-content-wrapper\">\n\t\t\t\t\t\t\t\t\t<span class=\"elementor-button-text\">Inschrijven via onze webwinkel<\/span>\n\t\t\t\t\t<\/span>\n\t\t\t\t\t<\/a>\n\t\t\t\t<\/div>\n\t\t\t\t\t\t\t\t<\/div>\n\t\t\t\t<\/div>\n\t\t\t\t<div class=\"elementor-element elementor-element-0c94a77 elementor-widget elementor-widget-text-editor\" data-id=\"0c94a77\" data-element_type=\"widget\" data-e-type=\"widget\" data-widget_type=\"text-editor.default\">\n\t\t\t\t<div class=\"elementor-widget-container\">\n\t\t\t\t\t\t\t\t\t<p>De cursusprijs is exclusief de benodigde studieboeken. Een overzicht van de vereiste boeken vindt u op de <a href=\"https:\/\/www.alliance-francaise.nl\/zoetermeer\/shop\/\">webwinkelpagina<\/a>. Door op een boek te klikken, wordt u automatisch doorgestuurd naar de website van een externe leverancier.&#8221;<\/p>\t\t\t\t\t\t\t\t<\/div>\n\t\t\t\t<\/div>\n\t\t\t\t<div class=\"elementor-element elementor-element-ca47eef elementor-widget-divider--view-line elementor-widget elementor-widget-divider\" data-id=\"ca47eef\" data-element_type=\"widget\" data-e-type=\"widget\" data-widget_type=\"divider.default\">\n\t\t\t\t<div class=\"elementor-widget-container\">\n\t\t\t\t\t\t\t<div class=\"elementor-divider\">\n\t\t\t<span class=\"elementor-divider-separator\">\n\t\t\t\t\t\t<\/span>\n\t\t<\/div>\n\t\t\t\t\t\t<\/div>\n\t\t\t\t<\/div>\n\t\t\t\t\t<\/div>\n\t\t<\/div>\n\t\t\t\t\t<\/div>\n\t\t<\/section>\n\t\t\t\t<section class=\"elementor-section elementor-top-section elementor-element elementor-element-c96f10f elementor-section-boxed elementor-section-height-default elementor-section-height-default\" data-id=\"c96f10f\" data-element_type=\"section\" data-e-type=\"section\">\n\t\t\t\t\t\t<div class=\"elementor-container elementor-column-gap-default\">\n\t\t\t\t\t<div class=\"elementor-column elementor-col-100 elementor-top-column elementor-element elementor-element-8036a35\" data-id=\"8036a35\" data-element_type=\"column\" data-e-type=\"column\">\n\t\t\t<div class=\"elementor-widget-wrap elementor-element-populated\">\n\t\t\t\t\t\t<div class=\"elementor-element elementor-element-8f52cb6 elementor-widget elementor-widget-heading\" data-id=\"8f52cb6\" data-element_type=\"widget\" data-e-type=\"widget\" data-widget_type=\"heading.default\">\n\t\t\t\t<div class=\"elementor-widget-container\">\n\t\t\t\t\t<h2 class=\"elementor-heading-title elementor-size-default\">Nog even dit<\/h2>\t\t\t\t<\/div>\n\t\t\t\t<\/div>\n\t\t\t\t<div class=\"elementor-element elementor-element-24ec406 elementor-widget elementor-widget-text-editor\" data-id=\"24ec406\" data-element_type=\"widget\" data-e-type=\"widget\" data-widget_type=\"text-editor.default\">\n\t\t\t\t<div class=\"elementor-widget-container\">\n\t\t\t\t\t\t\t\t\t<p>Bij inschrijving gaat u akkoord met de onderstaande punten:<\/p><ol><li>Over de ontwikkelingen binnen de Alliance Fran\u00e7aise Zoetermeer kun je via onze digitale nieuwsbrief, &#8216;Entre Nous&#8217; op de hoogte blijven.<br \/>Een link om je te abonneren op de Entre Nous staat onder de pagina. Je kunt jezelf altijd uitschrijven van deze nieuwsbrief.<\/li><li>Door je voor een cursus in te schrijven ben je automatisch lid van de Vereniging Alliance Fran\u00e7aise Zoetermeer. Het lidmaatschapsbedrag is onderdeel van het cursusgeld.<br \/>Het lidmaatschap is geldig gedurende een cursusjaar en kunt u jaarlijks opnieuw aanschaffen. Op de pagina \u2018Afrekenen\u2019 bij notities kunt u aangeven voor welk cursusjaar dit is.<\/li><li>De Alliance Fran\u00e7aise Zoetermeer legt de door mij verstrekte gegevens vast. Deze gegevens staan ter beschikking van de cursusleiding, mijn docent en het bestuur. De Alliance Fran\u00e7aise Zoetermeer vernietigt mijn gegevens 2 jaar nadat ik met de opleiding ben gestopt of mijn lidmaatschap heb be\u00ebindigd. Ik ben daarmee akkoord. Ik ben bekend met het privacy statement van Alliance Fran\u00e7aise Zoetermeer op de internet site.<\/li><li>Tijdens bijeenkomsten van de Alliance Fran\u00e7aise Zoetermeer kunnen foto\u2019s worden genomen waarop ik zichtbaar ben en die worden geplaatst in nieuwsbrieven en\/of de internetsite. Ik ben daarmee akkoord.<\/li><li>Wij behouden ons het recht toe om een cursus niet te starten en niet door te laten gaan bij onvoldoende aanmeldingen. Mocht dit het geval zijn dan krijgt u altijd persoonlijk bericht hierover en wordt het cursusgeld u gerestitueerd.<\/li><\/ol>\t\t\t\t\t\t\t\t<\/div>\n\t\t\t\t<\/div>\n\t\t\t\t\t<\/div>\n\t\t<\/div>\n\t\t\t\t\t<\/div>\n\t\t<\/section>\n\t\t\t\t<\/div>\n\t\t","protected":false},"excerpt":{"rendered":"<p>Cursussen en aspirant lidmaatschap Wat is mijn niveau? Tijdens de informatieavond kunnen we samen met u het juiste niveau te bepalen. Ook kunt u kunt op internet vele gratis online [&hellip;]<\/p>\n","protected":false},"author":10,"featured_media":0,"parent":0,"menu_order":0,"comment_status":"closed","ping_status":"closed","template":"elementor_header_footer","meta":{"_acf_changed":false,"footnotes":""},"class_list":["post-4675","page","type-page","status-publish","hentry"],"acf":[],"_links":{"self":[{"href":"https:\/\/www.alliance-francaise.nl\/zoetermeer\/wp-json\/wp\/v2\/pages\/4675","targetHints":{"allow":["GET"]}}],"collection":[{"href":"https:\/\/www.alliance-francaise.nl\/zoetermeer\/wp-json\/wp\/v2\/pages"}],"about":[{"href":"https:\/\/www.alliance-francaise.nl\/zoetermeer\/wp-json\/wp\/v2\/types\/page"}],"author":[{"embeddable":true,"href":"https:\/\/www.alliance-francaise.nl\/zoetermeer\/wp-json\/wp\/v2\/users\/10"}],"replies":[{"embeddable":true,"href":"https:\/\/www.alliance-francaise.nl\/zoetermeer\/wp-json\/wp\/v2\/comments?post=4675"}],"version-history":[{"count":21,"href":"https:\/\/www.alliance-francaise.nl\/zoetermeer\/wp-json\/wp\/v2\/pages\/4675\/revisions"}],"predecessor-version":[{"id":6458,"href":"https:\/\/www.alliance-francaise.nl\/zoetermeer\/wp-json\/wp\/v2\/pages\/4675\/revisions\/6458"}],"wp:attachment":[{"href":"https:\/\/www.alliance-francaise.nl\/zoetermeer\/wp-json\/wp\/v2\/media?parent=4675"}],"curies":[{"name":"wp","href":"https:\/\/api.w.org\/{rel}","templated":true}]}}