{"id":150,"date":"2020-02-17T12:41:54","date_gmt":"2020-02-17T12:41:54","guid":{"rendered":"https:\/\/www.alliance-francaise.nl\/2020\/walcheren\/?page_id=150"},"modified":"2026-04-10T19:11:43","modified_gmt":"2026-04-10T17:11:43","slug":"cafe-francais","status":"publish","type":"page","link":"https:\/\/www.alliance-francaise.nl\/walcheren\/cultuur\/cafe-francais\/","title":{"rendered":"Caf\u00e9 Fran\u00e7ais"},"content":{"rendered":"\t\t<div data-elementor-type=\"wp-page\" data-elementor-id=\"150\" class=\"elementor elementor-150\" data-elementor-post-type=\"page\">\n\t\t\t\t\t\t<section class=\"elementor-section elementor-top-section elementor-element elementor-element-4c58979e elementor-section-boxed elementor-section-height-default elementor-section-height-default\" data-id=\"4c58979e\" data-element_type=\"section\" data-e-type=\"section\" data-settings=\"{&quot;background_background&quot;:&quot;classic&quot;}\">\n\t\t\t\t\t\t<div class=\"elementor-container elementor-column-gap-default\">\n\t\t\t\t\t<div class=\"elementor-column elementor-col-100 elementor-top-column elementor-element elementor-element-d3cae13\" data-id=\"d3cae13\" data-element_type=\"column\" data-e-type=\"column\">\n\t\t\t<div class=\"elementor-widget-wrap\">\n\t\t\t\t\t\t\t<\/div>\n\t\t<\/div>\n\t\t\t\t\t<\/div>\n\t\t<\/section>\n\t\t\t\t<section class=\"elementor-section elementor-top-section elementor-element elementor-element-3ba21d6e elementor-section-boxed elementor-section-height-default elementor-section-height-default\" data-id=\"3ba21d6e\" data-element_type=\"section\" data-e-type=\"section\">\n\t\t\t\t\t\t<div class=\"elementor-container elementor-column-gap-default\">\n\t\t\t\t\t<div class=\"elementor-column elementor-col-100 elementor-top-column elementor-element elementor-element-23955edf\" data-id=\"23955edf\" data-element_type=\"column\" data-e-type=\"column\" data-settings=\"{&quot;background_background&quot;:&quot;classic&quot;}\">\n\t\t\t<div class=\"elementor-widget-wrap elementor-element-populated\">\n\t\t\t\t\t<div class=\"elementor-background-overlay\"><\/div>\n\t\t\t\t\t\t<div class=\"elementor-element elementor-element-67737101 elementor-widget elementor-widget-heading\" data-id=\"67737101\" data-element_type=\"widget\" data-e-type=\"widget\" data-widget_type=\"heading.default\">\n\t\t\t\t<div class=\"elementor-widget-container\">\n\t\t\t\t\t<h1 class=\"elementor-heading-title elementor-size-default\">Caf\u00e9 fran\u00e7ais<\/h1>\t\t\t\t<\/div>\n\t\t\t\t<\/div>\n\t\t\t\t\t<\/div>\n\t\t<\/div>\n\t\t\t\t\t<\/div>\n\t\t<\/section>\n\t\t\t\t<section class=\"elementor-section elementor-top-section elementor-element elementor-element-376595c elementor-section-boxed elementor-section-height-default elementor-section-height-default\" data-id=\"376595c\" data-element_type=\"section\" data-e-type=\"section\">\n\t\t\t\t\t\t<div class=\"elementor-container elementor-column-gap-default\">\n\t\t\t\t\t<div class=\"elementor-column elementor-col-100 elementor-top-column elementor-element elementor-element-d6cf5d7\" data-id=\"d6cf5d7\" data-element_type=\"column\" data-e-type=\"column\">\n\t\t\t<div class=\"elementor-widget-wrap elementor-element-populated\">\n\t\t\t\t\t\t<div class=\"elementor-element elementor-element-ca02edc elementor-widget elementor-widget-spacer\" data-id=\"ca02edc\" data-element_type=\"widget\" data-e-type=\"widget\" data-widget_type=\"spacer.default\">\n\t\t\t\t<div class=\"elementor-widget-container\">\n\t\t\t\t\t\t\t<div class=\"elementor-spacer\">\n\t\t\t<div class=\"elementor-spacer-inner\"><\/div>\n\t\t<\/div>\n\t\t\t\t\t\t<\/div>\n\t\t\t\t<\/div>\n\t\t\t\t\t<\/div>\n\t\t<\/div>\n\t\t\t\t\t<\/div>\n\t\t<\/section>\n\t\t\t\t<section class=\"elementor-section elementor-top-section elementor-element elementor-element-17133cc6 elementor-section-boxed elementor-section-height-default elementor-section-height-default\" data-id=\"17133cc6\" data-element_type=\"section\" data-e-type=\"section\">\n\t\t\t\t\t\t<div class=\"elementor-container elementor-column-gap-default\">\n\t\t\t\t\t<div class=\"elementor-column elementor-col-100 elementor-top-column elementor-element elementor-element-4191b43d\" data-id=\"4191b43d\" data-element_type=\"column\" data-e-type=\"column\">\n\t\t\t<div class=\"elementor-widget-wrap elementor-element-populated\">\n\t\t\t\t\t\t<div class=\"elementor-element elementor-element-5926cc9f elementor-widget elementor-widget-text-editor\" data-id=\"5926cc9f\" data-element_type=\"widget\" data-e-type=\"widget\" data-widget_type=\"text-editor.default\">\n\t\t\t\t<div class=\"elementor-widget-container\">\n\t\t\t\t\t\t\t\t\t<p><strong>Het Caf\u00e9 fran\u00e7ais is voor iedereen die graag Frans wil spreken in een ontspannen sfeer.<\/strong><\/p><p>Het is verheugend om te zien dat steeds meer mensen hun schroom afwerpen en het caf\u00e9 bezoeken om hun Frans te gebruiken. De sfeer is steeds top en er zijn heel wat gesprekken in het Frans. Het Caf\u00e9 fran\u00e7ais is tenslotte d\u00e9 ontmoetingsplaats voor hen die op zijn tijd de Franse taal willen spreken. De Alliance Fran\u00e7aise betaalt de borrelhap, de genuttigde consumpties komen voor eigen rekening.<\/p><p>Het eerstvolgende Caf\u00e9 fran\u00e7ais is op donderdag 19 maart in <a href=\"https:\/\/debijmiddelburg.nl\/\" target=\"_blank\" rel=\"noopener\">Hotel-Restaurant de Bij Middelburg <\/a>(voorheen De Mug) aan de Vlasmarkt 56. Nieuwe tijden: tussen 16.00 en 18.00 uur.<\/p><p>Venez nombreux et on se parle !!!<\/p><p>Komende data van het Caf\u00e9 fran\u00e7ais:<\/p><p>21 mei<\/p><p>18 juni<\/p><p>juli en augustus geen Caf\u00e9.<\/p><p>17 september<\/p><p>15 oktober<\/p><p>19 november<\/p><p>17 december.<\/p>\t\t\t\t\t\t\t\t<\/div>\n\t\t\t\t<\/div>\n\t\t\t\t\t<\/div>\n\t\t<\/div>\n\t\t\t\t\t<\/div>\n\t\t<\/section>\n\t\t\t\t<section class=\"elementor-section elementor-top-section elementor-element elementor-element-311fa100 elementor-section-boxed elementor-section-height-default elementor-section-height-default\" data-id=\"311fa100\" data-element_type=\"section\" data-e-type=\"section\">\n\t\t\t\t\t\t<div class=\"elementor-container elementor-column-gap-default\">\n\t\t\t\t\t<div class=\"elementor-column elementor-col-33 elementor-top-column elementor-element elementor-element-4545bce6\" data-id=\"4545bce6\" data-element_type=\"column\" data-e-type=\"column\">\n\t\t\t<div class=\"elementor-widget-wrap elementor-element-populated\">\n\t\t\t\t\t\t<div class=\"elementor-element elementor-element-543cefd2 elementor-widget elementor-widget-image\" data-id=\"543cefd2\" data-element_type=\"widget\" data-e-type=\"widget\" data-widget_type=\"image.default\">\n\t\t\t\t<div class=\"elementor-widget-container\">\n\t\t\t\t\t\t\t\t\t\t\t\t\t\t\t<img fetchpriority=\"high\" decoding=\"async\" width=\"300\" height=\"198\" src=\"https:\/\/www.alliance-francaise.nl\/walcheren\/wp-content\/uploads\/sites\/32\/2020\/02\/groep-mensen-300x198.jpg\" class=\"attachment-medium size-medium wp-image-153\" alt=\"\" srcset=\"https:\/\/www.alliance-francaise.nl\/walcheren\/wp-content\/uploads\/sites\/32\/2020\/02\/groep-mensen-300x198.jpg 300w, https:\/\/www.alliance-francaise.nl\/walcheren\/wp-content\/uploads\/sites\/32\/2020\/02\/groep-mensen-1024x676.jpg 1024w, https:\/\/www.alliance-francaise.nl\/walcheren\/wp-content\/uploads\/sites\/32\/2020\/02\/groep-mensen-768x507.jpg 768w, https:\/\/www.alliance-francaise.nl\/walcheren\/wp-content\/uploads\/sites\/32\/2020\/02\/groep-mensen-600x396.jpg 600w, https:\/\/www.alliance-francaise.nl\/walcheren\/wp-content\/uploads\/sites\/32\/2020\/02\/groep-mensen.jpg 1280w\" sizes=\"(max-width: 300px) 100vw, 300px\" \/>\t\t\t\t\t\t\t\t\t\t\t\t\t\t\t<\/div>\n\t\t\t\t<\/div>\n\t\t\t\t\t<\/div>\n\t\t<\/div>\n\t\t\t\t<div class=\"elementor-column elementor-col-33 elementor-top-column elementor-element elementor-element-2f19b7d7\" data-id=\"2f19b7d7\" data-element_type=\"column\" data-e-type=\"column\">\n\t\t\t<div class=\"elementor-widget-wrap elementor-element-populated\">\n\t\t\t\t\t\t<div class=\"elementor-element elementor-element-2e78664d elementor-widget elementor-widget-image\" data-id=\"2e78664d\" data-element_type=\"widget\" data-e-type=\"widget\" data-widget_type=\"image.default\">\n\t\t\t\t<div class=\"elementor-widget-container\">\n\t\t\t\t\t\t\t\t\t\t\t\t\t\t\t<img decoding=\"async\" width=\"300\" height=\"200\" src=\"https:\/\/www.alliance-francaise.nl\/walcheren\/wp-content\/uploads\/sites\/32\/2020\/02\/Handen-300x200.jpg\" class=\"attachment-medium size-medium wp-image-154\" alt=\"\" srcset=\"https:\/\/www.alliance-francaise.nl\/walcheren\/wp-content\/uploads\/sites\/32\/2020\/02\/Handen-300x200.jpg 300w, https:\/\/www.alliance-francaise.nl\/walcheren\/wp-content\/uploads\/sites\/32\/2020\/02\/Handen-1024x682.jpg 1024w, https:\/\/www.alliance-francaise.nl\/walcheren\/wp-content\/uploads\/sites\/32\/2020\/02\/Handen-768x512.jpg 768w, https:\/\/www.alliance-francaise.nl\/walcheren\/wp-content\/uploads\/sites\/32\/2020\/02\/Handen-600x400.jpg 600w, https:\/\/www.alliance-francaise.nl\/walcheren\/wp-content\/uploads\/sites\/32\/2020\/02\/Handen.jpg 1280w\" sizes=\"(max-width: 300px) 100vw, 300px\" \/>\t\t\t\t\t\t\t\t\t\t\t\t\t\t\t<\/div>\n\t\t\t\t<\/div>\n\t\t\t\t\t<\/div>\n\t\t<\/div>\n\t\t\t\t<div class=\"elementor-column elementor-col-33 elementor-top-column elementor-element elementor-element-4e7a39df\" data-id=\"4e7a39df\" data-element_type=\"column\" data-e-type=\"column\">\n\t\t\t<div class=\"elementor-widget-wrap elementor-element-populated\">\n\t\t\t\t\t\t<div class=\"elementor-element elementor-element-3785383b elementor-widget elementor-widget-image\" data-id=\"3785383b\" data-element_type=\"widget\" data-e-type=\"widget\" data-widget_type=\"image.default\">\n\t\t\t\t<div class=\"elementor-widget-container\">\n\t\t\t\t\t\t\t\t\t\t\t\t\t\t\t<img decoding=\"async\" width=\"300\" height=\"206\" src=\"https:\/\/www.alliance-francaise.nl\/walcheren\/wp-content\/uploads\/sites\/32\/2020\/02\/cafe-francais-1-300x206.jpg\" class=\"attachment-medium size-medium wp-image-155\" alt=\"\" srcset=\"https:\/\/www.alliance-francaise.nl\/walcheren\/wp-content\/uploads\/sites\/32\/2020\/02\/cafe-francais-1-300x206.jpg 300w, https:\/\/www.alliance-francaise.nl\/walcheren\/wp-content\/uploads\/sites\/32\/2020\/02\/cafe-francais-1-1024x702.jpg 1024w, https:\/\/www.alliance-francaise.nl\/walcheren\/wp-content\/uploads\/sites\/32\/2020\/02\/cafe-francais-1-768x526.jpg 768w, https:\/\/www.alliance-francaise.nl\/walcheren\/wp-content\/uploads\/sites\/32\/2020\/02\/cafe-francais-1-600x411.jpg 600w, https:\/\/www.alliance-francaise.nl\/walcheren\/wp-content\/uploads\/sites\/32\/2020\/02\/cafe-francais-1.jpg 1280w\" sizes=\"(max-width: 300px) 100vw, 300px\" \/>\t\t\t\t\t\t\t\t\t\t\t\t\t\t\t<\/div>\n\t\t\t\t<\/div>\n\t\t\t\t\t<\/div>\n\t\t<\/div>\n\t\t\t\t\t<\/div>\n\t\t<\/section>\n\t\t\t\t<section class=\"elementor-section elementor-top-section elementor-element elementor-element-242bae3c elementor-section-boxed elementor-section-height-default elementor-section-height-default\" data-id=\"242bae3c\" data-element_type=\"section\" data-e-type=\"section\">\n\t\t\t\t\t\t<div class=\"elementor-container elementor-column-gap-default\">\n\t\t\t\t\t<div class=\"elementor-column elementor-col-100 elementor-top-column elementor-element elementor-element-1b56ee00\" data-id=\"1b56ee00\" data-element_type=\"column\" data-e-type=\"column\">\n\t\t\t<div class=\"elementor-widget-wrap elementor-element-populated\">\n\t\t\t\t\t\t<div class=\"elementor-element elementor-element-5774106e elementor-widget elementor-widget-spacer\" data-id=\"5774106e\" data-element_type=\"widget\" data-e-type=\"widget\" data-widget_type=\"spacer.default\">\n\t\t\t\t<div class=\"elementor-widget-container\">\n\t\t\t\t\t\t\t<div class=\"elementor-spacer\">\n\t\t\t<div class=\"elementor-spacer-inner\"><\/div>\n\t\t<\/div>\n\t\t\t\t\t\t<\/div>\n\t\t\t\t<\/div>\n\t\t\t\t\t<\/div>\n\t\t<\/div>\n\t\t\t\t\t<\/div>\n\t\t<\/section>\n\t\t\t\t<section class=\"elementor-section elementor-top-section elementor-element elementor-element-15d57838 elementor-section-boxed elementor-section-height-default elementor-section-height-default\" data-id=\"15d57838\" data-element_type=\"section\" data-e-type=\"section\">\n\t\t\t\t\t\t<div class=\"elementor-container elementor-column-gap-default\">\n\t\t\t\t\t<div class=\"elementor-column elementor-col-100 elementor-top-column elementor-element elementor-element-1786cf4f\" data-id=\"1786cf4f\" data-element_type=\"column\" data-e-type=\"column\">\n\t\t\t<div class=\"elementor-widget-wrap elementor-element-populated\">\n\t\t\t\t\t\t<div class=\"elementor-element elementor-element-496ddc70 elementor-widget-divider--view-line elementor-widget elementor-widget-divider\" data-id=\"496ddc70\" data-element_type=\"widget\" data-e-type=\"widget\" data-widget_type=\"divider.default\">\n\t\t\t\t<div class=\"elementor-widget-container\">\n\t\t\t\t\t\t\t<div class=\"elementor-divider\">\n\t\t\t<span class=\"elementor-divider-separator\">\n\t\t\t\t\t\t<\/span>\n\t\t<\/div>\n\t\t\t\t\t\t<\/div>\n\t\t\t\t<\/div>\n\t\t\t\t\t<\/div>\n\t\t<\/div>\n\t\t\t\t\t<\/div>\n\t\t<\/section>\n\t\t\t\t<section class=\"elementor-section elementor-top-section elementor-element elementor-element-67a1fa51 elementor-section-boxed elementor-section-height-default elementor-section-height-default\" data-id=\"67a1fa51\" data-element_type=\"section\" data-e-type=\"section\">\n\t\t\t\t\t\t<div class=\"elementor-container elementor-column-gap-default\">\n\t\t\t\t\t<div class=\"elementor-column elementor-col-100 elementor-top-column elementor-element elementor-element-1408f8a3\" data-id=\"1408f8a3\" data-element_type=\"column\" data-e-type=\"column\">\n\t\t\t<div class=\"elementor-widget-wrap elementor-element-populated\">\n\t\t\t\t\t\t<div class=\"elementor-element elementor-element-78f5a525 elementor-widget elementor-widget-spacer\" data-id=\"78f5a525\" data-element_type=\"widget\" data-e-type=\"widget\" data-widget_type=\"spacer.default\">\n\t\t\t\t<div class=\"elementor-widget-container\">\n\t\t\t\t\t\t\t<div class=\"elementor-spacer\">\n\t\t\t<div class=\"elementor-spacer-inner\"><\/div>\n\t\t<\/div>\n\t\t\t\t\t\t<\/div>\n\t\t\t\t<\/div>\n\t\t\t\t\t<\/div>\n\t\t<\/div>\n\t\t\t\t\t<\/div>\n\t\t<\/section>\n\t\t\t\t<\/div>\n\t\t","protected":false},"excerpt":{"rendered":"<p>Caf\u00e9 fran\u00e7ais Het Caf\u00e9 fran\u00e7ais is voor iedereen die graag Frans wil spreken in een ontspannen sfeer. Het is verheugend om te zien dat steeds meer mensen hun schroom afwerpen [&hellip;]<\/p>\n","protected":false},"author":1,"featured_media":0,"parent":108,"menu_order":0,"comment_status":"closed","ping_status":"closed","template":"elementor_header_footer","meta":{"footnotes":""},"class_list":["post-150","page","type-page","status-publish","hentry"],"_links":{"self":[{"href":"https:\/\/www.alliance-francaise.nl\/walcheren\/wp-json\/wp\/v2\/pages\/150","targetHints":{"allow":["GET"]}}],"collection":[{"href":"https:\/\/www.alliance-francaise.nl\/walcheren\/wp-json\/wp\/v2\/pages"}],"about":[{"href":"https:\/\/www.alliance-francaise.nl\/walcheren\/wp-json\/wp\/v2\/types\/page"}],"author":[{"embeddable":true,"href":"https:\/\/www.alliance-francaise.nl\/walcheren\/wp-json\/wp\/v2\/users\/1"}],"replies":[{"embeddable":true,"href":"https:\/\/www.alliance-francaise.nl\/walcheren\/wp-json\/wp\/v2\/comments?post=150"}],"version-history":[{"count":20,"href":"https:\/\/www.alliance-francaise.nl\/walcheren\/wp-json\/wp\/v2\/pages\/150\/revisions"}],"predecessor-version":[{"id":3323,"href":"https:\/\/www.alliance-francaise.nl\/walcheren\/wp-json\/wp\/v2\/pages\/150\/revisions\/3323"}],"up":[{"embeddable":true,"href":"https:\/\/www.alliance-francaise.nl\/walcheren\/wp-json\/wp\/v2\/pages\/108"}],"wp:attachment":[{"href":"https:\/\/www.alliance-francaise.nl\/walcheren\/wp-json\/wp\/v2\/media?parent=150"}],"curies":[{"name":"wp","href":"https:\/\/api.w.org\/{rel}","templated":true}]}}