{"id":24344,"date":"2025-07-15T13:17:29","date_gmt":"2025-07-15T12:17:29","guid":{"rendered":"https:\/\/www.alliance-francaise.nl\/utrecht\/?post_type=tribe_events&#038;p=24344"},"modified":"2025-10-27T16:40:11","modified_gmt":"2025-10-27T15:40:11","slug":"recital-musique-et-litterature","status":"publish","type":"tribe_events","link":"https:\/\/www.alliance-francaise.nl\/utrecht\/events\/recital-musique-et-litterature\/","title":{"rendered":"R\u00e9cital au f\u00e9minin : musique et litt\u00e9rature"},"content":{"rendered":"<h1><a href=\"https:\/\/www.alliance-francaise.nl\/utrecht\/product\/concert-22-novembre\/\">Ticket pour les membres de l&#8217;Alliance Fran\u00e7aise<\/a><\/h1>\n<h1><a href=\"https:\/\/www.alliance-francaise.nl\/utrecht\/product\/concert-22-novembre-non-membres\/\">Tickets pour les non-membres<\/a><\/h1>\n<h2>Lucie de Saint Vincent nous propose un programme de <strong>compositrices<\/strong> \u00e0 travers le temps.<\/h2>\n<h2>Les oeuvres musicales seront accompagn\u00e9es de lecture de textes <strong>d&#8217;\u00e9crivaines<\/strong> par Robin Chardon.<\/h2>\n<p>Pour cette belle occasion musicale, l&#8217;Alliance Fran\u00e7aise Utrecht s&#8217;installe \u00e0 <strong>Parnassos<\/strong> (Kruisstraat 201, 3581 GK Utrecht)<\/p>\n<p>&nbsp;<\/p>\n<h1><a href=\"https:\/\/www.alliance-francaise.nl\/utrecht\/product\/concert-22-novembre\/\">Ticket pour les membres de l&#8217;Alliance Fran\u00e7aise<\/a><\/h1>\n<h1><a href=\"https:\/\/www.alliance-francaise.nl\/utrecht\/product\/concert-22-novembre-non-membres\/\">Tickets pour les non-membres<\/a><\/h1>\n<p>&nbsp;<\/p>\n<p>Ons grote herfstevenement komt eraan: op zaterdag 22 november om 13.00 uur vindt er een bijzonder concert plaats in de Theaterzaal van Parnassos (Kruisstraat 201, 3581 GK Utrecht).<br \/>\nLucie de Saint Vincent zet zich in voor de positie van vrouwen in de muziekwereld. Met haar onderzoeksprojecten en optredens doorbreekt ze muzikale grenzen en brengt ze composities van vrouwelijke muzikanten onder de aandacht.<br \/>\nRobin Chardon, pas afgestudeerd aan de Radboud Universiteit in Nijmegen, heeft haar eigen uitgeverij \u201cNuages\u201d opgericht om teksten in het Frans en Nederlands te publiceren. Ze geeft les in het Frans en schrijft haar eigen teksten.<\/p>\n<p>Samen hebben Lucie en Robin een piano- en literatuurrecital gecre\u00eberd dat vrouwelijke artiesten in de schijnwerpers zet.<br \/>\nComponisten: Elisabeth Jacquet de la Guerre, Marie Bigot de Morogues, H\u00e9l\u00e8ne de Montgerould, Mel Bonis, Lili Boulanger.<br \/>\nSchrijfsters: Madame de la Fayette, Olympe de Gouges, Marceline Desbordes-Valmore, Nathalie Sarraute, Nina Bouraoui, H\u00e9l\u00e8ne Sanguinetti.<\/p>\n","protected":false},"excerpt":{"rendered":"<p>Ticket pour les membres de l&#8217;Alliance Fran\u00e7aise Tickets pour les non-membres Lucie de Saint Vincent nous propose un programme de compositrices \u00e0 travers le temps. Les oeuvres musicales seront accompagn\u00e9es [&hellip;]<\/p>\n","protected":false},"author":105,"featured_media":24345,"template":"","meta":{"_acf_changed":false,"_monsterinsights_skip_tracking":false,"_monsterinsights_sitenote_active":false,"_monsterinsights_sitenote_note":"","_monsterinsights_sitenote_category":0,"_tribe_events_status":"","_tribe_events_status_reason":"","footnotes":""},"tags":[462,468,464,237,472,470,466],"tribe_events_cat":[211,215,214],"class_list":["post-24344","tribe_events","type-tribe_events","status-publish","has-post-thumbnail","hentry","tag-concert","tag-feminist","tag-frabs","tag-frans","tag-lezen","tag-piano","tag-women","tribe_events_cat-cultuur","tribe_events_cat-frans-spreken","tribe_events_cat-literatuur","cat_cultuur","cat_frans-spreken","cat_literatuur"],"acf":[],"_links":{"self":[{"href":"https:\/\/www.alliance-francaise.nl\/utrecht\/wp-json\/wp\/v2\/tribe_events\/24344","targetHints":{"allow":["GET"]}}],"collection":[{"href":"https:\/\/www.alliance-francaise.nl\/utrecht\/wp-json\/wp\/v2\/tribe_events"}],"about":[{"href":"https:\/\/www.alliance-francaise.nl\/utrecht\/wp-json\/wp\/v2\/types\/tribe_events"}],"author":[{"embeddable":true,"href":"https:\/\/www.alliance-francaise.nl\/utrecht\/wp-json\/wp\/v2\/users\/105"}],"version-history":[{"count":6,"href":"https:\/\/www.alliance-francaise.nl\/utrecht\/wp-json\/wp\/v2\/tribe_events\/24344\/revisions"}],"predecessor-version":[{"id":25016,"href":"https:\/\/www.alliance-francaise.nl\/utrecht\/wp-json\/wp\/v2\/tribe_events\/24344\/revisions\/25016"}],"wp:featuredmedia":[{"embeddable":true,"href":"https:\/\/www.alliance-francaise.nl\/utrecht\/wp-json\/wp\/v2\/media\/24345"}],"wp:attachment":[{"href":"https:\/\/www.alliance-francaise.nl\/utrecht\/wp-json\/wp\/v2\/media?parent=24344"}],"wp:term":[{"taxonomy":"post_tag","embeddable":true,"href":"https:\/\/www.alliance-francaise.nl\/utrecht\/wp-json\/wp\/v2\/tags?post=24344"},{"taxonomy":"tribe_events_cat","embeddable":true,"href":"https:\/\/www.alliance-francaise.nl\/utrecht\/wp-json\/wp\/v2\/tribe_events_cat?post=24344"}],"curies":[{"name":"wp","href":"https:\/\/api.w.org\/{rel}","templated":true}]}}

Récital au féminin : musique et littérature

<h1><a href="https://www.alliance-francaise.nl/utrecht/product/concert-22-novembre/">Ticket pour les membres de l&#8217;Alliance Française</a></h1>
<h1><a href="https://www.alliance-francaise.nl/utrecht/product/concert-22-novembre-non-membres/">Tickets pour les non-membres</a></h1>
<h2>Lucie de Saint Vincent nous propose un programme de <strong>compositrices</strong> à travers le temps.</h2>
<h2>Les oeuvres musicales seront accompagnées de lecture de textes <strong>d&#8217;écrivaines</strong> par Robin Chardon.</h2>
<p>Pour cette belle occasion musicale, l&#8217;Alliance Française Utrecht s&#8217;installe à <strong>Parnassos</strong> (Kruisstraat 201, 3581 GK Utrecht)</p>
<p>&nbsp;</p>
<h1><a href="https://www.alliance-francaise.nl/utrecht/product/concert-22-novembre/">Ticket pour les membres de l&#8217;Alliance Française</a></h1>
<h1><a href="https://www.alliance-francaise.nl/utrecht/product/concert-22-novembre-non-membres/">Tickets pour les non-membres</a></h1>
<p>&nbsp;</p>
<p>Ons grote herfstevenement komt eraan: op zaterdag 22 november om 13.00 uur vindt er een bijzonder concert plaats in de Theaterzaal van Parnassos (Kruisstraat 201, 3581 GK Utrecht).<br />
Lucie de Saint Vincent zet zich in voor de positie van vrouwen in de muziekwereld. Met haar onderzoeksprojecten en optredens doorbreekt ze muzikale grenzen en brengt ze composities van vrouwelijke muzikanten onder de aandacht.<br />
Robin Chardon, pas afgestudeerd aan de Radboud Universiteit in Nijmegen, heeft haar eigen uitgeverij “Nuages” opgericht om teksten in het Frans en Nederlands te publiceren. Ze geeft les in het Frans en schrijft haar eigen teksten.</p>
<p>Samen hebben Lucie en Robin een piano- en literatuurrecital gecreëerd dat vrouwelijke artiesten in de schijnwerpers zet.<br />
Componisten: Elisabeth Jacquet de la Guerre, Marie Bigot de Morogues, Hélène de Montgerould, Mel Bonis, Lili Boulanger.<br />
Schrijfsters: Madame de la Fayette, Olympe de Gouges, Marceline Desbordes-Valmore, Nathalie Sarraute, Nina Bouraoui, Hélène Sanguinetti.</p>

<p>Ticket pour les membres de l&#8217;Alliance Française Tickets pour les non-membres Lucie de Saint Vincent nous propose un programme de compositrices à travers le temps. Les oeuvres musicales seront accompagnées [&hellip;]</p>
