{"id":25353,"date":"2025-11-25T13:48:43","date_gmt":"2025-11-25T12:48:43","guid":{"rendered":"https:\/\/www.alliance-francaise.nl\/utrecht\/?page_id=25353"},"modified":"2025-12-20T17:28:45","modified_gmt":"2025-12-20T16:28:45","slug":"sejours-linguistiques-language-camps","status":"publish","type":"page","link":"https:\/\/www.alliance-francaise.nl\/utrecht\/sejours-linguistiques-language-camps\/","title":{"rendered":"S\u00e9jours linguistiques &#8211; Language Camps"},"content":{"rendered":"\t\t<div data-elementor-type=\"wp-page\" data-elementor-id=\"25353\" class=\"elementor elementor-25353\" data-elementor-post-type=\"page\">\n\t\t\t\t<div class=\"elementor-element elementor-element-9a33d32 e-grid e-con-boxed e-con e-parent\" data-id=\"9a33d32\" data-element_type=\"container\" data-e-type=\"container\">\n\t\t\t\t\t<div class=\"e-con-inner\">\n\t\t\t\t<div class=\"elementor-element elementor-element-1edb191 elementor-widget elementor-widget-heading\" data-id=\"1edb191\" data-element_type=\"widget\" data-e-type=\"widget\" data-widget_type=\"heading.default\">\n\t\t\t\t<div class=\"elementor-widget-container\">\n\t\t\t\t\t<h2 class=\"elementor-heading-title elementor-size-default\">Contact : <\/h2>\t\t\t\t<\/div>\n\t\t\t\t<\/div>\n\t\t\t\t<div class=\"elementor-element elementor-element-ff3ef82 elementor-widget elementor-widget-text-editor\" data-id=\"ff3ef82\" data-element_type=\"widget\" data-e-type=\"widget\" data-widget_type=\"text-editor.default\">\n\t\t\t\t<div class=\"elementor-widget-container\">\n\t\t\t\t\t\t\t\t\t<p><a href=\"mailto:direction.utrecht@afpb.nl\">direction.utrecht@afpb.nl<\/a><\/p><p>Pour demander un <b>devis<\/b>, poser des <b>questions<\/b>, cr\u00e9er un <b>programme <\/b>linguistique et culturel dans une ville en France.\u00a0<\/p><p>Nous sommes <b>partenaires <\/b>des Alliances Fran\u00e7aises de France et pouvons proposer des tarifs pr\u00e9f\u00e9rentiels. Ecrivez-nous !<\/p><p><em>Om een <b>offerte <\/b>aan te vragen, <b>vragen <\/b>te stellen, een taal- en cultuur<b>programma<\/b> samen te stellen in een stad in Frankrijk.<\/em><\/p><p><em>Wij zijn <b>partner <\/b>van de Alliances Fran\u00e7aises de France en kunnen voordelige tarieven aanbieden. Schrijf ons!<\/em><\/p>\t\t\t\t\t\t\t\t<\/div>\n\t\t\t\t<\/div>\n\t\t\t\t\t<\/div>\n\t\t\t\t<\/div>\n\t\t<div class=\"elementor-element elementor-element-6fa3eba e-flex e-con-boxed e-con e-parent\" data-id=\"6fa3eba\" data-element_type=\"container\" data-e-type=\"container\">\n\t\t\t\t\t<div class=\"e-con-inner\">\n\t\t\t\t<div class=\"elementor-element elementor-element-89b5e7d elementor-widget elementor-widget-image\" data-id=\"89b5e7d\" data-element_type=\"widget\" data-e-type=\"widget\" data-widget_type=\"image.default\">\n\t\t\t\t<div class=\"elementor-widget-container\">\n\t\t\t\t\t\t\t\t\t\t\t\t\t\t\t<img fetchpriority=\"high\" decoding=\"async\" width=\"800\" height=\"400\" src=\"https:\/\/www.alliance-francaise.nl\/utrecht\/wp-content\/uploads\/sites\/6\/2025\/11\/Banniere-horizontale-annonce-promotion-Black-Friday-dore-1024x512.png\" class=\"attachment-large size-large wp-image-25356\" alt=\"\" srcset=\"https:\/\/www.alliance-francaise.nl\/utrecht\/wp-content\/uploads\/sites\/6\/2025\/11\/Banniere-horizontale-annonce-promotion-Black-Friday-dore-1024x512.png 1024w, https:\/\/www.alliance-francaise.nl\/utrecht\/wp-content\/uploads\/sites\/6\/2025\/11\/Banniere-horizontale-annonce-promotion-Black-Friday-dore-300x150.png 300w, https:\/\/www.alliance-francaise.nl\/utrecht\/wp-content\/uploads\/sites\/6\/2025\/11\/Banniere-horizontale-annonce-promotion-Black-Friday-dore-768x384.png 768w, https:\/\/www.alliance-francaise.nl\/utrecht\/wp-content\/uploads\/sites\/6\/2025\/11\/Banniere-horizontale-annonce-promotion-Black-Friday-dore-1536x768.png 1536w, https:\/\/www.alliance-francaise.nl\/utrecht\/wp-content\/uploads\/sites\/6\/2025\/11\/Banniere-horizontale-annonce-promotion-Black-Friday-dore-2048x1024.png 2048w, https:\/\/www.alliance-francaise.nl\/utrecht\/wp-content\/uploads\/sites\/6\/2025\/11\/Banniere-horizontale-annonce-promotion-Black-Friday-dore-1320x660.png 1320w, https:\/\/www.alliance-francaise.nl\/utrecht\/wp-content\/uploads\/sites\/6\/2025\/11\/Banniere-horizontale-annonce-promotion-Black-Friday-dore-600x300.png 600w\" sizes=\"(max-width: 800px) 100vw, 800px\" \/>\t\t\t\t\t\t\t\t\t\t\t\t\t\t\t<\/div>\n\t\t\t\t<\/div>\n\t\t\t\t<div class=\"elementor-element elementor-element-e095fbb elementor-widget elementor-widget-text-editor\" data-id=\"e095fbb\" data-element_type=\"widget\" data-e-type=\"widget\" data-widget_type=\"text-editor.default\">\n\t\t\t\t<div class=\"elementor-widget-container\">\n\t\t\t\t\t\t\t\t\t<p><strong>SAINT-MALO<\/strong><\/p><p>Inscription possible \u00e0 la semaine. Inscription minimale : 1 semaine (5 jours de cours, arriv\u00e9e le dimanche et d\u00e9part le samedi)<\/p><p><strong>Cours de fran\u00e7ais<\/strong> = 20h par semaine (9h-13h15)<\/p><p><strong>Activit\u00e9s culturelles<\/strong> l&#8217;apr\u00e8s-midi (si d\u00e9part en groupes)<br \/><span style=\"text-decoration: underline\">Groupes pr\u00e9vus par l&#8217;Alliance Fran\u00e7aise Utrecht<\/span><br \/>&#8211; 19-25 juillet 2026\u00a0<br \/>&#8211; 20-28 f\u00e9vrier 2027 (pour les professeurs de fran\u00e7ais en priorit\u00e9)<\/p><p>Logement en famille d&#8217;accueil fran\u00e7aise, \u00e0 15 minutes de l&#8217;Alliance Fran\u00e7aise Saint-Malo maximum.\u00a0<\/p><p><span style=\"text-decoration: underline\"><strong>Prix<\/strong> <\/span>:<br \/><span style=\"font-size: 1rem\"><a href=\"https:\/\/www.alliance-francaise.nl\/utrecht\/wp-content\/uploads\/sites\/6\/2025\/12\/OFFRE-PROFS-Utrecht-2.pdf\"><span style=\"text-decoration: underline\">Professeurs\u00a0<\/span> <\/a>: Pack 20h de cours de fran\u00e7ais + famille d&#8217;accueil + petit-d\u00e9jeuner + d\u00eener + 3 activit\u00e9s culturelles touristiques = <\/span><strong style=\"font-size: 1rem\">1010\u20ac\u00a0<\/strong><span style=\"font-size: 1rem\">\u00a0<br \/><\/span><span style=\"font-size: 1rem\"><a href=\"https:\/\/www.alliance-francaise.nl\/utrecht\/wp-content\/uploads\/sites\/6\/2025\/12\/OFFRE-generale-individuels-3.pdf\"><span style=\"text-decoration: underline\">Public g\u00e9n\u00e9ral<\/span> <\/a>: 20h de cours de fran\u00e7ais = <\/span><strong style=\"font-size: 1rem\">440\u20ac <\/strong><span style=\"font-size: 1rem\">\/ H\u00e9bergement en famille d&#8217;accueil + petit-d\u00e9jeuner + d\u00eener = <\/span><strong style=\"font-size: 1rem\">360\u20ac<\/strong><\/p><p><i>L&#8217;Alliance Fran\u00e7aise Utrecht ajoute 50 euros de frais administratif par personne. Les prix n&#8217;incluent pas la r\u00e9servation de train ou d&#8217;avion.\u00a0<\/i><\/p><p><em><b>SAINT-MALO<\/b><\/em><\/p><p><em>Inschrijving per week mogelijk. Minimale inschrijving: 1 week (5 lesdagen, aankomst op zondag en vertrek op zaterdag)<\/em><\/p><p><em><b>Franse les<\/b> = 20 uur per week (9.00-13.15 uur)<\/em><\/p><p><em><b>Culturele activiteiten <\/b>in de namiddag (bij vertrek in groep)<\/em><br \/><u><em>Groepen gepland door de Alliance Fran\u00e7aise Utrecht<\/em><br \/><\/u><em>&#8211; 19-25 juli 2026 <\/em><br \/><em>&#8211; 20-28 februari 2027 (leraren Frans hebben voorrang)<\/em><\/p><p><em>Verblijf bij een Frans gastgezin, op maximaal 15 minuten van de Alliance Fran\u00e7aise Saint-Malo.<\/em><\/p><p><em><b><u>Prijs<\/u><\/b>:<\/em><br \/><em><u>Leraren <\/u>: Pakket van 20 uur Franse les + gastgezin + ontbijt + diner + 3 culturele toeristische activiteiten = <strong>\u20ac1010<\/strong><\/em><br \/><em><u>Algemeen publiek<\/u>: 20 uur Franse les = <strong>\u20ac440<\/strong> \/ Verblijf bij gastgezin + ontbijt + diner = <strong>\u20ac360<\/strong><\/em><\/p><p><em>De Alliance Fran\u00e7aise Utrecht rekent \u20ac50 administratiekosten per persoon. De prijzen zijn exclusief trein- of vliegtickets.<\/em><\/p>\t\t\t\t\t\t\t\t<\/div>\n\t\t\t\t<\/div>\n\t\t\t\t\t<\/div>\n\t\t\t\t<\/div>\n\t\t<div class=\"elementor-element elementor-element-0151887 e-flex e-con-boxed e-con e-parent\" data-id=\"0151887\" data-element_type=\"container\" data-e-type=\"container\">\n\t\t\t\t\t<div class=\"e-con-inner\">\n\t\t\t\t<div class=\"elementor-element elementor-element-361de94 elementor-widget elementor-widget-image\" data-id=\"361de94\" data-element_type=\"widget\" data-e-type=\"widget\" data-widget_type=\"image.default\">\n\t\t\t\t<div class=\"elementor-widget-container\">\n\t\t\t\t\t\t\t\t\t\t\t\t\t\t\t<img decoding=\"async\" width=\"800\" height=\"400\" src=\"https:\/\/www.alliance-francaise.nl\/utrecht\/wp-content\/uploads\/sites\/6\/2025\/11\/Banniere-horizontale-annonce-promotion-Black-Friday-dore-1-1024x512.png\" class=\"attachment-large size-large wp-image-25364\" alt=\"\" srcset=\"https:\/\/www.alliance-francaise.nl\/utrecht\/wp-content\/uploads\/sites\/6\/2025\/11\/Banniere-horizontale-annonce-promotion-Black-Friday-dore-1-1024x512.png 1024w, https:\/\/www.alliance-francaise.nl\/utrecht\/wp-content\/uploads\/sites\/6\/2025\/11\/Banniere-horizontale-annonce-promotion-Black-Friday-dore-1-300x150.png 300w, https:\/\/www.alliance-francaise.nl\/utrecht\/wp-content\/uploads\/sites\/6\/2025\/11\/Banniere-horizontale-annonce-promotion-Black-Friday-dore-1-768x384.png 768w, https:\/\/www.alliance-francaise.nl\/utrecht\/wp-content\/uploads\/sites\/6\/2025\/11\/Banniere-horizontale-annonce-promotion-Black-Friday-dore-1-1536x768.png 1536w, https:\/\/www.alliance-francaise.nl\/utrecht\/wp-content\/uploads\/sites\/6\/2025\/11\/Banniere-horizontale-annonce-promotion-Black-Friday-dore-1-2048x1024.png 2048w, https:\/\/www.alliance-francaise.nl\/utrecht\/wp-content\/uploads\/sites\/6\/2025\/11\/Banniere-horizontale-annonce-promotion-Black-Friday-dore-1-1320x660.png 1320w, https:\/\/www.alliance-francaise.nl\/utrecht\/wp-content\/uploads\/sites\/6\/2025\/11\/Banniere-horizontale-annonce-promotion-Black-Friday-dore-1-600x300.png 600w\" sizes=\"(max-width: 800px) 100vw, 800px\" \/>\t\t\t\t\t\t\t\t\t\t\t\t\t\t\t<\/div>\n\t\t\t\t<\/div>\n\t\t\t\t<div class=\"elementor-element elementor-element-3048529 elementor-widget elementor-widget-text-editor\" data-id=\"3048529\" data-element_type=\"widget\" data-e-type=\"widget\" data-widget_type=\"text-editor.default\">\n\t\t\t\t<div class=\"elementor-widget-container\">\n\t\t\t\t\t\t\t\t\t<p>\u00a0<em><strong>TOULOUSE<\/strong><\/em><\/p><p><span style=\"font-size: 1rem\"><em>Inscription minimale : 2 semaines (5 jours de cours x 2 semaines, arriv\u00e9e le dimanche et d\u00e9part le samedi)<\/em><br \/><a href=\"https:\/\/alliance-toulouse.org\/wp-content\/uploads\/2026-CALENDRIER-trilingue-2-.pdf\">Calendrier 2026<\/a><\/span><\/p><p><em><strong style=\"font-size: 1rem\">Cours de fran\u00e7ais<\/strong><span style=\"font-size: 1rem\"> = 17,5h par semaine (9h-12h15) ou 20h par semaine (9h-13h15)<\/span><\/em><\/p><p><em><strong>Activit\u00e9s culturelles<\/strong> l&#8217;apr\u00e8s-midi (si d\u00e9part en groupes)<\/em><br \/><em>+ activit\u00e9s pr\u00e9vues dans le calendrier culturel de l&#8217;AF Toulouse, entre 1 et 2 activit\u00e9s gratuites par semaine sont propos\u00e9es \u00e0 tous les \u00e9l\u00e8ves inscrits en individuel.\u00a0<\/em><br \/><em><span style=\"text-decoration: underline\">Groupe pr\u00e9vu par l&#8217;Alliance Fran\u00e7aise Utrecht<\/span><\/em><br \/><em>&#8211; 27 avril-7 mai 2026<\/em><br \/><em>&#8211; 12-23 octobre 2026\u00a0(pour les professeurs de fran\u00e7ais en priorit\u00e9)<\/em><\/p><p><em>Logement en famille d&#8217;accueil fran\u00e7aise, dans les environs de l&#8217;AF Toulouse.\u00a0<\/em><\/p><p><em><u><strong>Prix<\/strong> <\/u>:\u00a0<\/em><br \/><em><span style=\"font-size: 1rem\">Pack 17,5h de cours de fran\u00e7ais + famille d&#8217;accueil + petit-d\u00e9jeuner + d\u00eener + activit\u00e9s culturelles touristiques = <\/span><strong style=\"font-size: 1rem\">2000\u20ac environ (pour deux semaines)<\/strong><span style=\"font-size: 1rem\"><br \/><\/span><span style=\"font-size: 1rem\">17,5h de cours de fran\u00e7ais\/sem = <\/span><strong style=\"font-size: 1rem\">410\u20ac <\/strong><span style=\"font-size: 1rem\">\/ H\u00e9bergement en famille d&#8217;accueil + petit-d\u00e9jeuner + d\u00eener = <\/span><strong style=\"font-size: 1rem\">sur devis<\/strong><\/em><\/p><p><em>L&#8217;Alliance Fran\u00e7aise Utrecht ajoute 50 euros de frais administratif par personne. Les prix n&#8217;incluent pas la r\u00e9servation de train ou d&#8217;avion.\u00a0<\/em><\/p><p><em><strong>TOULOUSE<\/strong><\/em><\/p><p><em>Minimale inschrijving: 2 weken (5 lesdagen x 2 weken, aankomst op zondag en vertrek op zaterdag)<\/em><br \/><em><a href=\"https:\/\/alliance-toulouse.org\/wp-content\/uploads\/2026-CALENDRIER-trilingue-2-.pdf\">Kalender 2026<\/a><\/em><\/p><p><em><strong>Franse les<\/strong> = 17,5 uur per week (9.00-12.15 uur) of 20 uur per week (9.00-13.15 uur)<\/em><\/p><p><em><strong>Culturele activiteiten<\/strong> in de namiddag (bij vertrek in groep)<\/em><br \/><em>+ activiteiten voorzien in de culturele kalender van de AF Toulouse, tussen 1 en 2 gratis activiteiten per week worden aangeboden aan alle individueel ingeschreven studenten. <\/em><br \/><em><span style=\"text-decoration: underline\">Groep voorzien door de Alliance Fran\u00e7aise Utrecht<\/span><\/em><br \/><em>&#8211; 27 april-7 mei 2026<\/em><br \/><em>&#8211; 12-23 oktober 2026 (leraren Frans hebben voorang)<\/em><\/p><p><em>Verblijf bij een Frans gastgezin in de omgeving van de AF Toulouse.<\/em><\/p><p><em><span style=\"text-decoration: underline\"><strong>Prijs<\/strong><\/span>: <\/em><br \/><em>Pakket van 17,5 uur Franse les + gastgezin + ontbijt + diner + culturele en toeristische activiteiten = <strong>\u20ac2000 ongeveer (voor twee weken)<\/strong><\/em><br \/><em>17,5 uur Franse les = <strong>\u20ac410<\/strong> \/ Verblijf bij gastgezin + ontbijt + diner = <strong>op basis van offerte<\/strong><\/em><\/p><p><em>De Alliance Fran\u00e7aise Utrecht rekent \u20ac50 administratiekosten per persoon. De prijzen zijn exclusief trein- of vliegtickets.<\/em><\/p>\t\t\t\t\t\t\t\t<\/div>\n\t\t\t\t<\/div>\n\t\t\t\t\t<\/div>\n\t\t\t\t<\/div>\n\t\t<div class=\"elementor-element elementor-element-9f24dfa e-flex e-con-boxed e-con e-parent\" data-id=\"9f24dfa\" data-element_type=\"container\" data-e-type=\"container\">\n\t\t\t\t\t<div class=\"e-con-inner\">\n\t\t\t\t<div class=\"elementor-element elementor-element-03910f6 elementor-widget elementor-widget-image\" data-id=\"03910f6\" data-element_type=\"widget\" data-e-type=\"widget\" data-widget_type=\"image.default\">\n\t\t\t\t<div class=\"elementor-widget-container\">\n\t\t\t\t\t\t\t\t\t\t\t\t\t\t\t<img decoding=\"async\" width=\"800\" height=\"400\" src=\"https:\/\/www.alliance-francaise.nl\/utrecht\/wp-content\/uploads\/sites\/6\/2025\/11\/Banniere-horizontale-annonce-promotion-Black-Friday-dore-2-1024x512.png\" class=\"attachment-large size-large wp-image-25425\" alt=\"\" srcset=\"https:\/\/www.alliance-francaise.nl\/utrecht\/wp-content\/uploads\/sites\/6\/2025\/11\/Banniere-horizontale-annonce-promotion-Black-Friday-dore-2-1024x512.png 1024w, https:\/\/www.alliance-francaise.nl\/utrecht\/wp-content\/uploads\/sites\/6\/2025\/11\/Banniere-horizontale-annonce-promotion-Black-Friday-dore-2-300x150.png 300w, https:\/\/www.alliance-francaise.nl\/utrecht\/wp-content\/uploads\/sites\/6\/2025\/11\/Banniere-horizontale-annonce-promotion-Black-Friday-dore-2-768x384.png 768w, https:\/\/www.alliance-francaise.nl\/utrecht\/wp-content\/uploads\/sites\/6\/2025\/11\/Banniere-horizontale-annonce-promotion-Black-Friday-dore-2-1536x768.png 1536w, https:\/\/www.alliance-francaise.nl\/utrecht\/wp-content\/uploads\/sites\/6\/2025\/11\/Banniere-horizontale-annonce-promotion-Black-Friday-dore-2-2048x1024.png 2048w, https:\/\/www.alliance-francaise.nl\/utrecht\/wp-content\/uploads\/sites\/6\/2025\/11\/Banniere-horizontale-annonce-promotion-Black-Friday-dore-2-1320x660.png 1320w, https:\/\/www.alliance-francaise.nl\/utrecht\/wp-content\/uploads\/sites\/6\/2025\/11\/Banniere-horizontale-annonce-promotion-Black-Friday-dore-2-600x300.png 600w\" sizes=\"(max-width: 800px) 100vw, 800px\" \/>\t\t\t\t\t\t\t\t\t\t\t\t\t\t\t<\/div>\n\t\t\t\t<\/div>\n\t\t\t\t<div class=\"elementor-element elementor-element-1043521 elementor-widget elementor-widget-text-editor\" data-id=\"1043521\" data-element_type=\"widget\" data-e-type=\"widget\" data-widget_type=\"text-editor.default\">\n\t\t\t\t<div class=\"elementor-widget-container\">\n\t\t\t\t\t\t\t\t\t<p><strong>ANNECY<\/strong><\/p><p><span style=\"font-size: 1rem\">Inscription minimale : 1 semaine (5 jours de cours, arriv\u00e9e le dimanche et d\u00e9part le samedi)<\/span><\/p><p><strong style=\"font-size: 1rem\">Cours de fran\u00e7ais<\/strong><span style=\"font-size: 1rem\"> = 15h par semaine (9h-12h)\u00a0<\/span><\/p><p><strong>Activit\u00e9s culturelles<\/strong> l&#8217;apr\u00e8s-midi (si d\u00e9part en groupes) : d\u00e9gustation de fromages, visite des Halles Bocuse, tour en bateau sur le lac, journ\u00e9e \u00e0 Gen\u00e8ve (Suisse) pour visiter le si\u00e8ge de l&#8217;ONU (United Nations)<\/p><p><span style=\"text-decoration: underline\">Groupe pr\u00e9vu par l&#8217;Alliance Fran\u00e7aise Utrecht<\/span><br \/>&#8211; avril 2027<\/p><p>Logement en famille d&#8217;accueil fran\u00e7aise, dans les environs de l&#8217;AF Annecy.\u00a0<\/p><p><strong>Prix<\/strong> : 15h de cours de fran\u00e7ais = <b>250<\/b><strong>\u20ac<\/strong><br \/><span style=\"font-size: 1rem\">Programme culturel et h\u00e9bergement sur demande et sur devis.\u00a0<\/span><\/p><p><em>L&#8217;Alliance Fran\u00e7aise Utrecht ajoute 50 euros de frais administratif par personne. Les prix n&#8217;incluent pas la r\u00e9servation de train ou d&#8217;avion.<\/em><\/p><p>\u00a0<\/p><p><em><strong>ANNECY<\/strong><\/em><\/p><p><em>Minimale inschrijving: 1 week (5 dagen les, aankomst op zondag en vertrek op zaterdag)<\/em><\/p><p><em><strong>Franse les<\/strong> = 15 uur per week (9-12 uur)<\/em><\/p><p><em><strong>Culturele activiteiten<\/strong> in de namiddag (bij vertrek in groep): kaasproeverij, bezoek aan Les Halles Bocuse, boottocht op het meer, dagtrip naar Gen\u00e8ve (Zwitserland) om het hoofdkwartier van de VN (Verenigde Naties) te bezoeken<\/em><\/p><p><em><span style=\"text-decoration: underline\">Groep gepland door de Alliance Fran\u00e7aise Utrecht<\/span><\/em><br \/><em>&#8211; april 2027<\/em><\/p><p><em>Verblijf bij een Frans gastgezin in de omgeving van de AF Annecy.<\/em><\/p><p><em><span style=\"text-decoration: underline\"><strong>Prijs<\/strong><\/span>: 15 uur Franse les = <strong>\u20ac250<\/strong><\/em><br \/><em>Cultureel programma en accommodatie op aanvraag en op basis van <strong>een offerte.<\/strong><\/em><\/p><p><em>De Alliance Fran\u00e7aise Utrecht rekent \u20ac 50 administratiekosten per persoon. De prijzen zijn exclusief trein- of vliegtickets.<\/em><\/p>\t\t\t\t\t\t\t\t<\/div>\n\t\t\t\t<\/div>\n\t\t\t\t\t<\/div>\n\t\t\t\t<\/div>\n\t\t\t\t<\/div>\n\t\t","protected":false},"excerpt":{"rendered":"<p>Contact : direction.utrecht@afpb.nl Pour demander un devis, poser des questions, cr\u00e9er un programme linguistique et culturel dans une ville en France.\u00a0 Nous sommes partenaires des Alliances Fran\u00e7aises de France et [&hellip;]<\/p>\n","protected":false},"author":105,"featured_media":0,"parent":0,"menu_order":0,"comment_status":"closed","ping_status":"closed","template":"","meta":{"_acf_changed":false,"_monsterinsights_skip_tracking":false,"_monsterinsights_sitenote_active":false,"_monsterinsights_sitenote_note":"","_monsterinsights_sitenote_category":0,"footnotes":""},"class_list":["post-25353","page","type-page","status-publish","hentry"],"acf":[],"_links":{"self":[{"href":"https:\/\/www.alliance-francaise.nl\/utrecht\/wp-json\/wp\/v2\/pages\/25353","targetHints":{"allow":["GET"]}}],"collection":[{"href":"https:\/\/www.alliance-francaise.nl\/utrecht\/wp-json\/wp\/v2\/pages"}],"about":[{"href":"https:\/\/www.alliance-francaise.nl\/utrecht\/wp-json\/wp\/v2\/types\/page"}],"author":[{"embeddable":true,"href":"https:\/\/www.alliance-francaise.nl\/utrecht\/wp-json\/wp\/v2\/users\/105"}],"replies":[{"embeddable":true,"href":"https:\/\/www.alliance-francaise.nl\/utrecht\/wp-json\/wp\/v2\/comments?post=25353"}],"version-history":[{"count":20,"href":"https:\/\/www.alliance-francaise.nl\/utrecht\/wp-json\/wp\/v2\/pages\/25353\/revisions"}],"predecessor-version":[{"id":25574,"href":"https:\/\/www.alliance-francaise.nl\/utrecht\/wp-json\/wp\/v2\/pages\/25353\/revisions\/25574"}],"wp:attachment":[{"href":"https:\/\/www.alliance-francaise.nl\/utrecht\/wp-json\/wp\/v2\/media?parent=25353"}],"curies":[{"name":"wp","href":"https:\/\/api.w.org\/{rel}","templated":true}]}}