{"id":21842,"date":"2025-01-21T16:59:33","date_gmt":"2025-01-21T15:59:33","guid":{"rendered":"https:\/\/www.alliance-francaise.nl\/utrecht\/?page_id=21842"},"modified":"2025-05-22T14:27:14","modified_gmt":"2025-05-22T13:27:14","slug":"elementor-21842","status":"publish","type":"page","link":"https:\/\/www.alliance-francaise.nl\/utrecht\/nl\/elementor-21842\/","title":{"rendered":"Zanglessen"},"content":{"rendered":"\t\t<div data-elementor-type=\"wp-page\" data-elementor-id=\"21842\" class=\"elementor elementor-21842\" data-elementor-post-type=\"page\">\n\t\t\t\t<div class=\"elementor-element elementor-element-063081f e-flex e-con-boxed e-con e-parent\" data-id=\"063081f\" data-element_type=\"container\" data-e-type=\"container\" data-settings=\"{&quot;background_background&quot;:&quot;slideshow&quot;,&quot;background_slideshow_gallery&quot;:[{&quot;id&quot;:&quot;23114&quot;,&quot;url&quot;:&quot;https:\\\/\\\/www.alliance-francaise.nl\\\/utrecht\\\/wp-content\\\/uploads\\\/sites\\\/6\\\/2025\\\/05\\\/kinderen.png&quot;}],&quot;background_slideshow_loop&quot;:&quot;yes&quot;,&quot;background_slideshow_slide_duration&quot;:5000,&quot;background_slideshow_slide_transition&quot;:&quot;fade&quot;,&quot;background_slideshow_transition_duration&quot;:500}\">\n\t\t\t\t\t<div class=\"e-con-inner\">\n\t\t\t\t<div class=\"elementor-element elementor-element-6fa3cf6 elementor-widget elementor-widget-heading\" data-id=\"6fa3cf6\" data-element_type=\"widget\" data-e-type=\"widget\" data-widget_type=\"heading.default\">\n\t\t\t\t<div class=\"elementor-widget-container\">\n\t\t\t\t\t<h1 class=\"elementor-heading-title elementor-size-default\">Zanglessen<\/h1>\t\t\t\t<\/div>\n\t\t\t\t<\/div>\n\t\t\t\t\t<\/div>\n\t\t\t\t<\/div>\n\t\t<div class=\"elementor-element elementor-element-a3c121f e-flex e-con-boxed e-con e-parent\" data-id=\"a3c121f\" data-element_type=\"container\" data-e-type=\"container\">\n\t\t\t\t\t<div class=\"e-con-inner\">\n\t\t\t\t<div class=\"elementor-element elementor-element-f10337f elementor-widget elementor-widget-text-editor\" data-id=\"f10337f\" data-element_type=\"widget\" data-e-type=\"widget\" data-widget_type=\"text-editor.default\">\n\t\t\t\t<div class=\"elementor-widget-container\">\n\t\t\t\t\t\t\t\t\t<h4>Algemene Informatie\u00a0<\/h4>\t\t\t\t\t\t\t\t<\/div>\n\t\t\t\t<\/div>\n\t\t\t\t\t<\/div>\n\t\t\t\t<\/div>\n\t\t<div class=\"elementor-element elementor-element-c2661a3 e-flex e-con-boxed e-con e-parent\" data-id=\"c2661a3\" data-element_type=\"container\" data-e-type=\"container\">\n\t\t\t\t\t<div class=\"e-con-inner\">\n\t\t<div class=\"elementor-element elementor-element-1f23e9e e-con-full e-flex e-con e-child\" data-id=\"1f23e9e\" data-element_type=\"container\" data-e-type=\"container\">\n\t\t\t\t<div class=\"elementor-element elementor-element-cf1861e elementor-widget__width-initial elementor-widget elementor-widget-image\" data-id=\"cf1861e\" data-element_type=\"widget\" data-e-type=\"widget\" data-widget_type=\"image.default\">\n\t\t\t\t<div class=\"elementor-widget-container\">\n\t\t\t\t\t\t\t\t\t\t\t\t\t\t\t<img fetchpriority=\"high\" decoding=\"async\" width=\"865\" height=\"1536\" src=\"https:\/\/www.alliance-francaise.nl\/utrecht\/wp-content\/uploads\/sites\/6\/2025\/05\/Heloise-865x1536.jpg\" class=\"attachment-1536x1536 size-1536x1536 wp-image-23265\" alt=\"\" srcset=\"https:\/\/www.alliance-francaise.nl\/utrecht\/wp-content\/uploads\/sites\/6\/2025\/05\/Heloise-865x1536.jpg 865w, https:\/\/www.alliance-francaise.nl\/utrecht\/wp-content\/uploads\/sites\/6\/2025\/05\/Heloise-169x300.jpg 169w, https:\/\/www.alliance-francaise.nl\/utrecht\/wp-content\/uploads\/sites\/6\/2025\/05\/Heloise-577x1024.jpg 577w, https:\/\/www.alliance-francaise.nl\/utrecht\/wp-content\/uploads\/sites\/6\/2025\/05\/Heloise-768x1364.jpg 768w, https:\/\/www.alliance-francaise.nl\/utrecht\/wp-content\/uploads\/sites\/6\/2025\/05\/Heloise-600x1066.jpg 600w, https:\/\/www.alliance-francaise.nl\/utrecht\/wp-content\/uploads\/sites\/6\/2025\/05\/Heloise.jpg 1126w\" sizes=\"(max-width: 865px) 100vw, 865px\" \/>\t\t\t\t\t\t\t\t\t\t\t\t\t\t\t<\/div>\n\t\t\t\t<\/div>\n\t\t\t\t<\/div>\n\t\t<div class=\"elementor-element elementor-element-1324f19 e-con-full e-flex e-con e-child\" data-id=\"1324f19\" data-element_type=\"container\" data-e-type=\"container\">\n\t\t\t\t<div class=\"elementor-element elementor-element-ded85e2 elementor-widget elementor-widget-text-editor\" data-id=\"ded85e2\" data-element_type=\"widget\" data-e-type=\"widget\" data-widget_type=\"text-editor.default\">\n\t\t\t\t<div class=\"elementor-widget-container\">\n\t\t\t\t\t\t\t\t\t<div><p>De lessen worden gegeven in het Frans door <strong>H\u00e9lo\u00efse Godefroi<\/strong>, een docente met een masterdiploma zang.<\/p><p>H\u00e9lo\u00efse biedt priv\u00e9-zanglessen (of lessen voor twee als je de cursus samen met een vriend(in) wilt volgen) en past zich aan je behoeften aan: verschillende niveaus Frans, muziektheorie, partituren lezen, muziektheorie leren, enz.<\/p><p>Neem contact op met <span style=\"text-decoration: underline\"><strong><span style=\"color: #000000\"><a style=\"color: #000000;text-decoration: underline\" href=\"cursus.utrecht@afpb.nl\">cursus.utrecht@afpb.nl<\/a><\/span><\/strong><\/span> voor een offerte.<\/p><p><em>Lessen zijn mogelijk op maandag, donderdag of vrijdag.<\/em><\/p><p style=\"margin-bottom: 0.0001pt\"><u>Tarieven:<\/u><\/p><ul><li style=\"font-size: 16px;text-align: left\">52 \u20ac \/ uur \/ persoon<\/li><li style=\"font-size: 16px;text-align: left\">65 \u20ac voor 2<\/li><li style=\"text-align: left\">De reiskosten van de docent (indien van toepassing) \u00e0 23 ct\/km zijn voor rekening van de opdrachtgever.<\/li><\/ul><\/div>\t\t\t\t\t\t\t\t<\/div>\n\t\t\t\t<\/div>\n\t\t\t\t<\/div>\n\t\t\t\t\t<\/div>\n\t\t\t\t<\/div>\n\t\t<div class=\"elementor-element elementor-element-b6db492 e-flex e-con-boxed e-con e-parent\" data-id=\"b6db492\" data-element_type=\"container\" data-e-type=\"container\" data-settings=\"{&quot;background_background&quot;:&quot;classic&quot;}\">\n\t\t\t\t\t<div class=\"e-con-inner\">\n\t\t<div class=\"elementor-element elementor-element-326e0a0 e-con-full e-flex e-con e-child\" data-id=\"326e0a0\" data-element_type=\"container\" data-e-type=\"container\">\n\t\t\t\t<div class=\"elementor-element elementor-element-0027eed elementor-widget elementor-widget-text-editor\" data-id=\"0027eed\" data-element_type=\"widget\" data-e-type=\"widget\" data-widget_type=\"text-editor.default\">\n\t\t\t\t<div class=\"elementor-widget-container\">\n\t\t\t\t\t\t\t\t\t<p>H\u00e9lo\u00efse begon haar muzikale opleiding met een cellostudie. In 2016 begon ze met zingen bij Elsa L\u00e9vy, waarna ze in 2022 haar DEM behaalde aan het CRR in Rueil-Malmaison in de klas van Mary Saint-Palais.<\/p>\n<p>Datzelfde jaar verhuisde ze naar Nederland om een masteropleiding operazang te volgen aan het Conservatoire Sup\u00e9rieur d&#8217;Utrecht in de klas van Selma Harkink.<\/p>\n<p>Nu ze afgestudeerd is, werkt H\u00e9lo\u00efse als academicus bij het Groot Omroepkoor en treedt ze regelmatig op als solist (Sublime Baroque, Bach Cantata Utrecht, Collegium Altena, etc.). Ze nam deel aan masterclasses bij Marc Mauillon, Fran\u00e7ois Leroux, Margreet Honig, Ira Siff en Lawrence Zazzo.<\/p>\n<p>H\u00e9lo\u00efse is ook barokcelliste, trad op tijdens het Oude Muziek Festival Utrecht Fringe in 2024 en geeft nu les op het Lindenberg CultuurHuis in Nijmegen.<\/p>\n<p>H\u00e9lo\u00efse studeerde ook aan de universiteit in Frankrijk. Ze studeerde muziekwetenschappen aan de Paris-Sorbonne en filosofie aan het Institut Catholique de Paris, en behaalde vervolgens een master in Musicology and Social Sciences aan de \u00c9cole des Hautes \u00c9tudes en Sciences Sociales (EHESS) in Parijs.&nbsp;<\/p>\t\t\t\t\t\t\t\t<\/div>\n\t\t\t\t<\/div>\n\t\t\t\t<\/div>\n\t\t\t\t\t<\/div>\n\t\t\t\t<\/div>\n\t\t<div class=\"elementor-element elementor-element-7cb1b30 e-flex e-con-boxed e-con e-parent\" data-id=\"7cb1b30\" data-element_type=\"container\" data-e-type=\"container\">\n\t\t\t\t\t<div class=\"e-con-inner\">\n\t\t\t\t<div class=\"elementor-element elementor-element-0ae1d59 elementor-widget-divider--view-line_icon elementor-widget-divider--separator-type-pattern elementor-view-default elementor-widget-divider--element-align-center elementor-widget elementor-widget-divider\" data-id=\"0ae1d59\" data-element_type=\"widget\" data-e-type=\"widget\" data-widget_type=\"divider.default\">\n\t\t\t\t<div class=\"elementor-widget-container\">\n\t\t\t\t\t\t\t<div class=\"elementor-divider\" style=\"--divider-pattern-url: url(&quot;data:image\/svg+xml,%3Csvg xmlns=&#039;http:\/\/www.w3.org\/2000\/svg&#039; preserveAspectRatio=&#039;none&#039; overflow=&#039;visible&#039; height=&#039;100%&#039; viewBox=&#039;0 0 24 24&#039; fill=&#039;none&#039; stroke=&#039;black&#039; stroke-width=&#039;1&#039; stroke-linecap=&#039;square&#039; stroke-miterlimit=&#039;10&#039;%3E%3Cpath d=&#039;M0,6c6,0,0.9,11.1,6.9,11.1S18,6,24,6&#039;\/%3E%3C\/svg%3E&quot;);\">\n\t\t\t<span class=\"elementor-divider-separator\">\n\t\t\t\t\t\t\t<div class=\"elementor-icon elementor-divider__element\">\n\t\t\t\t\t<i aria-hidden=\"true\" class=\"fas fa-microphone-alt\"><\/i><\/div>\n\t\t\t\t\t\t<\/span>\n\t\t<\/div>\n\t\t\t\t\t\t<\/div>\n\t\t\t\t<\/div>\n\t\t\t\t\t<\/div>\n\t\t\t\t<\/div>\n\t\t\t\t<\/div>\n\t\t","protected":false},"excerpt":{"rendered":"<p>Zanglessen Algemene Informatie\u00a0 De lessen worden gegeven in het Frans door H\u00e9lo\u00efse Godefroi, een docente met een masterdiploma zang. H\u00e9lo\u00efse biedt priv\u00e9-zanglessen (of lessen voor twee als je de cursus [&hellip;]<\/p>\n","protected":false},"author":105,"featured_media":0,"parent":0,"menu_order":0,"comment_status":"closed","ping_status":"closed","template":"","meta":{"_acf_changed":false,"_monsterinsights_skip_tracking":false,"_monsterinsights_sitenote_active":false,"_monsterinsights_sitenote_note":"","_monsterinsights_sitenote_category":0,"footnotes":""},"class_list":["post-21842","page","type-page","status-publish","hentry"],"acf":[],"_links":{"self":[{"href":"https:\/\/www.alliance-francaise.nl\/utrecht\/wp-json\/wp\/v2\/pages\/21842","targetHints":{"allow":["GET"]}}],"collection":[{"href":"https:\/\/www.alliance-francaise.nl\/utrecht\/wp-json\/wp\/v2\/pages"}],"about":[{"href":"https:\/\/www.alliance-francaise.nl\/utrecht\/wp-json\/wp\/v2\/types\/page"}],"author":[{"embeddable":true,"href":"https:\/\/www.alliance-francaise.nl\/utrecht\/wp-json\/wp\/v2\/users\/105"}],"replies":[{"embeddable":true,"href":"https:\/\/www.alliance-francaise.nl\/utrecht\/wp-json\/wp\/v2\/comments?post=21842"}],"version-history":[{"count":20,"href":"https:\/\/www.alliance-francaise.nl\/utrecht\/wp-json\/wp\/v2\/pages\/21842\/revisions"}],"predecessor-version":[{"id":23684,"href":"https:\/\/www.alliance-francaise.nl\/utrecht\/wp-json\/wp\/v2\/pages\/21842\/revisions\/23684"}],"wp:attachment":[{"href":"https:\/\/www.alliance-francaise.nl\/utrecht\/wp-json\/wp\/v2\/media?parent=21842"}],"curies":[{"name":"wp","href":"https:\/\/api.w.org\/{rel}","templated":true}]}}

<div data-elementor-type="wp-page" data-elementor-id="21842" class="elementor elementor-21842" data-elementor-post-type="page">
				<div class="elementor-element elementor-element-063081f e-flex e-con-boxed e-con e-parent" data-id="063081f" data-element_type="container" data-e-type="container" data-settings="{&quot;background_background&quot;:&quot;slideshow&quot;,&quot;background_slideshow_gallery&quot;:[{&quot;id&quot;:&quot;23114&quot;,&quot;url&quot;:&quot;https:\/\/www.alliance-francaise.nl\/utrecht\/wp-content\/uploads\/sites\/6\/2025\/05\/kinderen.png&quot;}],&quot;background_slideshow_loop&quot;:&quot;yes&quot;,&quot;background_slideshow_slide_duration&quot;:5000,&quot;background_slideshow_slide_transition&quot;:&quot;fade&quot;,&quot;background_slideshow_transition_duration&quot;:500}">
					<div class="e-con-inner">
				<div class="elementor-element elementor-element-6fa3cf6 elementor-widget elementor-widget-heading" data-id="6fa3cf6" data-element_type="widget" data-e-type="widget" data-widget_type="heading.default">
				<div class="elementor-widget-container">
					<h1 class="elementor-heading-title elementor-size-default">Zanglessen</h1>				</div>
				</div>
					</div>
				</div>
		<div class="elementor-element elementor-element-a3c121f e-flex e-con-boxed e-con e-parent" data-id="a3c121f" data-element_type="container" data-e-type="container">
					<div class="e-con-inner">
				<div class="elementor-element elementor-element-f10337f elementor-widget elementor-widget-text-editor" data-id="f10337f" data-element_type="widget" data-e-type="widget" data-widget_type="text-editor.default">
				<div class="elementor-widget-container">
									<h4>Algemene Informatie </h4>								</div>
				</div>
					</div>
				</div>
		<div class="elementor-element elementor-element-c2661a3 e-flex e-con-boxed e-con e-parent" data-id="c2661a3" data-element_type="container" data-e-type="container">
					<div class="e-con-inner">
		<div class="elementor-element elementor-element-1f23e9e e-con-full e-flex e-con e-child" data-id="1f23e9e" data-element_type="container" data-e-type="container">
				<div class="elementor-element elementor-element-cf1861e elementor-widget__width-initial elementor-widget elementor-widget-image" data-id="cf1861e" data-element_type="widget" data-e-type="widget" data-widget_type="image.default">
				<div class="elementor-widget-container">
															<img fetchpriority="high" decoding="async" width="865" height="1536" src="https://www.alliance-francaise.nl/utrecht/wp-content/uploads/sites/6/2025/05/Heloise-865x1536.jpg" class="attachment-1536x1536 size-1536x1536 wp-image-23265" alt="" srcset="https://www.alliance-francaise.nl/utrecht/wp-content/uploads/sites/6/2025/05/Heloise-865x1536.jpg 865w, https://www.alliance-francaise.nl/utrecht/wp-content/uploads/sites/6/2025/05/Heloise-169x300.jpg 169w, https://www.alliance-francaise.nl/utrecht/wp-content/uploads/sites/6/2025/05/Heloise-577x1024.jpg 577w, https://www.alliance-francaise.nl/utrecht/wp-content/uploads/sites/6/2025/05/Heloise-768x1364.jpg 768w, https://www.alliance-francaise.nl/utrecht/wp-content/uploads/sites/6/2025/05/Heloise-600x1066.jpg 600w, https://www.alliance-francaise.nl/utrecht/wp-content/uploads/sites/6/2025/05/Heloise.jpg 1126w" sizes="(max-width: 865px) 100vw, 865px" />															</div>
				</div>
				</div>
		<div class="elementor-element elementor-element-1324f19 e-con-full e-flex e-con e-child" data-id="1324f19" data-element_type="container" data-e-type="container">
				<div class="elementor-element elementor-element-ded85e2 elementor-widget elementor-widget-text-editor" data-id="ded85e2" data-element_type="widget" data-e-type="widget" data-widget_type="text-editor.default">
				<div class="elementor-widget-container">
									<div><p>De lessen worden gegeven in het Frans door <strong>Héloïse Godefroi</strong>, een docente met een masterdiploma zang.</p><p>Héloïse biedt privé-zanglessen (of lessen voor twee als je de cursus samen met een vriend(in) wilt volgen) en past zich aan je behoeften aan: verschillende niveaus Frans, muziektheorie, partituren lezen, muziektheorie leren, enz.</p><p>Neem contact op met <span style="text-decoration: underline"><strong><span style="color: #000000"><a style="color: #000000;text-decoration: underline" href="cursus.utrecht@afpb.nl">cursus.utrecht@afpb.nl</a></span></strong></span> voor een offerte.</p><p><em>Lessen zijn mogelijk op maandag, donderdag of vrijdag.</em></p><p style="margin-bottom: 0.0001pt"><u>Tarieven:</u></p><ul><li style="font-size: 16px;text-align: left">52 € / uur / persoon</li><li style="font-size: 16px;text-align: left">65 € voor 2</li><li style="text-align: left">De reiskosten van de docent (indien van toepassing) à 23 ct/km zijn voor rekening van de opdrachtgever.</li></ul></div>								</div>
				</div>
				</div>
					</div>
				</div>
		<div class="elementor-element elementor-element-b6db492 e-flex e-con-boxed e-con e-parent" data-id="b6db492" data-element_type="container" data-e-type="container" data-settings="{&quot;background_background&quot;:&quot;classic&quot;}">
					<div class="e-con-inner">
		<div class="elementor-element elementor-element-326e0a0 e-con-full e-flex e-con e-child" data-id="326e0a0" data-element_type="container" data-e-type="container">
				<div class="elementor-element elementor-element-0027eed elementor-widget elementor-widget-text-editor" data-id="0027eed" data-element_type="widget" data-e-type="widget" data-widget_type="text-editor.default">
				<div class="elementor-widget-container">
									<p>Héloïse begon haar muzikale opleiding met een cellostudie. In 2016 begon ze met zingen bij Elsa Lévy, waarna ze in 2022 haar DEM behaalde aan het CRR in Rueil-Malmaison in de klas van Mary Saint-Palais.</p>
<p>Datzelfde jaar verhuisde ze naar Nederland om een masteropleiding operazang te volgen aan het Conservatoire Supérieur d&#8217;Utrecht in de klas van Selma Harkink.</p>
<p>Nu ze afgestudeerd is, werkt Héloïse als academicus bij het Groot Omroepkoor en treedt ze regelmatig op als solist (Sublime Baroque, Bach Cantata Utrecht, Collegium Altena, etc.). Ze nam deel aan masterclasses bij Marc Mauillon, François Leroux, Margreet Honig, Ira Siff en Lawrence Zazzo.</p>
<p>Héloïse is ook barokcelliste, trad op tijdens het Oude Muziek Festival Utrecht Fringe in 2024 en geeft nu les op het Lindenberg CultuurHuis in Nijmegen.</p>
<p>Héloïse studeerde ook aan de universiteit in Frankrijk. Ze studeerde muziekwetenschappen aan de Paris-Sorbonne en filosofie aan het Institut Catholique de Paris, en behaalde vervolgens een master in Musicology and Social Sciences aan de École des Hautes Études en Sciences Sociales (EHESS) in Parijs.&nbsp;</p>								</div>
				</div>
				</div>
					</div>
				</div>
		<div class="elementor-element elementor-element-7cb1b30 e-flex e-con-boxed e-con e-parent" data-id="7cb1b30" data-element_type="container" data-e-type="container">
					<div class="e-con-inner">
				<div class="elementor-element elementor-element-0ae1d59 elementor-widget-divider--view-line_icon elementor-widget-divider--separator-type-pattern elementor-view-default elementor-widget-divider--element-align-center elementor-widget elementor-widget-divider" data-id="0ae1d59" data-element_type="widget" data-e-type="widget" data-widget_type="divider.default">
				<div class="elementor-widget-container">
							<div class="elementor-divider" style="--divider-pattern-url: url(&quot;data:image/svg+xml,%3Csvg xmlns=&#039;http://www.w3.org/2000/svg&#039; preserveAspectRatio=&#039;none&#039; overflow=&#039;visible&#039; height=&#039;100%&#039; viewBox=&#039;0 0 24 24&#039; fill=&#039;none&#039; stroke=&#039;black&#039; stroke-width=&#039;1&#039; stroke-linecap=&#039;square&#039; stroke-miterlimit=&#039;10&#039;%3E%3Cpath d=&#039;M0,6c6,0,0.9,11.1,6.9,11.1S18,6,24,6&#039;/%3E%3C/svg%3E&quot;);">
			<span class="elementor-divider-separator">
							<div class="elementor-icon elementor-divider__element">
					<i aria-hidden="true" class="fas fa-microphone-alt"></i></div>
						</span>
		</div>
						</div>
				</div>
					</div>
				</div>
				</div>

<p>Zanglessen Algemene Informatie  De lessen worden gegeven in het Frans door Héloïse Godefroi, een docente met een masterdiploma zang. Héloïse biedt privé-zanglessen (of lessen voor twee als je de cursus [&hellip;]</p>
