{"id":16021,"date":"2025-06-22T13:05:44","date_gmt":"2025-06-22T11:05:44","guid":{"rendered":"https:\/\/www.alliance-francaise.nl\/stedendriehoek\/?post_type=tribe_events&#038;p=16021"},"modified":"2025-07-27T15:03:20","modified_gmt":"2025-07-27T13:03:20","slug":"start-taal-en-themacursussen","status":"publish","type":"tribe_events","link":"https:\/\/www.alliance-francaise.nl\/stedendriehoek\/activiteit\/start-taal-en-themacursussen\/","title":{"rendered":"Start taal- en themacursussen"},"content":{"rendered":"<p>Vanaf vandaag, 6 oktober 2025, start het nieuwe seizoen voor de taal- en themacursussen in Apeldoorn, Deventer \u00e9n Zutphen. <a href=\"https:\/\/www.alliance-francaise.nl\/stedendriehoek\/cursusrooster\/\" target=\"_blank\" rel=\"noopener\"><strong>Neem hier een kijkje in het aanbod<\/strong><\/a>.<\/p>\n<p>&nbsp;<\/p>\n<p>\u00c0 partir d&#8217;aujourd&#8217;hui, 6 octobre 2025, la nouvelle saison des cours de langue et cours th\u00e9matique commence \u00e0 Apeldoorn, Deventer et Zutphen. <strong><a href=\"https:\/\/www.alliance-francaise.nl\/stedendriehoek\/fr\/informations-des-cours\/\" target=\"_blank\" rel=\"noopener\">D\u00e9couvrez l\u2019offre ici<\/a><\/strong>.<\/p>\n","protected":false},"excerpt":{"rendered":"<p>Vanaf vandaag, 6 oktober 2025, start het nieuwe seizoen voor de taal- en themacursussen in Apeldoorn, Deventer \u00e9n Zutphen. Neem hier een kijkje in het aanbod. &nbsp; \u00c0 partir d&#8217;aujourd&#8217;hui, [&hellip;]<\/p>\n","protected":false},"author":107,"featured_media":3307,"template":"","meta":{"_tribe_events_status":"","_tribe_events_status_reason":"","footnotes":""},"tags":[],"tribe_events_cat":[27],"class_list":["post-16021","tribe_events","type-tribe_events","status-publish","has-post-thumbnail","hentry","tribe_events_cat-cursus","cat_cursus"],"_links":{"self":[{"href":"https:\/\/www.alliance-francaise.nl\/stedendriehoek\/wp-json\/wp\/v2\/tribe_events\/16021","targetHints":{"allow":["GET"]}}],"collection":[{"href":"https:\/\/www.alliance-francaise.nl\/stedendriehoek\/wp-json\/wp\/v2\/tribe_events"}],"about":[{"href":"https:\/\/www.alliance-francaise.nl\/stedendriehoek\/wp-json\/wp\/v2\/types\/tribe_events"}],"author":[{"embeddable":true,"href":"https:\/\/www.alliance-francaise.nl\/stedendriehoek\/wp-json\/wp\/v2\/users\/107"}],"version-history":[{"count":2,"href":"https:\/\/www.alliance-francaise.nl\/stedendriehoek\/wp-json\/wp\/v2\/tribe_events\/16021\/revisions"}],"predecessor-version":[{"id":16023,"href":"https:\/\/www.alliance-francaise.nl\/stedendriehoek\/wp-json\/wp\/v2\/tribe_events\/16021\/revisions\/16023"}],"wp:featuredmedia":[{"embeddable":true,"href":"https:\/\/www.alliance-francaise.nl\/stedendriehoek\/wp-json\/wp\/v2\/media\/3307"}],"wp:attachment":[{"href":"https:\/\/www.alliance-francaise.nl\/stedendriehoek\/wp-json\/wp\/v2\/media?parent=16021"}],"wp:term":[{"taxonomy":"post_tag","embeddable":true,"href":"https:\/\/www.alliance-francaise.nl\/stedendriehoek\/wp-json\/wp\/v2\/tags?post=16021"},{"taxonomy":"tribe_events_cat","embeddable":true,"href":"https:\/\/www.alliance-francaise.nl\/stedendriehoek\/wp-json\/wp\/v2\/tribe_events_cat?post=16021"}],"curies":[{"name":"wp","href":"https:\/\/api.w.org\/{rel}","templated":true}]}}

<p>Vanaf vandaag, 6 oktober 2025, start het nieuwe seizoen voor de taal- en themacursussen in Apeldoorn, Deventer én Zutphen. <a href="https://www.alliance-francaise.nl/stedendriehoek/cursusrooster/" target="_blank" rel="noopener"><strong>Neem hier een kijkje in het aanbod</strong></a>.</p>
<p>&nbsp;</p>
<p>À partir d&#8217;aujourd&#8217;hui, 6 octobre 2025, la nouvelle saison des cours de langue et cours thématique commence à Apeldoorn, Deventer et Zutphen. <strong><a href="https://www.alliance-francaise.nl/stedendriehoek/fr/informations-des-cours/" target="_blank" rel="noopener">Découvrez l’offre ici</a></strong>.</p>

<p>Vanaf vandaag, 6 oktober 2025, start het nieuwe seizoen voor de taal- en themacursussen in Apeldoorn, Deventer én Zutphen. Neem hier een kijkje in het aanbod. &nbsp; À partir d&#8217;aujourd&#8217;hui, [&hellip;]</p>
