{"id":11644,"date":"2024-04-22T09:17:29","date_gmt":"2024-04-22T07:17:29","guid":{"rendered":"https:\/\/www.alliance-francaise.nl\/stedendriehoek\/?post_type=tribe_events&#038;p=11644"},"modified":"2026-03-29T15:20:42","modified_gmt":"2026-03-29T13:20:42","slug":"cafe-francais-in-apeldoorn-8","status":"publish","type":"tribe_events","link":"https:\/\/www.alliance-francaise.nl\/stedendriehoek\/activiteit\/cafe-francais-in-apeldoorn-8\/","title":{"rendered":"Caf\u00e9 fran\u00e7ais Apeldoorn"},"content":{"rendered":"<div class=\"elementor-widget-wrap elementor-element-populated\">\n<div class=\"elementor-element elementor-element-2a0de0aa elementor-widget elementor-widget-text-editor\" data-id=\"2a0de0aa\" data-element_type=\"widget\" data-widget_type=\"text-editor.default\">\n<div class=\"elementor-widget-container\">\n<div class=\"elementor-widget-wrap elementor-element-populated\">\n<div class=\"elementor-element elementor-element-2a0de0aa elementor-widget elementor-widget-text-editor\" data-id=\"2a0de0aa\" data-element_type=\"widget\" data-widget_type=\"text-editor.default\">\n<div class=\"elementor-widget-container\">\n<div class=\"elementor-widget-wrap elementor-element-populated\">\n<div class=\"elementor-element elementor-element-2a0de0aa elementor-widget elementor-widget-text-editor\" data-id=\"2a0de0aa\" data-element_type=\"widget\" data-widget_type=\"text-editor.default\">\n<div class=\"elementor-widget-container\">\n<p>Spreek je graag Frans? Beginner of gevorderd, Franstalig of francofiel, lid\/student van Alliance Fran\u00e7aise Stedendriehoek of niet, welkom in ons caf\u00e9 fran\u00e7ais! Een goede gelegenheid om jezelf onder te dompelen in een Franse sfeer en een moment van gezelligheid te delen. Wij bieden deze activiteit aan om met elkaar in gesprek te komen. De voertaal is Frans. Open voor iedereen en gratis toegankelijk. Consumpties zijn voor eigen rekening.<\/p>\n<p>Tot binnenkort?<\/p>\n<p><span style=\"color: #da002e\"><strong>NB: de datum voor dit Caf\u00e9 Fran\u00e7ais is gewijzigd i.v.m. beschikbaarheid Caf\u00e9 Nova.<\/strong><\/span><\/p>\n<\/div>\n<\/div>\n<\/div>\n<div class=\"elementor-element elementor-element-eecddc3 e-flex e-con-boxed e-con e-parent\" data-id=\"eecddc3\" data-element_type=\"container\" data-core-v316-plus=\"true\">\n<div class=\"e-con-inner\">\n<div class=\"elementor-element elementor-element-b868825 e-con-full e-flex e-con e-child\" data-id=\"b868825\" data-element_type=\"container\">\n<div class=\"elementor-element elementor-element-13bc4c8 elementor-widget elementor-widget-text-editor\" data-id=\"13bc4c8\" data-element_type=\"widget\" data-widget_type=\"text-editor.default\">\n<div class=\"elementor-widget-container\">\n<p>&nbsp;<\/p>\n<p>Vous aimez parler le fran\u00e7ais ? \u00a0D\u00e9butant ou avanc\u00e9, francophone ou francophile, membre\/ \u00e9tudiant de l\u2019AF Stedendriehoek ou non,\u00a0 vous \u00eates les bienvenus \u00e0 notre Caf\u00e9 fran\u00e7ais! Une bonne occasion de se plonger dans une ambiance fran\u00e7aise et de partager un moment de convivialit\u00e9. Nous vous proposons une petite activit\u00e9 ludique pour favoriser la conversation!\u00a0Ouvert \u00e0 tous et entr\u00e9e libre. La participation est gratuite, les consommations \u00e0 votre compte.<\/p>\n<p>\u00c0 bient\u00f4t?<\/p>\n<p id=\"tw-target-text\" class=\"tw-data-text tw-text-large tw-ta\" dir=\"ltr\" role=\"text\" data-placeholder=\"Vertaling\" data-ved=\"2ahUKEwjJkff0pbWTAxX53gIHHcLRKpEQ3ewLegQIDBAW\" aria-label=\"Vertaalde tekst: N.B. : la date de cette s\u00e9ance de Caf\u00e9 Fran\u00e7ais a \u00e9t\u00e9 modifi\u00e9e en raison de la disponibilit\u00e9 au Caf\u00e9 Nova.\"><span style=\"color: #da002e\"><strong><span class=\"Y2IQFc\" lang=\"fr\">N.B. : la date de ce Caf\u00e9 Fran\u00e7ais a \u00e9t\u00e9 modifi\u00e9e en raison de la disponibilit\u00e9 au Caf\u00e9 Nova.<\/span><\/strong><\/span><\/p>\n<\/div>\n<\/div>\n<\/div>\n<\/div>\n<\/div>\n<\/div>\n<\/div>\n<\/div>\n<\/div>\n<\/div>\n<\/div>\n","protected":false},"excerpt":{"rendered":"<p>Spreek je graag Frans? Beginner of gevorderd, Franstalig of francofiel, lid\/student van Alliance Fran\u00e7aise Stedendriehoek of niet, welkom in ons caf\u00e9 fran\u00e7ais! Een goede gelegenheid om jezelf onder te dompelen [&hellip;]<\/p>\n","protected":false},"author":107,"featured_media":17295,"template":"","meta":{"_tribe_events_status":"","_tribe_events_status_reason":"","footnotes":""},"tags":[],"tribe_events_cat":[109],"class_list":["post-11644","tribe_events","type-tribe_events","status-publish","has-post-thumbnail","hentry","tribe_events_cat-cafe-francais","cat_cafe-francais"],"_links":{"self":[{"href":"https:\/\/www.alliance-francaise.nl\/stedendriehoek\/wp-json\/wp\/v2\/tribe_events\/11644","targetHints":{"allow":["GET"]}}],"collection":[{"href":"https:\/\/www.alliance-francaise.nl\/stedendriehoek\/wp-json\/wp\/v2\/tribe_events"}],"about":[{"href":"https:\/\/www.alliance-francaise.nl\/stedendriehoek\/wp-json\/wp\/v2\/types\/tribe_events"}],"author":[{"embeddable":true,"href":"https:\/\/www.alliance-francaise.nl\/stedendriehoek\/wp-json\/wp\/v2\/users\/107"}],"version-history":[{"count":15,"href":"https:\/\/www.alliance-francaise.nl\/stedendriehoek\/wp-json\/wp\/v2\/tribe_events\/11644\/revisions"}],"predecessor-version":[{"id":17292,"href":"https:\/\/www.alliance-francaise.nl\/stedendriehoek\/wp-json\/wp\/v2\/tribe_events\/11644\/revisions\/17292"}],"wp:featuredmedia":[{"embeddable":true,"href":"https:\/\/www.alliance-francaise.nl\/stedendriehoek\/wp-json\/wp\/v2\/media\/17295"}],"wp:attachment":[{"href":"https:\/\/www.alliance-francaise.nl\/stedendriehoek\/wp-json\/wp\/v2\/media?parent=11644"}],"wp:term":[{"taxonomy":"post_tag","embeddable":true,"href":"https:\/\/www.alliance-francaise.nl\/stedendriehoek\/wp-json\/wp\/v2\/tags?post=11644"},{"taxonomy":"tribe_events_cat","embeddable":true,"href":"https:\/\/www.alliance-francaise.nl\/stedendriehoek\/wp-json\/wp\/v2\/tribe_events_cat?post=11644"}],"curies":[{"name":"wp","href":"https:\/\/api.w.org\/{rel}","templated":true}]}}

Café français Apeldoorn

<div class="elementor-widget-wrap elementor-element-populated">
<div class="elementor-element elementor-element-2a0de0aa elementor-widget elementor-widget-text-editor" data-id="2a0de0aa" data-element_type="widget" data-widget_type="text-editor.default">
<div class="elementor-widget-container">
<div class="elementor-widget-wrap elementor-element-populated">
<div class="elementor-element elementor-element-2a0de0aa elementor-widget elementor-widget-text-editor" data-id="2a0de0aa" data-element_type="widget" data-widget_type="text-editor.default">
<div class="elementor-widget-container">
<div class="elementor-widget-wrap elementor-element-populated">
<div class="elementor-element elementor-element-2a0de0aa elementor-widget elementor-widget-text-editor" data-id="2a0de0aa" data-element_type="widget" data-widget_type="text-editor.default">
<div class="elementor-widget-container">
<p>Spreek je graag Frans? Beginner of gevorderd, Franstalig of francofiel, lid/student van Alliance Française Stedendriehoek of niet, welkom in ons café français! Een goede gelegenheid om jezelf onder te dompelen in een Franse sfeer en een moment van gezelligheid te delen. Wij bieden deze activiteit aan om met elkaar in gesprek te komen. De voertaal is Frans. Open voor iedereen en gratis toegankelijk. Consumpties zijn voor eigen rekening.</p>
<p>Tot binnenkort?</p>
<p><span style="color: #da002e"><strong>NB: de datum voor dit Café Français is gewijzigd i.v.m. beschikbaarheid Café Nova.</strong></span></p>
</div>
</div>
</div>
<div class="elementor-element elementor-element-eecddc3 e-flex e-con-boxed e-con e-parent" data-id="eecddc3" data-element_type="container" data-core-v316-plus="true">
<div class="e-con-inner">
<div class="elementor-element elementor-element-b868825 e-con-full e-flex e-con e-child" data-id="b868825" data-element_type="container">
<div class="elementor-element elementor-element-13bc4c8 elementor-widget elementor-widget-text-editor" data-id="13bc4c8" data-element_type="widget" data-widget_type="text-editor.default">
<div class="elementor-widget-container">
<p>&nbsp;</p>
<p>Vous aimez parler le français ?  Débutant ou avancé, francophone ou francophile, membre/ étudiant de l’AF Stedendriehoek ou non,  vous êtes les bienvenus à notre Café français! Une bonne occasion de se plonger dans une ambiance française et de partager un moment de convivialité. Nous vous proposons une petite activité ludique pour favoriser la conversation! Ouvert à tous et entrée libre. La participation est gratuite, les consommations à votre compte.</p>
<p>À bientôt?</p>
<p id="tw-target-text" class="tw-data-text tw-text-large tw-ta" dir="ltr" role="text" data-placeholder="Vertaling" data-ved="2ahUKEwjJkff0pbWTAxX53gIHHcLRKpEQ3ewLegQIDBAW" aria-label="Vertaalde tekst: N.B. : la date de cette séance de Café Français a été modifiée en raison de la disponibilité au Café Nova."><span style="color: #da002e"><strong><span class="Y2IQFc" lang="fr">N.B. : la date de ce Café Français a été modifiée en raison de la disponibilité au Café Nova.</span></strong></span></p>
</div>
</div>
</div>
</div>
</div>
</div>
</div>
</div>
</div>
</div>
</div>

<p>Spreek je graag Frans? Beginner of gevorderd, Franstalig of francofiel, lid/student van Alliance Française Stedendriehoek of niet, welkom in ons café français! Een goede gelegenheid om jezelf onder te dompelen [&hellip;]</p>
