{"id":9854,"date":"2023-11-06T09:33:43","date_gmt":"2023-11-06T08:33:43","guid":{"rendered":"https:\/\/www.alliance-francaise.nl\/stedendriehoek\/?page_id=9854"},"modified":"2024-04-29T17:02:49","modified_gmt":"2024-04-29T15:02:49","slug":"mot-de-la-presidente-2","status":"publish","type":"page","link":"https:\/\/www.alliance-francaise.nl\/stedendriehoek\/fr\/mot-de-la-presidente-2\/","title":{"rendered":"Mot de la pr\u00e9sidente"},"content":{"rendered":"\t\t<div data-elementor-type=\"wp-page\" data-elementor-id=\"9854\" class=\"elementor elementor-9854\" data-elementor-post-type=\"page\">\n\t\t\t\t<div class=\"elementor-element elementor-element-8f7b0c6 e-flex e-con-boxed e-con e-parent\" data-id=\"8f7b0c6\" data-element_type=\"container\" data-e-type=\"container\" data-settings=\"{&quot;background_background&quot;:&quot;classic&quot;}\">\n\t\t\t\t\t<div class=\"e-con-inner\">\n\t\t<div class=\"elementor-element elementor-element-3985a3b e-con-full e-flex e-con e-child\" data-id=\"3985a3b\" data-element_type=\"container\" data-e-type=\"container\">\n\t\t\t\t<div class=\"elementor-element elementor-element-fae4e29 elementor-widget elementor-widget-heading\" data-id=\"fae4e29\" data-element_type=\"widget\" data-e-type=\"widget\" data-widget_type=\"heading.default\">\n\t\t\t\t<div class=\"elementor-widget-container\">\n\t\t\t\t\t<h2 class=\"elementor-heading-title elementor-size-default\">Mot <\/h2>\t\t\t\t<\/div>\n\t\t\t\t<\/div>\n\t\t\t\t<\/div>\n\t\t\t\t\t<\/div>\n\t\t\t\t<\/div>\n\t\t<div class=\"elementor-element elementor-element-e4860c4 e-con-full e-flex e-con e-parent\" data-id=\"e4860c4\" data-element_type=\"container\" data-e-type=\"container\" data-settings=\"{&quot;background_background&quot;:&quot;classic&quot;}\">\n\t\t\t\t<div class=\"elementor-element elementor-element-5b75302 elementor-widget elementor-widget-heading\" data-id=\"5b75302\" data-element_type=\"widget\" data-e-type=\"widget\" data-widget_type=\"heading.default\">\n\t\t\t\t<div class=\"elementor-widget-container\">\n\t\t\t\t\t<h1 class=\"elementor-heading-title elementor-size-default\">Mot de la Pr\u00e9sidente<\/h1>\t\t\t\t<\/div>\n\t\t\t\t<\/div>\n\t\t\t\t<\/div>\n\t\t<div class=\"elementor-element elementor-element-a31129d e-flex e-con-boxed e-con e-parent\" data-id=\"a31129d\" data-element_type=\"container\" data-e-type=\"container\">\n\t\t\t\t\t<div class=\"e-con-inner\">\n\t\t\t\t<div class=\"elementor-element elementor-element-926301c elementor-widget elementor-widget-text-editor\" data-id=\"926301c\" data-element_type=\"widget\" data-e-type=\"widget\" data-widget_type=\"text-editor.default\">\n\t\t\t\t<div class=\"elementor-widget-container\">\n\t\t\t\t\t\t\t\t\t<p><strong style=\"color: var( --e-global-color-text );letter-spacing: 0.1px;text-align: var(--text-align);font-size: 1rem\">Bienvenue \u00e0 l\u2019Alliance Fran\u00e7aise Stedendriehoek!<\/strong><\/p><p>Vous souhaitez reprendre votre fran\u00e7ais pour vos vacances ? Aimeriez-vous vous immerger dans la litt\u00e9rature fran\u00e7aise, dans les textes magiques des chansons fran\u00e7aises ou avez-vous besoin du fran\u00e7ais pour votre travail ? Vous pouvez nous contacter pour tout cela. Nous vous proposons des cours de qualit\u00e9 \u00e0 tous les niveaux. Nous proposons \u00e9galement un cours de fran\u00e7ais sp\u00e9cial pour les enfants !<\/p><p>De plus, nous avons beaucoup \u00e0 offrir dans le domaine de la culture fran\u00e7aise ! Vous \u00eates les bienvenus lors de nos \u00e9v\u00e9nements culturels. Nos conf\u00e9renciers donnent des conf\u00e9rences int\u00e9ressantes sur <!--StartFragment --><span class=\"cf0\">des sujets vari\u00e9s<\/span><!--EndFragment --> et il y a r\u00e9guli\u00e8rement des spectacles d&#8217;artistes renomm\u00e9s. Et&#8230; tr\u00e8s important pour nous : nos rencontres culturelles se d\u00e9roulent dans une ambiance conviviale !<\/p><p><strong>Yvonne Lengkeek<\/strong><br \/><strong style=\"letter-spacing: 0.1px;font-size: 1rem\">Pr\u00e9sidente Alliance Fran\u00e7aise <\/strong><strong>Stedendriehoek\u00a0<\/strong><\/p>\t\t\t\t\t\t\t\t<\/div>\n\t\t\t\t<\/div>\n\t\t\t\t<div class=\"elementor-element elementor-element-b5c281e elementor-widget elementor-widget-image\" data-id=\"b5c281e\" data-element_type=\"widget\" data-e-type=\"widget\" data-widget_type=\"image.default\">\n\t\t\t\t<div class=\"elementor-widget-container\">\n\t\t\t\t\t\t\t\t\t\t\t\t\t\t\t<img decoding=\"async\" src=\"https:\/\/www.alliance-francaise.nl\/stedendriehoek\/wp-content\/uploads\/sites\/37\/elementor\/thumbs\/Yvonne-Lengkeek-1-r4fzv5r3mhcmm1c5y5icx48e5fenwx49qc1h3mgb7c.jpg\" title=\"Yvonne-Lengkeek-1\" alt=\"Yvonne-Lengkeek-1\" loading=\"lazy\" \/>\t\t\t\t\t\t\t\t\t\t\t\t\t\t\t<\/div>\n\t\t\t\t<\/div>\n\t\t\t\t\t<\/div>\n\t\t\t\t<\/div>\n\t\t\t\t<\/div>\n\t\t","protected":false},"excerpt":{"rendered":"<p>Mot Mot de la Pr\u00e9sidente Bienvenue \u00e0 l\u2019Alliance Fran\u00e7aise Stedendriehoek! Vous souhaitez reprendre votre fran\u00e7ais pour vos vacances ? Aimeriez-vous vous immerger dans la litt\u00e9rature fran\u00e7aise, dans les textes magiques [&hellip;]<\/p>\n","protected":false},"author":107,"featured_media":0,"parent":0,"menu_order":0,"comment_status":"closed","ping_status":"closed","template":"elementor_header_footer","meta":{"footnotes":""},"class_list":["post-9854","page","type-page","status-publish","hentry"],"_links":{"self":[{"href":"https:\/\/www.alliance-francaise.nl\/stedendriehoek\/wp-json\/wp\/v2\/pages\/9854","targetHints":{"allow":["GET"]}}],"collection":[{"href":"https:\/\/www.alliance-francaise.nl\/stedendriehoek\/wp-json\/wp\/v2\/pages"}],"about":[{"href":"https:\/\/www.alliance-francaise.nl\/stedendriehoek\/wp-json\/wp\/v2\/types\/page"}],"author":[{"embeddable":true,"href":"https:\/\/www.alliance-francaise.nl\/stedendriehoek\/wp-json\/wp\/v2\/users\/107"}],"replies":[{"embeddable":true,"href":"https:\/\/www.alliance-francaise.nl\/stedendriehoek\/wp-json\/wp\/v2\/comments?post=9854"}],"version-history":[{"count":13,"href":"https:\/\/www.alliance-francaise.nl\/stedendriehoek\/wp-json\/wp\/v2\/pages\/9854\/revisions"}],"predecessor-version":[{"id":12733,"href":"https:\/\/www.alliance-francaise.nl\/stedendriehoek\/wp-json\/wp\/v2\/pages\/9854\/revisions\/12733"}],"wp:attachment":[{"href":"https:\/\/www.alliance-francaise.nl\/stedendriehoek\/wp-json\/wp\/v2\/media?parent=9854"}],"curies":[{"name":"wp","href":"https:\/\/api.w.org\/{rel}","templated":true}]}}

Mot de la présidente

<div data-elementor-type="wp-page" data-elementor-id="9854" class="elementor elementor-9854" data-elementor-post-type="page">
				<div class="elementor-element elementor-element-8f7b0c6 e-flex e-con-boxed e-con e-parent" data-id="8f7b0c6" data-element_type="container" data-e-type="container" data-settings="{&quot;background_background&quot;:&quot;classic&quot;}">
					<div class="e-con-inner">
		<div class="elementor-element elementor-element-3985a3b e-con-full e-flex e-con e-child" data-id="3985a3b" data-element_type="container" data-e-type="container">
				<div class="elementor-element elementor-element-fae4e29 elementor-widget elementor-widget-heading" data-id="fae4e29" data-element_type="widget" data-e-type="widget" data-widget_type="heading.default">
				<div class="elementor-widget-container">
					<h2 class="elementor-heading-title elementor-size-default">Mot </h2>				</div>
				</div>
				</div>
					</div>
				</div>
		<div class="elementor-element elementor-element-e4860c4 e-con-full e-flex e-con e-parent" data-id="e4860c4" data-element_type="container" data-e-type="container" data-settings="{&quot;background_background&quot;:&quot;classic&quot;}">
				<div class="elementor-element elementor-element-5b75302 elementor-widget elementor-widget-heading" data-id="5b75302" data-element_type="widget" data-e-type="widget" data-widget_type="heading.default">
				<div class="elementor-widget-container">
					<h1 class="elementor-heading-title elementor-size-default">Mot de la Présidente</h1>				</div>
				</div>
				</div>
		<div class="elementor-element elementor-element-a31129d e-flex e-con-boxed e-con e-parent" data-id="a31129d" data-element_type="container" data-e-type="container">
					<div class="e-con-inner">
				<div class="elementor-element elementor-element-926301c elementor-widget elementor-widget-text-editor" data-id="926301c" data-element_type="widget" data-e-type="widget" data-widget_type="text-editor.default">
				<div class="elementor-widget-container">
									<p><strong style="color: var( --e-global-color-text );letter-spacing: 0.1px;text-align: var(--text-align);font-size: 1rem">Bienvenue à l’Alliance Française Stedendriehoek!</strong></p><p>Vous souhaitez reprendre votre français pour vos vacances ? Aimeriez-vous vous immerger dans la littérature française, dans les textes magiques des chansons françaises ou avez-vous besoin du français pour votre travail ? Vous pouvez nous contacter pour tout cela. Nous vous proposons des cours de qualité à tous les niveaux. Nous proposons également un cours de français spécial pour les enfants !</p><p>De plus, nous avons beaucoup à offrir dans le domaine de la culture française ! Vous êtes les bienvenus lors de nos événements culturels. Nos conférenciers donnent des conférences intéressantes sur <!--StartFragment --><span class="cf0">des sujets variés</span><!--EndFragment --> et il y a régulièrement des spectacles d&#8217;artistes renommés. Et&#8230; très important pour nous : nos rencontres culturelles se déroulent dans une ambiance conviviale !</p><p><strong>Yvonne Lengkeek</strong><br /><strong style="letter-spacing: 0.1px;font-size: 1rem">Présidente Alliance Française </strong><strong>Stedendriehoek </strong></p>								</div>
				</div>
				<div class="elementor-element elementor-element-b5c281e elementor-widget elementor-widget-image" data-id="b5c281e" data-element_type="widget" data-e-type="widget" data-widget_type="image.default">
				<div class="elementor-widget-container">
															<img decoding="async" src="https://www.alliance-francaise.nl/stedendriehoek/wp-content/uploads/sites/37/elementor/thumbs/Yvonne-Lengkeek-1-r4fzv5r3mhcmm1c5y5icx48e5fenwx49qc1h3mgb7c.jpg" title="Yvonne-Lengkeek-1" alt="Yvonne-Lengkeek-1" loading="lazy" />															</div>
				</div>
					</div>
				</div>
				</div>

<p>Mot Mot de la Présidente Bienvenue à l’Alliance Française Stedendriehoek! Vous souhaitez reprendre votre français pour vos vacances ? Aimeriez-vous vous immerger dans la littérature française, dans les textes magiques [&hellip;]</p>
