{"id":9334,"date":"2023-10-22T22:08:36","date_gmt":"2023-10-22T20:08:36","guid":{"rendered":"https:\/\/www.alliance-francaise.nl\/stedendriehoek\/?page_id=9334"},"modified":"2024-04-29T17:04:34","modified_gmt":"2024-04-29T15:04:34","slug":"cadre-europeen-commun-de-reference-cecr","status":"publish","type":"page","link":"https:\/\/www.alliance-francaise.nl\/stedendriehoek\/fr\/cadre-europeen-commun-de-reference-cecr\/","title":{"rendered":"Cadre Europ\u00e9en commun de r\u00e9f\u00e9rence (CECR)"},"content":{"rendered":"\t\t<div data-elementor-type=\"wp-page\" data-elementor-id=\"9334\" class=\"elementor elementor-9334\" data-elementor-post-type=\"page\">\n\t\t\t\t\t\t<section class=\"elementor-section elementor-top-section elementor-element elementor-element-1ca6e1ff elementor-section-boxed elementor-section-height-default elementor-section-height-default\" data-id=\"1ca6e1ff\" data-element_type=\"section\" data-e-type=\"section\" data-settings=\"{&quot;background_background&quot;:&quot;classic&quot;}\">\n\t\t\t\t\t\t<div class=\"elementor-container elementor-column-gap-default\">\n\t\t\t\t\t<div class=\"elementor-column elementor-col-100 elementor-top-column elementor-element elementor-element-cc7b75e\" data-id=\"cc7b75e\" data-element_type=\"column\" data-e-type=\"column\">\n\t\t\t<div class=\"elementor-widget-wrap\">\n\t\t\t\t\t\t\t<\/div>\n\t\t<\/div>\n\t\t\t\t\t<\/div>\n\t\t<\/section>\n\t\t\t\t<section class=\"elementor-section elementor-top-section elementor-element elementor-element-1e0550b8 elementor-section-boxed elementor-section-height-default elementor-section-height-default\" data-id=\"1e0550b8\" data-element_type=\"section\" data-e-type=\"section\">\n\t\t\t\t\t\t<div class=\"elementor-container elementor-column-gap-default\">\n\t\t\t\t\t<div class=\"elementor-column elementor-col-100 elementor-top-column elementor-element elementor-element-ea44077\" data-id=\"ea44077\" data-element_type=\"column\" data-e-type=\"column\" data-settings=\"{&quot;background_background&quot;:&quot;classic&quot;}\">\n\t\t\t<div class=\"elementor-widget-wrap elementor-element-populated\">\n\t\t\t\t\t<div class=\"elementor-background-overlay\"><\/div>\n\t\t\t\t\t\t<div class=\"elementor-element elementor-element-5c7d3081 elementor-widget elementor-widget-heading\" data-id=\"5c7d3081\" data-element_type=\"widget\" data-e-type=\"widget\" data-widget_type=\"heading.default\">\n\t\t\t\t<div class=\"elementor-widget-container\">\n\t\t\t\t\t<h1 class=\"elementor-heading-title elementor-size-default\">Cadre Europ\u00e9en Commun de R\u00e9f\u00e9rence (CECR)<\/h1>\t\t\t\t<\/div>\n\t\t\t\t<\/div>\n\t\t\t\t\t<\/div>\n\t\t<\/div>\n\t\t\t\t\t<\/div>\n\t\t<\/section>\n\t\t<div class=\"elementor-element elementor-element-cf96d02 e-flex e-con-boxed e-con e-parent\" data-id=\"cf96d02\" data-element_type=\"container\" data-e-type=\"container\">\n\t\t\t\t\t<div class=\"e-con-inner\">\n\t\t<div class=\"elementor-element elementor-element-16bced1 e-con-full e-flex e-con e-child\" data-id=\"16bced1\" data-element_type=\"container\" data-e-type=\"container\">\n\t\t\t\t<div class=\"elementor-element elementor-element-dfce1e0 elementor-widget elementor-widget-heading\" data-id=\"dfce1e0\" data-element_type=\"widget\" data-e-type=\"widget\" data-widget_type=\"heading.default\">\n\t\t\t\t<div class=\"elementor-widget-container\">\n\t\t\t\t\t<h2 class=\"elementor-heading-title elementor-size-default\">Cadre Europ\u00e9en Commun de R\u00e9f\u00e9rence (CECR)<\/h2>\t\t\t\t<\/div>\n\t\t\t\t<\/div>\n\t\t\t\t<\/div>\n\t\t\t\t\t<\/div>\n\t\t\t\t<\/div>\n\t\t<div class=\"elementor-element elementor-element-4fa2825 e-flex e-con-boxed e-con e-parent\" data-id=\"4fa2825\" data-element_type=\"container\" data-e-type=\"container\">\n\t\t\t\t\t<div class=\"e-con-inner\">\n\t\t\t\t<div class=\"elementor-element elementor-element-260e170 elementor-widget elementor-widget-text-editor\" data-id=\"260e170\" data-element_type=\"widget\" data-e-type=\"widget\" data-widget_type=\"text-editor.default\">\n\t\t\t\t<div class=\"elementor-widget-container\">\n\t\t\t\t\t\t\t\t\t<p>L&#8217;Alliance Fran\u00e7aise utilise le <b>Cadre Europ\u00e9en Commun de R\u00e9f\u00e9rence pour les Langues<\/b> pour indiquer le niveau des cours propos\u00e9s. Ce cadre a \u00e9t\u00e9 \u00e9labor\u00e9 sous la direction du Conseil de l&#8217;Europe dans le but de standardiser la description des niveaux de comp\u00e9tence linguistique pour les diff\u00e9rentes langues europ\u00e9ennes. Le cadre d\u00e9crit les diff\u00e9rentes comp\u00e9tences linguistiques \u00e0 six niveaux (A1, A2, B1, B2, C1 et C2). Ces descriptions ont une validit\u00e9 universelle : le niveau A2 en fran\u00e7ais suppose donc les m\u00eames comp\u00e9tences qu&#8217;en allemand ou en anglais au niveau A2.<\/p>\t\t\t\t\t\t\t\t<\/div>\n\t\t\t\t<\/div>\n\t\t\t\t\t<\/div>\n\t\t\t\t<\/div>\n\t\t<div class=\"elementor-element elementor-element-a2097bd e-flex e-con-boxed e-con e-parent\" data-id=\"a2097bd\" data-element_type=\"container\" data-e-type=\"container\">\n\t\t\t\t\t<div class=\"e-con-inner\">\n\t\t\t\t<div class=\"elementor-element elementor-element-c18ff36 elementor-widget elementor-widget-image\" data-id=\"c18ff36\" data-element_type=\"widget\" data-e-type=\"widget\" data-widget_type=\"image.default\">\n\t\t\t\t<div class=\"elementor-widget-container\">\n\t\t\t\t\t\t\t\t\t\t\t\t\t\t\t<img fetchpriority=\"high\" decoding=\"async\" width=\"263\" height=\"206\" src=\"https:\/\/www.alliance-francaise.nl\/stedendriehoek\/wp-content\/uploads\/sites\/37\/2023\/11\/council_europe_conseil_europe_263_206.jpg\" class=\"attachment-large size-large wp-image-10247\" alt=\"\" \/>\t\t\t\t\t\t\t\t\t\t\t\t\t\t\t<\/div>\n\t\t\t\t<\/div>\n\t\t\t\t\t<\/div>\n\t\t\t\t<\/div>\n\t\t\t\t<section class=\"elementor-section elementor-top-section elementor-element elementor-element-30ede080 elementor-section-boxed elementor-section-height-default elementor-section-height-default\" data-id=\"30ede080\" data-element_type=\"section\" data-e-type=\"section\">\n\t\t\t\t\t\t<div class=\"elementor-container elementor-column-gap-default\">\n\t\t\t\t\t<div class=\"elementor-column elementor-col-100 elementor-top-column elementor-element elementor-element-3e52d653\" data-id=\"3e52d653\" data-element_type=\"column\" data-e-type=\"column\">\n\t\t\t<div class=\"elementor-widget-wrap elementor-element-populated\">\n\t\t\t\t\t\t<div class=\"elementor-element elementor-element-3390dd92 elementor-widget elementor-widget-heading\" data-id=\"3390dd92\" data-element_type=\"widget\" data-e-type=\"widget\" data-widget_type=\"heading.default\">\n\t\t\t\t<div class=\"elementor-widget-container\">\n\t\t\t\t\t<h2 class=\"elementor-heading-title elementor-size-default\">Les niveaux<\/h2>\t\t\t\t<\/div>\n\t\t\t\t<\/div>\n\t\t\t\t\t<\/div>\n\t\t<\/div>\n\t\t\t\t\t<\/div>\n\t\t<\/section>\n\t\t<div class=\"elementor-element elementor-element-bafc778 e-flex e-con-boxed e-con e-parent\" data-id=\"bafc778\" data-element_type=\"container\" data-e-type=\"container\">\n\t\t\t\t\t<div class=\"e-con-inner\">\n\t\t<div class=\"elementor-element elementor-element-3b7758b e-con-full e-flex e-con e-child\" data-id=\"3b7758b\" data-element_type=\"container\" data-e-type=\"container\">\n\t\t\t\t<div class=\"elementor-element elementor-element-dce0322 elementor-widget__width-initial elementor-widget elementor-widget-text-editor\" data-id=\"dce0322\" data-element_type=\"widget\" data-e-type=\"widget\" data-widget_type=\"text-editor.default\">\n\t\t\t\t<div class=\"elementor-widget-container\">\n\t\t\t\t\t\t\t\t\t<p><strong>A 1.1<\/strong><\/p><p><strong>A 1.2<\/strong><\/p><p><strong>A 2.1<\/strong><\/p><p><strong>A 2.2\u00a0<\/strong><\/p>\t\t\t\t\t\t\t\t<\/div>\n\t\t\t\t<\/div>\n\t\t\t\t<\/div>\n\t\t<div class=\"elementor-element elementor-element-4267958 e-con-full e-flex e-con e-child\" data-id=\"4267958\" data-element_type=\"container\" data-e-type=\"container\">\n\t\t\t\t<div class=\"elementor-element elementor-element-d68375d elementor-widget elementor-widget-text-editor\" data-id=\"d68375d\" data-element_type=\"widget\" data-e-type=\"widget\" data-widget_type=\"text-editor.default\">\n\t\t\t\t<div class=\"elementor-widget-container\">\n\t\t\t\t\t\t\t\t\t<p>Celui qui n&#8217;a jamais appris le fran\u00e7ais auparavant<\/p>\n<p>\u00c0 tous ceux qui ont suivi un an ou deux de cours de fran\u00e7ais et qui aimeraient maintenant recommencer (rapidement)<br><\/p>\n<p>Pour ceux qui ont suivi environ 3 ans de fran\u00e7ais et qui peuvent encore construire des phrases simples au pr\u00e9sent.<br><\/p><p>Pour les \u00e9tudiants ayant environ 4 ans d&#8217;exp\u00e9rience dans le pass\u00e9 ou les nouveaux arrivants du groupe A2.1, qui peuvent facilement formuler leurs propres phrases dans des situations pratiques, y compris au pass\u00e9.<br><\/p>\t\t\t\t\t\t\t\t<\/div>\n\t\t\t\t<\/div>\n\t\t\t\t<\/div>\n\t\t\t\t\t<\/div>\n\t\t\t\t<\/div>\n\t\t<div class=\"elementor-element elementor-element-98d4f77 e-flex e-con-boxed e-con e-parent\" data-id=\"98d4f77\" data-element_type=\"container\" data-e-type=\"container\">\n\t\t\t\t\t<div class=\"e-con-inner\">\n\t\t<div class=\"elementor-element elementor-element-0e331d7 e-con-full e-flex e-con e-child\" data-id=\"0e331d7\" data-element_type=\"container\" data-e-type=\"container\">\n\t\t\t\t<div class=\"elementor-element elementor-element-55b28d8 elementor-widget__width-initial elementor-widget elementor-widget-text-editor\" data-id=\"55b28d8\" data-element_type=\"widget\" data-e-type=\"widget\" data-widget_type=\"text-editor.default\">\n\t\t\t\t<div class=\"elementor-widget-container\">\n\t\t\t\t\t\t\t\t\t<p><strong>B 1.1<\/strong><strong style=\"color: var( --e-global-color-text );font-family: var( --e-global-typography-text-font-family ), Open-sans;text-align: var(--text-align);font-size: 1rem\">\u00a0<br \/><\/strong><strong style=\"color: var( --e-global-color-text );font-family: var( --e-global-typography-text-font-family ), Open-sans;text-align: var(--text-align);font-size: 1rem\"><br \/><br \/><br \/>B 1.2<br \/><\/strong><strong style=\"color: var( --e-global-color-text );font-family: var( --e-global-typography-text-font-family ), Open-sans;text-align: var(--text-align);font-size: 1rem\"><br \/><\/strong><\/p><p><strong style=\"color: var( --e-global-color-text );font-family: var( --e-global-typography-text-font-family ), Open-sans;text-align: var(--text-align);font-size: 1rem\">B 2.1<br \/><\/strong><strong style=\"color: var( --e-global-color-text );font-family: var( --e-global-typography-text-font-family ), Open-sans;text-align: var(--text-align);font-size: 1rem\">B 2.2\u00a0<\/strong><\/p>\t\t\t\t\t\t\t\t<\/div>\n\t\t\t\t<\/div>\n\t\t\t\t<\/div>\n\t\t<div class=\"elementor-element elementor-element-629e1c7 e-con-full e-flex e-con e-child\" data-id=\"629e1c7\" data-element_type=\"container\" data-e-type=\"container\">\n\t\t\t\t<div class=\"elementor-element elementor-element-51ce5ac elementor-widget elementor-widget-text-editor\" data-id=\"51ce5ac\" data-element_type=\"widget\" data-e-type=\"widget\" data-widget_type=\"text-editor.default\">\n\t\t\t\t<div class=\"elementor-widget-container\">\n\t\t\t\t\t\t\t\t\t<p>Pour les personnes qui ont suivi le niveau A2.2 ou environ 5 ans de fran\u00e7ais dans le pass\u00e9 et qui peuvent d\u00e9j\u00e0 raconter une petite histoire en fran\u00e7ais \u00e0 propos de leurs propres exp\u00e9riences, donner leur opinion sur des sujets pratiques de mani\u00e8re simple et essayer d&#8217;utiliser plusieurs temps de verbes.<\/p><p>Pour ceux qui ont suivi B1.1 ou qui peuvent s&#8217;exprimer facilement dans toutes les situations pratiques, parler assez facilement de leurs propres exp\u00e9riences et donner leur opinion sur des sujets qui les int\u00e9ressent; ils peuvent d\u00e9j\u00e0 utiliser plusieurs temps verbaux.<\/p><p>Pour ceux qui sont d\u00e9j\u00e0 tr\u00e8s comp\u00e9tents en fran\u00e7ais lorsqu&#8217;il s&#8217;agit de parler de leur environnement et qui souhaitent discuter calmement d&#8217;autres sujets tout en abordant divers th\u00e8mes dans la soci\u00e9t\u00e9, ils ont besoin d&#8217;une aide grammaticale de niveau sup\u00e9rieur.<\/p>\t\t\t\t\t\t\t\t<\/div>\n\t\t\t\t<\/div>\n\t\t\t\t<\/div>\n\t\t\t\t\t<\/div>\n\t\t\t\t<\/div>\n\t\t<div class=\"elementor-element elementor-element-287041a e-flex e-con-boxed e-con e-parent\" data-id=\"287041a\" data-element_type=\"container\" data-e-type=\"container\">\n\t\t\t\t\t<div class=\"e-con-inner\">\n\t\t<div class=\"elementor-element elementor-element-b897896 e-con-full e-flex e-con e-child\" data-id=\"b897896\" data-element_type=\"container\" data-e-type=\"container\">\n\t\t\t\t<div class=\"elementor-element elementor-element-44da49a elementor-widget elementor-widget-text-editor\" data-id=\"44da49a\" data-element_type=\"widget\" data-e-type=\"widget\" data-widget_type=\"text-editor.default\">\n\t\t\t\t<div class=\"elementor-widget-container\">\n\t\t\t\t\t\t\t\t\t<p><strong>C 1<\/strong><\/p>\t\t\t\t\t\t\t\t<\/div>\n\t\t\t\t<\/div>\n\t\t\t\t<\/div>\n\t\t<div class=\"elementor-element elementor-element-927416d e-con-full e-flex e-con e-child\" data-id=\"927416d\" data-element_type=\"container\" data-e-type=\"container\">\n\t\t\t\t<div class=\"elementor-element elementor-element-c06b962 elementor-widget elementor-widget-text-editor\" data-id=\"c06b962\" data-element_type=\"widget\" data-e-type=\"widget\" data-widget_type=\"text-editor.default\">\n\t\t\t\t<div class=\"elementor-widget-container\">\n\t\t\t\t\t\t\t\t\t<p>Pour ceux qui souhaitent maintenir leur niveau de fran\u00e7ais \u00e0 un niveau \u00e9lev\u00e9 et discuter, par exemple, des articles des m\u00e9dias.<\/p>\t\t\t\t\t\t\t\t<\/div>\n\t\t\t\t<\/div>\n\t\t\t\t<\/div>\n\t\t\t\t\t<\/div>\n\t\t\t\t<\/div>\n\t\t<div class=\"elementor-element elementor-element-12b9e28 e-flex e-con-boxed e-con e-parent\" data-id=\"12b9e28\" data-element_type=\"container\" data-e-type=\"container\" data-settings=\"{&quot;background_background&quot;:&quot;classic&quot;}\">\n\t\t\t\t\t<div class=\"e-con-inner\">\n\t\t<div class=\"elementor-element elementor-element-842338a e-con-full e-flex e-con e-child\" data-id=\"842338a\" data-element_type=\"container\" data-e-type=\"container\">\n\t\t\t\t<div class=\"elementor-element elementor-element-b01a484 elementor-widget elementor-widget-text-editor\" data-id=\"b01a484\" data-element_type=\"widget\" data-e-type=\"widget\" data-widget_type=\"text-editor.default\">\n\t\t\t\t<div class=\"elementor-widget-container\">\n\t\t\t\t\t\t\t\t\t<p>Les comp\u00e9tences requises pour diff\u00e9rents niveaux sont les suivantes :<\/p><ul><li>La capacit\u00e9 d&#8217;\u00e9coute<\/li><li>La capacit\u00e9 de lecture<\/li><li>La capacit\u00e9 d&#8217;expression \u00e9crite<\/li><li>La capacit\u00e9 d&#8217;expression orale<\/li><\/ul>\t\t\t\t\t\t\t\t<\/div>\n\t\t\t\t<\/div>\n\t\t\t\t<\/div>\n\t\t\t\t\t<\/div>\n\t\t\t\t<\/div>\n\t\t\t\t<\/div>\n\t\t","protected":false},"excerpt":{"rendered":"<p>Cadre Europ\u00e9en Commun de R\u00e9f\u00e9rence (CECR) Cadre Europ\u00e9en Commun de R\u00e9f\u00e9rence (CECR) L&#8217;Alliance Fran\u00e7aise utilise le Cadre Europ\u00e9en Commun de R\u00e9f\u00e9rence pour les Langues pour indiquer le niveau des cours [&hellip;]<\/p>\n","protected":false},"author":1,"featured_media":0,"parent":0,"menu_order":0,"comment_status":"closed","ping_status":"closed","template":"elementor_header_footer","meta":{"footnotes":""},"class_list":["post-9334","page","type-page","status-publish","hentry"],"_links":{"self":[{"href":"https:\/\/www.alliance-francaise.nl\/stedendriehoek\/wp-json\/wp\/v2\/pages\/9334","targetHints":{"allow":["GET"]}}],"collection":[{"href":"https:\/\/www.alliance-francaise.nl\/stedendriehoek\/wp-json\/wp\/v2\/pages"}],"about":[{"href":"https:\/\/www.alliance-francaise.nl\/stedendriehoek\/wp-json\/wp\/v2\/types\/page"}],"author":[{"embeddable":true,"href":"https:\/\/www.alliance-francaise.nl\/stedendriehoek\/wp-json\/wp\/v2\/users\/1"}],"replies":[{"embeddable":true,"href":"https:\/\/www.alliance-francaise.nl\/stedendriehoek\/wp-json\/wp\/v2\/comments?post=9334"}],"version-history":[{"count":20,"href":"https:\/\/www.alliance-francaise.nl\/stedendriehoek\/wp-json\/wp\/v2\/pages\/9334\/revisions"}],"predecessor-version":[{"id":13246,"href":"https:\/\/www.alliance-francaise.nl\/stedendriehoek\/wp-json\/wp\/v2\/pages\/9334\/revisions\/13246"}],"wp:attachment":[{"href":"https:\/\/www.alliance-francaise.nl\/stedendriehoek\/wp-json\/wp\/v2\/media?parent=9334"}],"curies":[{"name":"wp","href":"https:\/\/api.w.org\/{rel}","templated":true}]}}