{"id":9242,"date":"2023-10-22T15:29:09","date_gmt":"2023-10-22T13:29:09","guid":{"rendered":"https:\/\/www.alliance-francaise.nl\/stedendriehoek\/?page_id=9242"},"modified":"2025-05-12T13:39:30","modified_gmt":"2025-05-12T11:39:30","slug":"informations-des-cours","status":"publish","type":"page","link":"https:\/\/www.alliance-francaise.nl\/stedendriehoek\/fr\/informations-des-cours\/","title":{"rendered":"Informations des cours"},"content":{"rendered":"\t\t<div data-elementor-type=\"wp-page\" data-elementor-id=\"9242\" class=\"elementor elementor-9242\" data-elementor-post-type=\"page\">\n\t\t\t\t\t\t<section class=\"elementor-section elementor-top-section elementor-element elementor-element-61a4d6f6 elementor-hidden-phone elementor-section-boxed elementor-section-height-default elementor-section-height-default\" data-id=\"61a4d6f6\" data-element_type=\"section\" data-e-type=\"section\" data-settings=\"{&quot;background_background&quot;:&quot;classic&quot;}\">\n\t\t\t\t\t\t<div class=\"elementor-container elementor-column-gap-default\">\n\t\t\t\t\t<div class=\"elementor-column elementor-col-100 elementor-top-column elementor-element elementor-element-5ceef2d4\" data-id=\"5ceef2d4\" data-element_type=\"column\" data-e-type=\"column\">\n\t\t\t<div class=\"elementor-widget-wrap\">\n\t\t\t\t\t\t\t<\/div>\n\t\t<\/div>\n\t\t\t\t\t<\/div>\n\t\t<\/section>\n\t\t\t\t<section class=\"elementor-section elementor-top-section elementor-element elementor-element-7d642c4d elementor-hidden-phone elementor-section-boxed elementor-section-height-default elementor-section-height-default\" data-id=\"7d642c4d\" data-element_type=\"section\" data-e-type=\"section\">\n\t\t\t\t\t\t<div class=\"elementor-container elementor-column-gap-default\">\n\t\t\t\t\t<div class=\"elementor-column elementor-col-100 elementor-top-column elementor-element elementor-element-56f6723f\" data-id=\"56f6723f\" data-element_type=\"column\" data-e-type=\"column\" data-settings=\"{&quot;background_background&quot;:&quot;classic&quot;}\">\n\t\t\t<div class=\"elementor-widget-wrap elementor-element-populated\">\n\t\t\t\t\t<div class=\"elementor-background-overlay\"><\/div>\n\t\t\t\t\t\t<div class=\"elementor-element elementor-element-68af4d8 elementor-widget elementor-widget-heading\" data-id=\"68af4d8\" data-element_type=\"widget\" data-e-type=\"widget\" data-widget_type=\"heading.default\">\n\t\t\t\t<div class=\"elementor-widget-container\">\n\t\t\t\t\t<h1 class=\"elementor-heading-title elementor-size-default\">Cours de langue et cours th\u00e9matique<\/h1>\t\t\t\t<\/div>\n\t\t\t\t<\/div>\n\t\t\t\t\t<\/div>\n\t\t<\/div>\n\t\t\t\t\t<\/div>\n\t\t<\/section>\n\t\t<div class=\"elementor-element elementor-element-1049e30 e-flex e-con-boxed e-con e-parent\" data-id=\"1049e30\" data-element_type=\"container\" data-e-type=\"container\">\n\t\t\t\t\t<div class=\"e-con-inner\">\n\t\t\t\t<div class=\"elementor-element elementor-element-85930ea elementor-widget elementor-widget-text-editor\" data-id=\"85930ea\" data-element_type=\"widget\" data-e-type=\"widget\" data-widget_type=\"text-editor.default\">\n\t\t\t\t<div class=\"elementor-widget-container\">\n\t\t\t\t\t\t\t\t\t<h2 class=\"elementor-heading-title elementor-size-default elementor-inline-editing pen\" style=\"font-family: Prata, Open-sans;font-weight: 600;color: #da002e\" data-elementor-setting-key=\"title\" data-pen-placeholder=\"Hier typen...\">Cours de langue<\/h2><p><br \/>Vous voulez apprendre le fran\u00e7ais pour votre travail, vos contacts familiaux, votre maison de vacances, pour les vacances ou pour le plaisir?\u00a0L&#8217;Alliance Fran\u00e7aise offre une vaste s\u00e9lection de cours de langue.<\/p><p>Nous proposons des cours de fran\u00e7ais \u00e0 plusieurs niveaux : des cours de vacances et pour d\u00e9butants, des cours du niveau A1 au niveau B2, ainsi que des cours de conversation en fran\u00e7ais au niveau B ou C. Lors de l&#8217;inscription, vous pouvez passer\u00a0<span style=\"font-weight: bolder\"><a href=\"https:\/\/www.alliance-francaise.nl\/stedendriehoek\/fr\/test-de-niveau\/\" target=\"_blank\" rel=\"noopener\">un test de niveau<\/a><\/span>\u00a0afin que nos enseignants puissent vous recommander le cours qui vous convient le mieux.\u00a0<\/p><p>Si vous h\u00e9sitez sur le niveau appropri\u00e9, nous organisons des r\u00e9unions d&#8217;information et d&#8217;inscription en d\u00e9but d&#8217;ann\u00e9e scolaire o\u00f9 vous pourrez discuter avec nos enseignants exp\u00e9riment\u00e9s et faire votre choix.\u00a0<span style=\"font-size: 1rem\">Les r\u00e9unions se trouvent dans\u00a0<\/span><span style=\"font-weight: bolder;font-size: 1rem\"><a href=\"https:\/\/www.alliance-francaise.nl\/stedendriehoek\/activiteiten\/list\/?tribe-bar-search=intake\" target=\"_blank\" rel=\"noopener\">notre agenda culturel<\/a><\/span><span style=\"font-size: 1rem\">.<\/span><\/p><p>Pour plus d&#8217;informations, vous pouvez \u00e9galement contacter l&#8217;une de nos\u00a0<span style=\"font-weight: bolder;font-size: 1rem\"><a href=\"https:\/\/www.alliance-francaise.nl\/stedendriehoek\/fr\/le-comite\/#dirdescours\" target=\"_blank\" rel=\"noopener\">directrices des cours<\/a><\/span><span style=\"font-size: 1rem\">.<\/span><\/p><p>Les cours de langue<\/p><ul style=\"font-size: 16px;background-color: #ffffff\"><li style=\"font-size: 16px\">commencent pour la saison 2025-2026 la semaine 41 de 2025 (\u00e0 partir du 6 octobre 2025)<\/li><li style=\"font-size: 16px\"><span style=\"background-color: transparent\">sont maintenus en fonction du nombre suffisant de participants\u00a0<\/span><\/li><li style=\"font-size: 16px\">ont lieu dans un lieu appropri\u00e9.<br \/><br \/><\/li><\/ul><p>Vous \u00eates naturellement \u00e9galement les bienvenus si vous r\u00e9sidez dans une autre commune.<\/p><div><div dir=\"auto\" data-message-author-role=\"assistant\" data-message-id=\"861eb31a-9ff0-43f6-853c-1e5e31f76684\"><p>Pendant les vacances scolaires, aucun cours n&#8217;aura lieu :<\/p><ul style=\"font-size: 16px\"><li style=\"font-size: 16px\">vacances d&#8217;automne\u00a0 \u00a0 \u00a0 \u00a0 \u00a0 \u00a0 \u00a0 \u00a0 \u00a0 \u00a0 \u00a0 \u00a0 \u00a0 \u00a0 \u00a0 \u00a0 \u00a0 \u00a0 \u00a0 \u00a0 \u00a0 \u00a0 \u00a0 : du 18-10-2025 au 26-10-2025<\/li><li style=\"font-size: 16px\">vacances de No\u00ebl\u00a0 \u00a0 \u00a0 \u00a0 \u00a0 \u00a0 \u00a0 \u00a0 \u00a0 \u00a0 \u00a0 \u00a0 \u00a0 \u00a0 \u00a0 \u00a0 \u00a0 \u00a0 \u00a0 \u00a0 \u00a0 \u00a0 \u00a0 \u00a0 \u00a0 \u00a0 : du 20-12-2024 au 04-01-2026<\/li><li style=\"font-size: 16px\">vacances de printemps Apeldoorn et Zutphen : du 14-02-2026 au 22-02-2026<\/li><li style=\"font-size: 16px\">vacances de printemps Deventer\u00a0 \u00a0 \u00a0 \u00a0 \u00a0 \u00a0 \u00a0 \u00a0 \u00a0 \u00a0 \u00a0 \u00a0 : du 21-02-2026 au 01-03-2026.<br \/><br \/><\/li><\/ul><\/div><\/div><p>Les \u00e9l\u00e8ves ont acc\u00e8s gratuitement aux activit\u00e9s culturelles de l&#8217;Alliance Fran\u00e7aise Stedendriehoek, sauf indication contraire.<\/p><p><a href=\"https:\/\/www.alliance-francaise.nl\/stedendriehoek\/cursusrooster\/#roostertaal\"><strong>Vers l&#8217;aper\u00e7u des cours de langue<\/strong><\/a><\/p>\t\t\t\t\t\t\t\t<\/div>\n\t\t\t\t<\/div>\n\t\t\t\t\t<\/div>\n\t\t\t\t<\/div>\n\t\t<div class=\"elementor-element elementor-element-79ae192 e-flex e-con-boxed e-con e-parent\" data-id=\"79ae192\" data-element_type=\"container\" data-e-type=\"container\">\n\t\t\t\t\t<div class=\"e-con-inner\">\n\t\t\t\t<div class=\"elementor-element elementor-element-74b6118 elementor-widget elementor-widget-text-editor\" data-id=\"74b6118\" data-element_type=\"widget\" data-e-type=\"widget\" data-widget_type=\"text-editor.default\">\n\t\t\t\t<div class=\"elementor-widget-container\">\n\t\t\t\t\t\t\t\t\t<h2 class=\"elementor-heading-title elementor-size-default elementor-inline-editing pen\" style=\"font-family: Prata, Open-sans;font-weight: 600;color: #da002e\" data-elementor-setting-key=\"title\" data-pen-placeholder=\"Hier typen...\">Cours th\u00e9matiques<\/h2><p data-elementor-setting-key=\"title\" data-pen-placeholder=\"Hier typen...\"><br \/>L&#8217;Alliance Fran\u00e7aise propose, en plus des cours de langue, des cours th\u00e9matiques ax\u00e9s sur l&#8217;actualit\u00e9 et la culture fran\u00e7aises. Parler fran\u00e7ais est un \u00e9l\u00e9ment important de tous les cours. De cette mani\u00e8re, vous mettez en pratique les connaissances acquises. La d\u00e9couverte de la vie fran\u00e7aise est un fil conducteur dans tous les cours.<\/p><p>Les th\u00e8mes incluent notamment la chanson fran\u00e7aise et la lecture. Par exemple, si vous aimez la litt\u00e9rature fran\u00e7aise, vous pouvez suivre un cours de lecture \u00e0 partir du niveau B1 ou approfondir vos connaissances avec un cours de litt\u00e9rature au niveau C1.<\/p><p>Les cours th\u00e9matiques ont lieu dans un lieu appropri\u00e9. Vous \u00eates bien s\u00fbr \u00e9galement les bienvenus si vous r\u00e9sidez dans une autre commune.<\/p><p>Pour la plupart des cours th\u00e9matiques, vous pouvez vous inscrire pour la s\u00e9rie compl\u00e8te ou pour (au maximum deux) cours individuels.<\/p><p>Les cours th\u00e9matiques sont \u00e9galement soumis \u00e0 un nombre suffisant de participants pour \u00eatre maintenus.<\/p><p><a href=\"https:\/\/www.alliance-francaise.nl\/stedendriehoek\/cursusrooster\/#roosterthema\"><strong>Vers l&#8217;aper\u00e7u des cours th\u00e9matiques<\/strong><\/a><\/p>\t\t\t\t\t\t\t\t<\/div>\n\t\t\t\t<\/div>\n\t\t\t\t\t<\/div>\n\t\t\t\t<\/div>\n\t\t<div class=\"elementor-element elementor-element-d9e81a1 e-flex e-con-boxed e-con e-parent\" data-id=\"d9e81a1\" data-element_type=\"container\" data-e-type=\"container\">\n\t\t\t\t\t<div class=\"e-con-inner\">\n\t\t<div class=\"elementor-element elementor-element-44e262a e-flex e-con-boxed e-con e-child\" data-id=\"44e262a\" data-element_type=\"container\" data-e-type=\"container\">\n\t\t\t\t\t<div class=\"e-con-inner\">\n\t\t\t\t<div class=\"elementor-element elementor-element-ef1b8cc elementor-widget elementor-widget-heading\" data-id=\"ef1b8cc\" data-element_type=\"widget\" data-e-type=\"widget\" data-widget_type=\"heading.default\">\n\t\t\t\t<div class=\"elementor-widget-container\">\n\t\t\t\t\t<h2 class=\"elementor-heading-title elementor-size-default\">S'inscrire \u00e0 un cours de langue ou \u00e0 un cours th\u00e9matique ?<\/h2>\t\t\t\t<\/div>\n\t\t\t\t<\/div>\n\t\t\t\t<div class=\"elementor-element elementor-element-d6ec78f elementor-widget elementor-widget-text-editor\" data-id=\"d6ec78f\" data-element_type=\"widget\" data-e-type=\"widget\" data-widget_type=\"text-editor.default\">\n\t\t\t\t<div class=\"elementor-widget-container\">\n\t\t\t\t\t\t\t\t\t<p>Pour vous inscrire, cliquez dans le calendrier des cours de langue ou dans le calendrier des cours th\u00e9matiques sur &#8220;<b>Inschrijven<\/b>&#8220;. Ajoutez le cours \u00e0 votre panier. Rendez-vous dans le panier, entrez vos coordonn\u00e9es et payez directement avec <b>iDEAL<\/b>.<\/p>\n<p>Les membres de l&#8217;Alliance Fran\u00e7aise b\u00e9n\u00e9ficient d&#8217;une <b>r\u00e9duction de 6 %<\/b> sur l&#8217;inscription \u00e0 l&#8217;un des cours en utilisant le code &#8220;paris&#8221;. La v\u00e9rification de votre adh\u00e9sion se fait sur la base de votre adresse e-mail.&nbsp;<span style=\"font-size: 1rem\">Si vous n&#8217;\u00eates pas encore membre, <\/span><span style=\"font-size: 1rem;color: #da002e\"><strong><a style=\"color: #da002e\" href=\"https:\/\/www.alliance-francaise.nl\/stedendriehoek\/fr\/devenir-membre\/\" target=\"_blank\" rel=\"noopener\">vous pouvez d&#8217;abord vous inscrire en tant que membre<\/a><\/strong><\/span><span style=\"font-size: 1rem\">. Apr\u00e8s traitement de votre adh\u00e9sion dans notre administration (cela prend au maximum 2 jours), vous pourrez vous inscrire au cours avec la r\u00e9duction.<\/span><\/p><ol>\n<\/ol>\t\t\t\t\t\t\t\t<\/div>\n\t\t\t\t<\/div>\n\t\t\t\t\t<\/div>\n\t\t\t\t<\/div>\n\t\t\t\t\t<\/div>\n\t\t\t\t<\/div>\n\t\t<div class=\"elementor-element elementor-element-919bef5 e-flex e-con-boxed e-con e-parent\" data-id=\"919bef5\" data-element_type=\"container\" data-e-type=\"container\">\n\t\t\t\t\t<div class=\"e-con-inner\">\n\t\t<div class=\"elementor-element elementor-element-f489f03 e-flex e-con-boxed e-con e-child\" data-id=\"f489f03\" data-element_type=\"container\" data-e-type=\"container\">\n\t\t\t\t\t<div class=\"e-con-inner\">\n\t\t\t\t<div class=\"elementor-element elementor-element-55ddf7b elementor-widget elementor-widget-button\" data-id=\"55ddf7b\" data-element_type=\"widget\" data-e-type=\"widget\" data-widget_type=\"button.default\">\n\t\t\t\t<div class=\"elementor-widget-container\">\n\t\t\t\t\t\t\t\t\t<div class=\"elementor-button-wrapper\">\n\t\t\t\t\t<a class=\"elementor-button elementor-button-link elementor-size-sm\" href=\"https:\/\/www.alliance-francaise.nl\/stedendriehoek\/cursusrooster\/#roostertaal\">\n\t\t\t\t\t\t<span class=\"elementor-button-content-wrapper\">\n\t\t\t\t\t\t\t\t\t<span class=\"elementor-button-text\">Cours de langue<\/span>\n\t\t\t\t\t<\/span>\n\t\t\t\t\t<\/a>\n\t\t\t\t<\/div>\n\t\t\t\t\t\t\t\t<\/div>\n\t\t\t\t<\/div>\n\t\t\t\t<div class=\"elementor-element elementor-element-9ed88e7 elementor-widget elementor-widget-button\" data-id=\"9ed88e7\" data-element_type=\"widget\" data-e-type=\"widget\" data-widget_type=\"button.default\">\n\t\t\t\t<div class=\"elementor-widget-container\">\n\t\t\t\t\t\t\t\t\t<div class=\"elementor-button-wrapper\">\n\t\t\t\t\t<a class=\"elementor-button elementor-button-link elementor-size-sm\" href=\"https:\/\/www.alliance-francaise.nl\/stedendriehoek\/cursusrooster\/#roosterthema\">\n\t\t\t\t\t\t<span class=\"elementor-button-content-wrapper\">\n\t\t\t\t\t\t\t\t\t<span class=\"elementor-button-text\">Cours th\u00e9matique<\/span>\n\t\t\t\t\t<\/span>\n\t\t\t\t\t<\/a>\n\t\t\t\t<\/div>\n\t\t\t\t\t\t\t\t<\/div>\n\t\t\t\t<\/div>\n\t\t\t\t\t<\/div>\n\t\t\t\t<\/div>\n\t\t\t\t\t<\/div>\n\t\t\t\t<\/div>\n\t\t<div class=\"elementor-element elementor-element-f180cbd e-flex e-con-boxed e-con e-parent\" data-id=\"f180cbd\" data-element_type=\"container\" data-e-type=\"container\">\n\t\t\t\t\t<div class=\"e-con-inner\">\n\t\t\t\t\t<\/div>\n\t\t\t\t<\/div>\n\t\t\t\t<\/div>\n\t\t","protected":false},"excerpt":{"rendered":"<p>Cours de langue et cours th\u00e9matique Cours de langue Vous voulez apprendre le fran\u00e7ais pour votre travail, vos contacts familiaux, votre maison de vacances, pour les vacances ou pour le [&hellip;]<\/p>\n","protected":false},"author":1,"featured_media":0,"parent":0,"menu_order":0,"comment_status":"closed","ping_status":"closed","template":"","meta":{"footnotes":""},"class_list":["post-9242","page","type-page","status-publish","hentry"],"_links":{"self":[{"href":"https:\/\/www.alliance-francaise.nl\/stedendriehoek\/wp-json\/wp\/v2\/pages\/9242","targetHints":{"allow":["GET"]}}],"collection":[{"href":"https:\/\/www.alliance-francaise.nl\/stedendriehoek\/wp-json\/wp\/v2\/pages"}],"about":[{"href":"https:\/\/www.alliance-francaise.nl\/stedendriehoek\/wp-json\/wp\/v2\/types\/page"}],"author":[{"embeddable":true,"href":"https:\/\/www.alliance-francaise.nl\/stedendriehoek\/wp-json\/wp\/v2\/users\/1"}],"replies":[{"embeddable":true,"href":"https:\/\/www.alliance-francaise.nl\/stedendriehoek\/wp-json\/wp\/v2\/comments?post=9242"}],"version-history":[{"count":20,"href":"https:\/\/www.alliance-francaise.nl\/stedendriehoek\/wp-json\/wp\/v2\/pages\/9242\/revisions"}],"predecessor-version":[{"id":15859,"href":"https:\/\/www.alliance-francaise.nl\/stedendriehoek\/wp-json\/wp\/v2\/pages\/9242\/revisions\/15859"}],"wp:attachment":[{"href":"https:\/\/www.alliance-francaise.nl\/stedendriehoek\/wp-json\/wp\/v2\/media?parent=9242"}],"curies":[{"name":"wp","href":"https:\/\/api.w.org\/{rel}","templated":true}]}}