{"id":5106,"date":"2023-01-26T14:24:49","date_gmt":"2023-01-26T13:24:49","guid":{"rendered":"https:\/\/www.alliance-francaise.nl\/stedendriehoek\/?page_id=5106"},"modified":"2024-08-22T17:02:08","modified_gmt":"2024-08-22T15:02:08","slug":"word-u-ook-lid","status":"publish","type":"page","link":"https:\/\/www.alliance-francaise.nl\/stedendriehoek\/word-u-ook-lid\/","title":{"rendered":"Wordt u ook lid?"},"content":{"rendered":"\t\t<div data-elementor-type=\"wp-page\" data-elementor-id=\"5106\" class=\"elementor elementor-5106\" data-elementor-post-type=\"page\">\n\t\t\t\t\t\t<section class=\"elementor-section elementor-top-section elementor-element elementor-element-76d6b5b0 elementor-section-boxed elementor-section-height-default elementor-section-height-default\" data-id=\"76d6b5b0\" data-element_type=\"section\" data-e-type=\"section\" data-settings=\"{&quot;background_background&quot;:&quot;classic&quot;}\">\n\t\t\t\t\t\t<div class=\"elementor-container elementor-column-gap-default\">\n\t\t\t\t\t<div class=\"elementor-column elementor-col-100 elementor-top-column elementor-element elementor-element-54ca0f7\" data-id=\"54ca0f7\" data-element_type=\"column\" data-e-type=\"column\">\n\t\t\t<div class=\"elementor-widget-wrap\">\n\t\t\t\t\t\t\t<\/div>\n\t\t<\/div>\n\t\t\t\t\t<\/div>\n\t\t<\/section>\n\t\t\t\t<section class=\"elementor-section elementor-top-section elementor-element elementor-element-78973d3b elementor-section-boxed elementor-section-height-default elementor-section-height-default\" data-id=\"78973d3b\" data-element_type=\"section\" data-e-type=\"section\">\n\t\t\t\t\t\t<div class=\"elementor-container elementor-column-gap-default\">\n\t\t\t\t\t<div class=\"elementor-column elementor-col-100 elementor-top-column elementor-element elementor-element-338549c1\" data-id=\"338549c1\" data-element_type=\"column\" data-e-type=\"column\" data-settings=\"{&quot;background_background&quot;:&quot;classic&quot;}\">\n\t\t\t<div class=\"elementor-widget-wrap elementor-element-populated\">\n\t\t\t\t\t<div class=\"elementor-background-overlay\"><\/div>\n\t\t\t\t\t\t<div class=\"elementor-element elementor-element-4b07de01 elementor-widget__width-inherit elementor-widget elementor-widget-heading\" data-id=\"4b07de01\" data-element_type=\"widget\" data-e-type=\"widget\" data-widget_type=\"heading.default\">\n\t\t\t\t<div class=\"elementor-widget-container\">\n\t\t\t\t\t<h1 class=\"elementor-heading-title elementor-size-large\">Word je ook lid?<\/h1>\t\t\t\t<\/div>\n\t\t\t\t<\/div>\n\t\t\t\t\t<\/div>\n\t\t<\/div>\n\t\t\t\t\t<\/div>\n\t\t<\/section>\n\t\t<div class=\"elementor-element elementor-element-905b201 e-flex e-con-boxed e-con e-parent\" data-id=\"905b201\" data-element_type=\"container\" data-e-type=\"container\">\n\t\t\t\t\t<div class=\"e-con-inner\">\n\t\t\t\t<div class=\"elementor-element elementor-element-3165d46 elementor-widget elementor-widget-heading\" data-id=\"3165d46\" data-element_type=\"widget\" data-e-type=\"widget\" data-widget_type=\"heading.default\">\n\t\t\t\t<div class=\"elementor-widget-container\">\n\t\t\t\t\t<h2 class=\"elementor-heading-title elementor-size-default\">Lidmaatschap Alliance Fran\u00e7aise Stedendriehoek<\/h2>\t\t\t\t<\/div>\n\t\t\t\t<\/div>\n\t\t\t\t<div class=\"elementor-element elementor-element-5a241bf elementor-widget elementor-widget-text-editor\" data-id=\"5a241bf\" data-element_type=\"widget\" data-e-type=\"widget\" data-widget_type=\"text-editor.default\">\n\t\t\t\t<div class=\"elementor-widget-container\">\n\t\t\t\t\t\t\t\t\t<p style=\"text-align: left\">Heb je ook zoveel zin om weer naar Frankrijk op vakantie te gaan en wil je je hierop voorbereiden? Of wil je de Franse sfeer ook in Apeldoorn, Deventer en Zutphen beleven?<\/p><p style=\"text-align: center\"><strong>Je bent van harte welkom om lid te worden van de Alliance Fran\u00e7aise Stedendriehoek.<\/strong><\/p><p style=\"text-align: left\">De Alliance Fran\u00e7aise Stedendriehoek heeft als doel de belangstelling voor en de kennis van de Franse taal en cultuur te bevorderen.\u00a0<\/p><p style=\"text-align: center\"><strong>Dat doen we graag&#8230;&#8230;. voor, door, dankzij \u00e9n met onze leden!\u00a0<\/strong><\/p><h3 style=\"font-family: 'Open Sans', Open-sans;color: #1a171b\"><span style=\"color: #da002e\">Lidmaatschapsvoordelen<\/span><\/h3><p>Met het lidmaatschap<\/p><ul><li>heb je gratis toegang tot alle culturele activiteiten van de Alliance Fran\u00e7aise Stedendriehoek \u00e9n tot de activiteiten van de overige 33 Alliances Fran\u00e7aises in Nederland (tenzij anders vermeld);<\/li><li>krijg je\u00a0<span style=\"font-weight: bolder\">6% korting\u00a0<\/span>op alle taal- en themacursussen. Bij het afrekenen vul je de code\u00a0<span style=\"font-weight: bolder\">paris<\/span>\u00a0in. Deze\u00a0 wordt geaccepteerd na controle van je e-mailadres. Let op: Als je je als lid aanmeldt, moet er een koppeling gemaakt worden in de administratie alvorens de korting kan worden verrekend. Dit duurt normaal maximaal 2 dagen;<\/li><li>ontvang je negen keer per jaar de nieuwsbrief Le Fil des Trois Villes met een overzicht van allerlei Franse culturele activiteiten in Apeldoorn, Deventer, Zutphen en omgeving;<\/li><li>kun je gratis gebruik maken van de digitale bibliotheek Cultureth\u00e8que met toegang tot meer dan 3000 Franstalige kranten, tijdschriften, muziek, films, podcasts, etc;<\/li><li>krijg je korting op een jaarabonnement op het tijdschrift\u00a0<a href=\"https:\/\/www.enroute.nl\/\" target=\"_blank\" rel=\"noopener\">En Route<\/a> (\u20ac 28,50 i.p.v. \u20ac 30,00). Neem daarvoor telefonisch contact op via 06 &#8211; 8129 0950.<br \/><br \/><\/li><\/ul><p>Voor toegang tot de evenementen van de Alliance Fran\u00e7aise Stedendriehoek heb je geen Carte Nationale, de lidmaatschapskaart van de Alliance Fran\u00e7aise, nodig. <span style=\"color: var( --e-global-color-text );font-family: var( --e-global-typography-text-font-family ), Open-sans;font-weight: var( --e-global-typography-text-font-weight );text-align: var(--text-align);font-size: 1rem\">Als je elders in het land een evenement van een van de Alliances wilt bezoeken, heb je de Carte Nationale wel nodig. Je kunt deze per mail aanvragen bij <strong><a href=\"mailto:pres.stedendriehoek@afbp.nl\" target=\"_blank\" rel=\"noopener\">onze voorzitter<\/a><\/strong><\/span><span style=\"color: var( --e-global-color-text );font-family: var( --e-global-typography-text-font-family ), Open-sans;font-weight: var( --e-global-typography-text-font-weight );text-align: var(--text-align);font-size: 1rem\">.<\/span><\/p><p>De contributie bedraagt\u00a0 \u20ac30,- per persoon per jaar, of \u20ac45,- per paar per jaar. D<span style=\"color: var( --e-global-color-text );font-family: var( --e-global-typography-text-font-family ), Open-sans;font-weight: var( --e-global-typography-text-font-weight );text-align: var(--text-align);font-size: 1rem\">e eerste keer betaal je in de webwinkel. Daarna wordt het lidmaatschapsgeld jaarlijks ge\u00efnd via een automatische incasso. Je ontvangt een <\/span><span style=\"color: var( --e-global-color-text );font-family: var( --e-global-typography-text-font-family ), Open-sans;font-weight: var( --e-global-typography-text-font-weight );text-align: var(--text-align);font-size: 1rem\">e-mail ter bevestiging. Het kan voorkomen dat deze in je &#8220;spam&#8221; box terechtkomt. <\/span><span style=\"color: var( --e-global-color-text );font-family: var( --e-global-typography-text-font-family ), Open-sans;font-weight: var( --e-global-typography-text-font-weight );text-align: var(--text-align);font-size: 1rem\">Door te betalen via de webwinkel ga je akkoord met de automatische incasso voor de daaropvolgende jaren.<\/span><\/p><p>Het verenigingsjaar loopt van 1 juli tot en met 30 juni. Als je je lidmaatschap wilt be\u00ebindigen, moet dit v\u00f3\u00f3r 1 juni gebeuren. Dat kan <strong><a href=\"https:\/\/www.alliance-francaise.nl\/stedendriehoek\/contact-en-informatie\/\" target=\"_blank\" rel=\"noopener\">schriftelijk<\/a><\/strong> of <strong><a href=\"mailto:tres.stedendriehoek@afpb.nl\" target=\"_blank\" rel=\"noopener\">per mail<\/a><\/strong> aan de ledenadministratie.<\/p><p><span style=\"color: var( --e-global-color-text );font-family: var( --e-global-typography-text-font-family ), Open-sans;font-size: 1rem;font-weight: var( --e-global-typography-text-font-weight );text-align: var(--text-align)\">Cursisten zijn geen lid maar hebben wel gratis toegang tot de culturele activiteiten van de Alliance Fran\u00e7aise Stedendriehoek\u00a0<\/span><span style=\"color: var( --e-global-color-text );font-family: var( --e-global-typography-text-font-family ), Open-sans;font-weight: var( --e-global-typography-text-font-weight );text-align: var(--text-align);font-size: 1rem\">(tenzij anders aangegeven)<\/span><span style=\"color: var( --e-global-color-text );font-family: var( --e-global-typography-text-font-family ), Open-sans;font-size: 1rem;font-weight: var( --e-global-typography-text-font-weight );text-align: var(--text-align)\">.<\/span><\/p>\t\t\t\t\t\t\t\t<\/div>\n\t\t\t\t<\/div>\n\t\t\t\t\t<\/div>\n\t\t\t\t<\/div>\n\t\t<div class=\"elementor-element elementor-element-1349555 e-flex e-con-boxed e-con e-parent\" data-id=\"1349555\" data-element_type=\"container\" data-e-type=\"container\">\n\t\t\t\t\t<div class=\"e-con-inner\">\n\t\t\t\t<div class=\"elementor-element elementor-element-2aa8e8a elementor-align-center elementor-widget elementor-widget-button\" data-id=\"2aa8e8a\" data-element_type=\"widget\" data-e-type=\"widget\" data-widget_type=\"button.default\">\n\t\t\t\t<div class=\"elementor-widget-container\">\n\t\t\t\t\t\t\t\t\t<div class=\"elementor-button-wrapper\">\n\t\t\t\t\t<a class=\"elementor-button elementor-button-link elementor-size-md\" href=\"https:\/\/www.alliance-francaise.nl\/stedendriehoek\/product-categorie\/lidmaatschap\/\" target=\"_blank\">\n\t\t\t\t\t\t<span class=\"elementor-button-content-wrapper\">\n\t\t\t\t\t\t\t\t\t<span class=\"elementor-button-text\">Ja, ik wil lid worden (je gaat naar de winkel).<\/span>\n\t\t\t\t\t<\/span>\n\t\t\t\t\t<\/a>\n\t\t\t\t<\/div>\n\t\t\t\t\t\t\t\t<\/div>\n\t\t\t\t<\/div>\n\t\t\t\t\t<\/div>\n\t\t\t\t<\/div>\n\t\t\t\t<\/div>\n\t\t","protected":false},"excerpt":{"rendered":"<p>Word je ook lid? Lidmaatschap Alliance Fran\u00e7aise Stedendriehoek Heb je ook zoveel zin om weer naar Frankrijk op vakantie te gaan en wil je je hierop voorbereiden? Of wil je [&hellip;]<\/p>\n","protected":false},"author":1,"featured_media":0,"parent":0,"menu_order":0,"comment_status":"closed","ping_status":"closed","template":"elementor_header_footer","meta":{"footnotes":""},"class_list":["post-5106","page","type-page","status-publish","hentry"],"_links":{"self":[{"href":"https:\/\/www.alliance-francaise.nl\/stedendriehoek\/wp-json\/wp\/v2\/pages\/5106","targetHints":{"allow":["GET"]}}],"collection":[{"href":"https:\/\/www.alliance-francaise.nl\/stedendriehoek\/wp-json\/wp\/v2\/pages"}],"about":[{"href":"https:\/\/www.alliance-francaise.nl\/stedendriehoek\/wp-json\/wp\/v2\/types\/page"}],"author":[{"embeddable":true,"href":"https:\/\/www.alliance-francaise.nl\/stedendriehoek\/wp-json\/wp\/v2\/users\/1"}],"replies":[{"embeddable":true,"href":"https:\/\/www.alliance-francaise.nl\/stedendriehoek\/wp-json\/wp\/v2\/comments?post=5106"}],"version-history":[{"count":20,"href":"https:\/\/www.alliance-francaise.nl\/stedendriehoek\/wp-json\/wp\/v2\/pages\/5106\/revisions"}],"predecessor-version":[{"id":14187,"href":"https:\/\/www.alliance-francaise.nl\/stedendriehoek\/wp-json\/wp\/v2\/pages\/5106\/revisions\/14187"}],"wp:attachment":[{"href":"https:\/\/www.alliance-francaise.nl\/stedendriehoek\/wp-json\/wp\/v2\/media?parent=5106"}],"curies":[{"name":"wp","href":"https:\/\/api.w.org\/{rel}","templated":true}]}}