{"id":13383,"date":"2024-05-03T11:53:46","date_gmt":"2024-05-03T09:53:46","guid":{"rendered":"https:\/\/www.alliance-francaise.nl\/stedendriehoek\/?page_id=13383"},"modified":"2024-05-16T15:30:14","modified_gmt":"2024-05-16T13:30:14","slug":"agenda-culturel-2","status":"publish","type":"page","link":"https:\/\/www.alliance-francaise.nl\/stedendriehoek\/fr\/agenda-culturel-2\/","title":{"rendered":"Agenda culturel"},"content":{"rendered":"\t\t<div data-elementor-type=\"wp-page\" data-elementor-id=\"13383\" class=\"elementor elementor-13383\" data-elementor-post-type=\"page\">\n\t\t\t\t\t\t<section class=\"elementor-section elementor-top-section elementor-element elementor-element-2d54f598 elementor-section-boxed elementor-section-height-default elementor-section-height-default\" data-id=\"2d54f598\" data-element_type=\"section\" data-e-type=\"section\" data-settings=\"{&quot;background_background&quot;:&quot;classic&quot;}\">\n\t\t\t\t\t\t<div class=\"elementor-container elementor-column-gap-default\">\n\t\t\t\t\t<div class=\"elementor-column elementor-col-100 elementor-top-column elementor-element elementor-element-5c051c36\" data-id=\"5c051c36\" data-element_type=\"column\" data-e-type=\"column\">\n\t\t\t<div class=\"elementor-widget-wrap\">\n\t\t\t\t\t\t\t<\/div>\n\t\t<\/div>\n\t\t\t\t\t<\/div>\n\t\t<\/section>\n\t\t\t\t<section class=\"elementor-section elementor-top-section elementor-element elementor-element-5121a60d elementor-section-boxed elementor-section-height-default elementor-section-height-default\" data-id=\"5121a60d\" data-element_type=\"section\" data-e-type=\"section\">\n\t\t\t\t\t\t<div class=\"elementor-container elementor-column-gap-default\">\n\t\t\t\t\t<div class=\"elementor-column elementor-col-100 elementor-top-column elementor-element elementor-element-47946048\" data-id=\"47946048\" data-element_type=\"column\" data-e-type=\"column\" data-settings=\"{&quot;background_background&quot;:&quot;classic&quot;}\">\n\t\t\t<div class=\"elementor-widget-wrap elementor-element-populated\">\n\t\t\t\t\t<div class=\"elementor-background-overlay\"><\/div>\n\t\t\t\t\t\t<div class=\"elementor-element elementor-element-4ee05bbf elementor-widget elementor-widget-heading\" data-id=\"4ee05bbf\" data-element_type=\"widget\" data-e-type=\"widget\" data-widget_type=\"heading.default\">\n\t\t\t\t<div class=\"elementor-widget-container\">\n\t\t\t\t\t<h1 class=\"elementor-heading-title elementor-size-default\">Agenda culturel<\/h1>\t\t\t\t<\/div>\n\t\t\t\t<\/div>\n\t\t\t\t\t<\/div>\n\t\t<\/div>\n\t\t\t\t\t<\/div>\n\t\t<\/section>\n\t\t<div class=\"elementor-element elementor-element-d8b2f77 e-flex e-con-boxed e-con e-parent\" data-id=\"d8b2f77\" data-element_type=\"container\" data-e-type=\"container\">\n\t\t\t\t\t<div class=\"e-con-inner\">\n\t\t\t\t<div class=\"elementor-element elementor-element-1d70766 elementor-widget elementor-widget-text-editor\" data-id=\"1d70766\" data-element_type=\"widget\" data-e-type=\"widget\" data-widget_type=\"text-editor.default\">\n\t\t\t\t<div class=\"elementor-widget-container\">\n\t\t\t\t\t\t\t\t\t<p>L&#8217;un des objectifs de l&#8217;Alliance Fran\u00e7aise Stedendriehoek est d&#8217;organiser des activit\u00e9s culturelles li\u00e9es \u00e0 la France.\u00a0<span style=\"color: var( --e-global-color-text );font-family: var( --e-global-typography-text-font-family ), Open-sans;font-weight: var( --e-global-typography-text-font-weight );text-align: var(--text-align);font-size: 1rem\">Pour cela, nous proposons chaque saison un programme culturel vari\u00e9, alternant entre le fran\u00e7ais et le n\u00e9erlandais. Nous proposons notamment de la musique, des caf\u00e9s fran\u00e7ais, des conf\u00e9rences et des films.<\/span><\/p><p>Vous pouvez parcourir l&#8217;agenda culturel et choisir une autre pr\u00e9sentation si vous le souhaitez. En cliquant sur l&#8217;une des activit\u00e9s, vous pouvez :<\/p><ul><li>lire plus d&#8217;informations sur l&#8217;activit\u00e9,<\/li><li>vous inscrire \u00e0 l&#8217;activit\u00e9 si n\u00e9cessaire,<\/li><li>ajouter l&#8217;activit\u00e9 \u00e0 votre propre agenda (par exemple, Google ou Outlook) via le bouton &#8220;<span style=\"font-weight: bold\">Toevoegen aan Kalender<\/span>&#8220;.<br \/><br \/><\/li><\/ul><p>Pour vous offrir un aper\u00e7u complet des possibilit\u00e9s, en plus des activit\u00e9s culturelles, les cours th\u00e9matiques sont \u00e9galement inclus dans l&#8217;agenda. Vous pouvez vous inscrire \u00e0 la s\u00e9rie compl\u00e8te pour la plupart des cours th\u00e9matiques, mais aussi \u00e0 une le\u00e7on individuelle (maximum 2 par ann\u00e9e scolaire). Si vous trouvez quelque chose d&#8217;int\u00e9ressant, n&#8217;h\u00e9sitez pas, faites-vous plaisir et inscrivez-vous \u00e0 un cours th\u00e9matique (ou \u00e0 une le\u00e7on individuelle) ! \u00c0 partir de l&#8217;agenda, vous pouvez consulter plus d&#8217;informations et vous inscrire si vous le souhaitez.\u00a0<\/p>\t\t\t\t\t\t\t\t<\/div>\n\t\t\t\t<\/div>\n\t\t\t\t\t<\/div>\n\t\t\t\t<\/div>\n\t\t<div class=\"elementor-element elementor-element-cfd8a56 e-flex e-con-boxed e-con e-parent\" data-id=\"cfd8a56\" data-element_type=\"container\" data-e-type=\"container\">\n\t\t\t\t\t<div class=\"e-con-inner\">\n\t\t\t\t<div class=\"elementor-element elementor-element-4ad3688 elementor-widget elementor-widget-button\" data-id=\"4ad3688\" data-element_type=\"widget\" data-e-type=\"widget\" data-widget_type=\"button.default\">\n\t\t\t\t<div class=\"elementor-widget-container\">\n\t\t\t\t\t\t\t\t\t<div class=\"elementor-button-wrapper\">\n\t\t\t\t\t<a class=\"elementor-button elementor-button-link elementor-size-sm\" href=\"https:\/\/www.alliance-francaise.nl\/stedendriehoek\/activiteiten\/month\/\" target=\"_blank\">\n\t\t\t\t\t\t<span class=\"elementor-button-content-wrapper\">\n\t\t\t\t\t\t\t\t\t<span class=\"elementor-button-text\">Vers l'agenda culturel<\/span>\n\t\t\t\t\t<\/span>\n\t\t\t\t\t<\/a>\n\t\t\t\t<\/div>\n\t\t\t\t\t\t\t\t<\/div>\n\t\t\t\t<\/div>\n\t\t\t\t\t<\/div>\n\t\t\t\t<\/div>\n\t\t\t\t<\/div>\n\t\t","protected":false},"excerpt":{"rendered":"<p>Agenda culturel L&#8217;un des objectifs de l&#8217;Alliance Fran\u00e7aise Stedendriehoek est d&#8217;organiser des activit\u00e9s culturelles li\u00e9es \u00e0 la France.\u00a0Pour cela, nous proposons chaque saison un programme culturel vari\u00e9, alternant entre le [&hellip;]<\/p>\n","protected":false},"author":1,"featured_media":0,"parent":0,"menu_order":0,"comment_status":"closed","ping_status":"closed","template":"elementor_header_footer","meta":{"footnotes":""},"class_list":["post-13383","page","type-page","status-publish","hentry"],"_links":{"self":[{"href":"https:\/\/www.alliance-francaise.nl\/stedendriehoek\/wp-json\/wp\/v2\/pages\/13383","targetHints":{"allow":["GET"]}}],"collection":[{"href":"https:\/\/www.alliance-francaise.nl\/stedendriehoek\/wp-json\/wp\/v2\/pages"}],"about":[{"href":"https:\/\/www.alliance-francaise.nl\/stedendriehoek\/wp-json\/wp\/v2\/types\/page"}],"author":[{"embeddable":true,"href":"https:\/\/www.alliance-francaise.nl\/stedendriehoek\/wp-json\/wp\/v2\/users\/1"}],"replies":[{"embeddable":true,"href":"https:\/\/www.alliance-francaise.nl\/stedendriehoek\/wp-json\/wp\/v2\/comments?post=13383"}],"version-history":[{"count":11,"href":"https:\/\/www.alliance-francaise.nl\/stedendriehoek\/wp-json\/wp\/v2\/pages\/13383\/revisions"}],"predecessor-version":[{"id":13687,"href":"https:\/\/www.alliance-francaise.nl\/stedendriehoek\/wp-json\/wp\/v2\/pages\/13383\/revisions\/13687"}],"wp:attachment":[{"href":"https:\/\/www.alliance-francaise.nl\/stedendriehoek\/wp-json\/wp\/v2\/media?parent=13383"}],"curies":[{"name":"wp","href":"https:\/\/api.w.org\/{rel}","templated":true}]}}

<div data-elementor-type="wp-page" data-elementor-id="13383" class="elementor elementor-13383" data-elementor-post-type="page">
						<section class="elementor-section elementor-top-section elementor-element elementor-element-2d54f598 elementor-section-boxed elementor-section-height-default elementor-section-height-default" data-id="2d54f598" data-element_type="section" data-e-type="section" data-settings="{&quot;background_background&quot;:&quot;classic&quot;}">
						<div class="elementor-container elementor-column-gap-default">
					<div class="elementor-column elementor-col-100 elementor-top-column elementor-element elementor-element-5c051c36" data-id="5c051c36" data-element_type="column" data-e-type="column">
			<div class="elementor-widget-wrap">
							</div>
		</div>
					</div>
		</section>
				<section class="elementor-section elementor-top-section elementor-element elementor-element-5121a60d elementor-section-boxed elementor-section-height-default elementor-section-height-default" data-id="5121a60d" data-element_type="section" data-e-type="section">
						<div class="elementor-container elementor-column-gap-default">
					<div class="elementor-column elementor-col-100 elementor-top-column elementor-element elementor-element-47946048" data-id="47946048" data-element_type="column" data-e-type="column" data-settings="{&quot;background_background&quot;:&quot;classic&quot;}">
			<div class="elementor-widget-wrap elementor-element-populated">
					<div class="elementor-background-overlay"></div>
						<div class="elementor-element elementor-element-4ee05bbf elementor-widget elementor-widget-heading" data-id="4ee05bbf" data-element_type="widget" data-e-type="widget" data-widget_type="heading.default">
				<div class="elementor-widget-container">
					<h1 class="elementor-heading-title elementor-size-default">Agenda culturel</h1>				</div>
				</div>
					</div>
		</div>
					</div>
		</section>
		<div class="elementor-element elementor-element-d8b2f77 e-flex e-con-boxed e-con e-parent" data-id="d8b2f77" data-element_type="container" data-e-type="container">
					<div class="e-con-inner">
				<div class="elementor-element elementor-element-1d70766 elementor-widget elementor-widget-text-editor" data-id="1d70766" data-element_type="widget" data-e-type="widget" data-widget_type="text-editor.default">
				<div class="elementor-widget-container">
									<p>L&#8217;un des objectifs de l&#8217;Alliance Française Stedendriehoek est d&#8217;organiser des activités culturelles liées à la France. <span style="color: var( --e-global-color-text );font-family: var( --e-global-typography-text-font-family ), Open-sans;font-weight: var( --e-global-typography-text-font-weight );text-align: var(--text-align);font-size: 1rem">Pour cela, nous proposons chaque saison un programme culturel varié, alternant entre le français et le néerlandais. Nous proposons notamment de la musique, des cafés français, des conférences et des films.</span></p><p>Vous pouvez parcourir l&#8217;agenda culturel et choisir une autre présentation si vous le souhaitez. En cliquant sur l&#8217;une des activités, vous pouvez :</p><ul><li>lire plus d&#8217;informations sur l&#8217;activité,</li><li>vous inscrire à l&#8217;activité si nécessaire,</li><li>ajouter l&#8217;activité à votre propre agenda (par exemple, Google ou Outlook) via le bouton &#8220;<span style="font-weight: bold">Toevoegen aan Kalender</span>&#8220;.<br /><br /></li></ul><p>Pour vous offrir un aperçu complet des possibilités, en plus des activités culturelles, les cours thématiques sont également inclus dans l&#8217;agenda. Vous pouvez vous inscrire à la série complète pour la plupart des cours thématiques, mais aussi à une leçon individuelle (maximum 2 par année scolaire). Si vous trouvez quelque chose d&#8217;intéressant, n&#8217;hésitez pas, faites-vous plaisir et inscrivez-vous à un cours thématique (ou à une leçon individuelle) ! À partir de l&#8217;agenda, vous pouvez consulter plus d&#8217;informations et vous inscrire si vous le souhaitez. </p>								</div>
				</div>
					</div>
				</div>
		<div class="elementor-element elementor-element-cfd8a56 e-flex e-con-boxed e-con e-parent" data-id="cfd8a56" data-element_type="container" data-e-type="container">
					<div class="e-con-inner">
				<div class="elementor-element elementor-element-4ad3688 elementor-widget elementor-widget-button" data-id="4ad3688" data-element_type="widget" data-e-type="widget" data-widget_type="button.default">
				<div class="elementor-widget-container">
									<div class="elementor-button-wrapper">
					<a class="elementor-button elementor-button-link elementor-size-sm" href="https://www.alliance-francaise.nl/stedendriehoek/activiteiten/month/" target="_blank">
						<span class="elementor-button-content-wrapper">
									<span class="elementor-button-text">Vers l'agenda culturel</span>
					</span>
					</a>
				</div>
								</div>
				</div>
					</div>
				</div>
				</div>

<p>Agenda culturel L&#8217;un des objectifs de l&#8217;Alliance Française Stedendriehoek est d&#8217;organiser des activités culturelles liées à la France. Pour cela, nous proposons chaque saison un programme culturel varié, alternant entre le [&hellip;]</p>
