{"id":722,"date":"2020-08-21T13:30:30","date_gmt":"2020-08-21T11:30:30","guid":{"rendered":"https:\/\/www.alliance-francaise.nl\/2020\/roosendaal\/?page_id=722"},"modified":"2023-08-28T15:10:25","modified_gmt":"2023-08-28T13:10:25","slug":"aanmelden-cursus","status":"publish","type":"page","link":"https:\/\/www.alliance-francaise.nl\/roosendaal\/aanmelden-cursus\/","title":{"rendered":"Aanmelden cursus"},"content":{"rendered":"\t\t<div data-elementor-type=\"wp-page\" data-elementor-id=\"722\" class=\"elementor elementor-722\" data-elementor-post-type=\"page\">\n\t\t\t\t\t\t<section class=\"elementor-section elementor-top-section elementor-element elementor-element-bed9640 elementor-section-boxed elementor-section-height-default elementor-section-height-default\" data-id=\"bed9640\" data-element_type=\"section\" data-e-type=\"section\">\n\t\t\t\t\t\t<div class=\"elementor-container elementor-column-gap-default\">\n\t\t\t\t\t<div class=\"elementor-column elementor-col-100 elementor-top-column elementor-element elementor-element-8fbe064\" data-id=\"8fbe064\" data-element_type=\"column\" data-e-type=\"column\">\n\t\t\t<div class=\"elementor-widget-wrap elementor-element-populated\">\n\t\t\t\t\t\t<div class=\"elementor-element elementor-element-ce21617 elementor-widget elementor-widget-heading\" data-id=\"ce21617\" data-element_type=\"widget\" data-e-type=\"widget\" data-widget_type=\"heading.default\">\n\t\t\t\t<div class=\"elementor-widget-container\">\n\t\t\t\t\t<h2 class=\"elementor-heading-title elementor-size-default\">Inschrijfformulier voor een cursus<\/h2>\t\t\t\t<\/div>\n\t\t\t\t<\/div>\n\t\t\t\t\t<\/div>\n\t\t<\/div>\n\t\t\t\t\t<\/div>\n\t\t<\/section>\n\t\t\t\t<section class=\"elementor-section elementor-top-section elementor-element elementor-element-6d8eb6e elementor-section-boxed elementor-section-height-default elementor-section-height-default\" data-id=\"6d8eb6e\" data-element_type=\"section\" data-e-type=\"section\">\n\t\t\t\t\t\t<div class=\"elementor-container elementor-column-gap-default\">\n\t\t\t\t\t<div class=\"elementor-column elementor-col-100 elementor-top-column elementor-element elementor-element-28c8801\" data-id=\"28c8801\" data-element_type=\"column\" data-e-type=\"column\">\n\t\t\t<div class=\"elementor-widget-wrap elementor-element-populated\">\n\t\t\t\t\t\t<div class=\"elementor-element elementor-element-298516f elementor-widget elementor-widget-text-editor\" data-id=\"298516f\" data-element_type=\"widget\" data-e-type=\"widget\" data-widget_type=\"text-editor.default\">\n\t\t\t\t<div class=\"elementor-widget-container\">\n\t\t\t\t\t\t\t\t\t<p><span style=\"color: #da002e\"><strong>Inschrijven<br \/><\/strong><\/span><span style=\"color: #da002e\">Aanmelden voor een cursus geschiedt door het insturen van onderstaand inschrijfformulier. Bij voldoende aanmeldingen ontvangt u van de cursusco\u00f6rdinator informatie over plaats, tijd en lesmaterialen en een betalingsverzoek voor het cursusgeld. <br \/><\/span><\/p><p><span style=\"color: #da002e\"><strong>Afmelden<br \/><\/strong><\/span><span style=\"color: #da002e\">Afmelden kan tot uiterlijk 1 week voor aanvang van de cursus. Bij afmelden in de eerste week van de cursus wordt \u20ac 15,- administratiekosten in<\/span> <span style=\"color: #da002e\">rekening gebracht, daarna is het volledige cursusbedrag verschuldigd.<\/span><\/p>\t\t\t\t\t\t\t\t<\/div>\n\t\t\t\t<\/div>\n\t\t\t\t\t<\/div>\n\t\t<\/div>\n\t\t\t\t\t<\/div>\n\t\t<\/section>\n\t\t\t\t<section class=\"elementor-section elementor-top-section elementor-element elementor-element-562a7b6 elementor-section-boxed elementor-section-height-default elementor-section-height-default\" data-id=\"562a7b6\" data-element_type=\"section\" data-e-type=\"section\">\n\t\t\t\t\t\t<div class=\"elementor-container elementor-column-gap-default\">\n\t\t\t\t\t<div class=\"elementor-column elementor-col-100 elementor-top-column elementor-element elementor-element-fa30976\" data-id=\"fa30976\" data-element_type=\"column\" data-e-type=\"column\">\n\t\t\t<div class=\"elementor-widget-wrap elementor-element-populated\">\n\t\t\t\t\t\t<div class=\"elementor-element elementor-element-e0b3d60 eael-contact-form-7-button-align-left eael-contact-form-7-button-custom elementor-widget elementor-widget-eael-contact-form-7\" data-id=\"e0b3d60\" data-element_type=\"widget\" data-e-type=\"widget\" data-widget_type=\"eael-contact-form-7.default\">\n\t\t\t\t<div class=\"elementor-widget-container\">\n\t\t\t\t\t<div class=\"eael-contact-form-7-wrapper\">\n                <div class=\"eael-contact-form eael-contact-form-7 eael-contact-form-e0b3d60 placeholder-show eael-contact-form-align-default\">\n<div class=\"wpcf7 no-js\" id=\"wpcf7-f1673-o1\" lang=\"nl-NL\" dir=\"ltr\" data-wpcf7-id=\"1673\">\n<div class=\"screen-reader-response\"><p role=\"status\" aria-live=\"polite\" aria-atomic=\"true\"><\/p> <ul><\/ul><\/div>\n<form action=\"\/roosendaal\/wp-json\/wp\/v2\/pages\/722#wpcf7-f1673-o1\" method=\"post\" class=\"wpcf7-form init\" aria-label=\"Contactformulier\" novalidate=\"novalidate\" data-status=\"init\">\n<fieldset class=\"hidden-fields-container\"><input type=\"hidden\" name=\"_wpcf7\" value=\"1673\" \/><input type=\"hidden\" name=\"_wpcf7_version\" value=\"6.1.5\" \/><input type=\"hidden\" name=\"_wpcf7_locale\" value=\"nl_NL\" \/><input type=\"hidden\" name=\"_wpcf7_unit_tag\" value=\"wpcf7-f1673-o1\" \/><input type=\"hidden\" name=\"_wpcf7_container_post\" value=\"0\" \/><input type=\"hidden\" name=\"_wpcf7_posted_data_hash\" value=\"\" \/><input type=\"hidden\" name=\"_wpcf7_recaptcha_response\" value=\"\" \/>\n<\/fieldset>\n<p>Voorletters en roepnaam<br \/>\n<span class=\"wpcf7-form-control-wrap\" data-name=\"your-voorname\"><input size=\"40\" maxlength=\"400\" class=\"wpcf7-form-control wpcf7-text wpcf7-validates-as-required\" aria-required=\"true\" aria-invalid=\"false\" value=\"\" type=\"text\" name=\"your-voorname\" \/><\/span>\n<\/p>\n<p>Achternaam<br \/>\n<span class=\"wpcf7-form-control-wrap\" data-name=\"your-achtername\"><input size=\"40\" maxlength=\"400\" class=\"wpcf7-form-control wpcf7-text wpcf7-validates-as-required\" aria-required=\"true\" aria-invalid=\"false\" value=\"\" type=\"text\" name=\"your-achtername\" \/><\/span>\n<\/p>\n<p>Straat en huisnummer\n<\/p>\n<p><span class=\"wpcf7-form-control-wrap\" data-name=\"your-adresstraat\"><input size=\"40\" maxlength=\"400\" class=\"wpcf7-form-control wpcf7-text wpcf7-validates-as-required\" aria-required=\"true\" aria-invalid=\"false\" value=\"\" type=\"text\" name=\"your-adresstraat\" \/><\/span>\n<\/p>\n<p>Postcode\n<\/p>\n<p><span class=\"wpcf7-form-control-wrap\" data-name=\"your-postcode\"><input size=\"40\" maxlength=\"400\" class=\"wpcf7-form-control wpcf7-text wpcf7-validates-as-required\" aria-required=\"true\" aria-invalid=\"false\" value=\"\" type=\"text\" name=\"your-postcode\" \/><\/span>\n<\/p>\n<p>Woonplaats\n<\/p>\n<p><span class=\"wpcf7-form-control-wrap\" data-name=\"your-adresplaats\"><input size=\"40\" maxlength=\"400\" class=\"wpcf7-form-control wpcf7-text wpcf7-validates-as-required\" aria-required=\"true\" aria-invalid=\"false\" value=\"\" type=\"text\" name=\"your-adresplaats\" \/><\/span>\n<\/p>\n<p>Telefoonnummer (mobiel)\n<\/p>\n<p><span class=\"wpcf7-form-control-wrap\" data-name=\"your-adrescode\"><input size=\"40\" maxlength=\"400\" class=\"wpcf7-form-control wpcf7-text wpcf7-validates-as-required\" aria-required=\"true\" aria-invalid=\"false\" value=\"\" type=\"text\" name=\"your-adrescode\" \/><\/span>\n<\/p>\n<p>E-mailadres\n<\/p>\n<p><span class=\"wpcf7-form-control-wrap\" data-name=\"your-email\"><input size=\"40\" maxlength=\"400\" class=\"wpcf7-form-control wpcf7-email wpcf7-validates-as-required wpcf7-text wpcf7-validates-as-email\" aria-required=\"true\" aria-invalid=\"false\" value=\"\" type=\"email\" name=\"your-email\" \/><\/span>\n<\/p>\n<p>Geboortedatum\n<\/p>\n<p><span class=\"wpcf7-form-control-wrap\" data-name=\"your-geboortejaar\"><input size=\"40\" maxlength=\"400\" class=\"wpcf7-form-control wpcf7-text wpcf7-validates-as-required\" aria-required=\"true\" aria-invalid=\"false\" value=\"\" type=\"text\" name=\"your-geboortejaar\" \/><\/span>\n<\/p>\n<p>Vooropleiding Frans:\n<\/p>\n<p><span class=\"wpcf7-form-control-wrap\" data-name=\"your-subject2\"><input size=\"40\" maxlength=\"400\" class=\"wpcf7-form-control wpcf7-text\" aria-invalid=\"false\" value=\"\" type=\"text\" name=\"your-subject2\" \/><\/span>\n<\/p>\n<p>Wenst zich in te schrijven voor de cursus:\n<\/p>\n<p><span class=\"wpcf7-form-control-wrap\" data-name=\"your-subject3\"><input size=\"40\" maxlength=\"400\" class=\"wpcf7-form-control wpcf7-text\" aria-invalid=\"false\" value=\"\" type=\"text\" name=\"your-subject3\" \/><\/span>\n<\/p>\n<p>Voorkeur lestijd: (ochtend \/ middag \/ avond \/ geen voorkeur)<br \/>\n<span class=\"wpcf7-form-control-wrap\" data-name=\"your-subject4\"><input size=\"40\" maxlength=\"400\" class=\"wpcf7-form-control wpcf7-text\" aria-invalid=\"false\" value=\"\" type=\"text\" name=\"your-subject4\" \/><\/span>\n<\/p>\n<p>Ik word\/blijf lid voor \u20ac 35 per jaar en krijg daarom \u20ac 20 korting bij jaarcursussen en korting bij activiteiten en excursies.<br \/>\n<span class=\"wpcf7-form-control-wrap\" data-name=\"menu-147\"><select class=\"wpcf7-form-control wpcf7-select wpcf7-validates-as-required\" aria-required=\"true\" aria-invalid=\"false\" name=\"menu-147\"><option value=\"ja\">ja<\/option><option value=\"nee\">nee<\/option><\/select><\/span>\n<\/p>\n<p>Ik word\/blijf kortingsabonnee van tijdschrift En Route.<br \/>\n(Een jaarabonnement kost \u20ac 32. Leden van Alliance Fran\u00e7aise Roosendaal betalen \u20ac 25.)<br \/>\n<span class=\"wpcf7-form-control-wrap\" data-name=\"menu-326\"><select class=\"wpcf7-form-control wpcf7-select wpcf7-validates-as-required\" aria-required=\"true\" aria-invalid=\"false\" name=\"menu-326\"><option value=\"ja\">ja<\/option><option value=\"nee\">nee<\/option><\/select><\/span>\n<\/p>\n<p>Eventuele opmerkingen (bijvoorbeeld welke dagen\/avonden niet mogelijk):\n<\/p>\n<p><span class=\"wpcf7-form-control-wrap\" data-name=\"your-message\"><textarea cols=\"40\" rows=\"10\" maxlength=\"2000\" class=\"wpcf7-form-control wpcf7-textarea\" aria-invalid=\"false\" name=\"your-message\"><\/textarea><\/span>\n<\/p>\n<p><span class=\"wpcf7-form-control-wrap\" data-name=\"acceptance-527\"><span class=\"wpcf7-form-control wpcf7-acceptance\"><span class=\"wpcf7-list-item\"><label><input type=\"checkbox\" name=\"acceptance-527\" value=\"1\" aria-invalid=\"false\" \/><span class=\"wpcf7-list-item-label\">(verplicht veld:)<br \/> Ik verbind me tot betaling van het verschuldigde cursusgeld v\u00f3\u00f3r aanvang van de cursus op rekeningnummer IBAN NL41 INGB 0004 8391 94 t.n.v. Alliance Fran\u00e7aise Roosendaal.<\/span><\/label><\/span><\/span><\/span>\n<\/p>\n<p><span class=\"wpcf7-form-control-wrap\" data-name=\"acceptance-528\"><span class=\"wpcf7-form-control wpcf7-acceptance\"><span class=\"wpcf7-list-item\"><label><input type=\"checkbox\" name=\"acceptance-528\" value=\"1\" aria-invalid=\"false\" \/><span class=\"wpcf7-list-item-label\">(verplicht veld:)<br \/> Ik ga akkoord met de Privacy Verklaring van de Vereniging Alliance Fran\u00e7aise Roosendaal.<\/span><\/label><\/span><\/span><\/span>\n<\/p>\n<p>Noot: Bij elke aanvraag sturen wij een email ter bevestiging. Het komt voor dat onze reactie op uw aanvraag in uw \"spam\" box terecht komt.\n<\/p>\n<p><input class=\"wpcf7-form-control wpcf7-submit has-spinner\" type=\"submit\" value=\"Verzenden\" \/>\n<\/p><div class=\"wpcf7-response-output\" aria-hidden=\"true\"><\/div>\n<\/form>\n<\/div>\n<\/div>\n            <\/div>\t\t\t\t<\/div>\n\t\t\t\t<\/div>\n\t\t\t\t\t<\/div>\n\t\t<\/div>\n\t\t\t\t\t<\/div>\n\t\t<\/section>\n\t\t\t\t<\/div>\n\t\t","protected":false},"excerpt":{"rendered":"<p>Inschrijfformulier voor een cursus InschrijvenAanmelden voor een cursus geschiedt door het insturen van onderstaand inschrijfformulier. Bij voldoende aanmeldingen ontvangt u van de cursusco\u00f6rdinator informatie over plaats, tijd en lesmaterialen en [&hellip;]<\/p>\n","protected":false},"author":14,"featured_media":0,"parent":0,"menu_order":0,"comment_status":"closed","ping_status":"closed","template":"","meta":{"footnotes":""},"class_list":["post-722","page","type-page","status-publish","hentry"],"_links":{"self":[{"href":"https:\/\/www.alliance-francaise.nl\/roosendaal\/wp-json\/wp\/v2\/pages\/722","targetHints":{"allow":["GET"]}}],"collection":[{"href":"https:\/\/www.alliance-francaise.nl\/roosendaal\/wp-json\/wp\/v2\/pages"}],"about":[{"href":"https:\/\/www.alliance-francaise.nl\/roosendaal\/wp-json\/wp\/v2\/types\/page"}],"author":[{"embeddable":true,"href":"https:\/\/www.alliance-francaise.nl\/roosendaal\/wp-json\/wp\/v2\/users\/14"}],"replies":[{"embeddable":true,"href":"https:\/\/www.alliance-francaise.nl\/roosendaal\/wp-json\/wp\/v2\/comments?post=722"}],"version-history":[{"count":20,"href":"https:\/\/www.alliance-francaise.nl\/roosendaal\/wp-json\/wp\/v2\/pages\/722\/revisions"}],"predecessor-version":[{"id":1746,"href":"https:\/\/www.alliance-francaise.nl\/roosendaal\/wp-json\/wp\/v2\/pages\/722\/revisions\/1746"}],"wp:attachment":[{"href":"https:\/\/www.alliance-francaise.nl\/roosendaal\/wp-json\/wp\/v2\/media?parent=722"}],"curies":[{"name":"wp","href":"https:\/\/api.w.org\/{rel}","templated":true}]}}