{"id":347,"date":"2020-06-09T18:05:57","date_gmt":"2020-06-09T18:05:57","guid":{"rendered":"https:\/\/www.alliance-francaise.nl\/2020\/roosendaal\/?page_id=347"},"modified":"2026-03-28T10:43:23","modified_gmt":"2026-03-28T09:43:23","slug":"cafe-francais","status":"publish","type":"page","link":"https:\/\/www.alliance-francaise.nl\/roosendaal\/culturele-agenda\/cafe-francais\/","title":{"rendered":"Caf\u00e9 fran\u00e7ais"},"content":{"rendered":"\t\t<div data-elementor-type=\"wp-page\" data-elementor-id=\"347\" class=\"elementor elementor-347\" data-elementor-post-type=\"page\">\n\t\t\t\t\t\t<section class=\"elementor-section elementor-top-section elementor-element elementor-element-186d8a20 elementor-section-boxed elementor-section-height-default elementor-section-height-default\" data-id=\"186d8a20\" data-element_type=\"section\" data-e-type=\"section\" data-settings=\"{&quot;background_background&quot;:&quot;classic&quot;}\">\n\t\t\t\t\t\t<div class=\"elementor-container elementor-column-gap-default\">\n\t\t\t\t\t<div class=\"elementor-column elementor-col-100 elementor-top-column elementor-element elementor-element-c368472\" data-id=\"c368472\" data-element_type=\"column\" data-e-type=\"column\">\n\t\t\t<div class=\"elementor-widget-wrap\">\n\t\t\t\t\t\t\t<\/div>\n\t\t<\/div>\n\t\t\t\t\t<\/div>\n\t\t<\/section>\n\t\t\t\t<section class=\"elementor-section elementor-top-section elementor-element elementor-element-7b6dda51 elementor-section-boxed elementor-section-height-default elementor-section-height-default\" data-id=\"7b6dda51\" data-element_type=\"section\" data-e-type=\"section\">\n\t\t\t\t\t\t<div class=\"elementor-container elementor-column-gap-default\">\n\t\t\t\t\t<div class=\"elementor-column elementor-col-100 elementor-top-column elementor-element elementor-element-18d4a999\" data-id=\"18d4a999\" data-element_type=\"column\" data-e-type=\"column\" data-settings=\"{&quot;background_background&quot;:&quot;classic&quot;}\">\n\t\t\t<div class=\"elementor-widget-wrap elementor-element-populated\">\n\t\t\t\t\t<div class=\"elementor-background-overlay\"><\/div>\n\t\t\t\t\t\t<div class=\"elementor-element elementor-element-6e122e89 elementor-widget elementor-widget-heading\" data-id=\"6e122e89\" data-element_type=\"widget\" data-e-type=\"widget\" data-widget_type=\"heading.default\">\n\t\t\t\t<div class=\"elementor-widget-container\">\n\t\t\t\t\t<h1 class=\"elementor-heading-title elementor-size-default\">Caf\u00e9 fran\u00e7ais<\/h1>\t\t\t\t<\/div>\n\t\t\t\t<\/div>\n\t\t\t\t\t<\/div>\n\t\t<\/div>\n\t\t\t\t\t<\/div>\n\t\t<\/section>\n\t\t\t\t<section class=\"elementor-section elementor-top-section elementor-element elementor-element-ae931aa elementor-section-boxed elementor-section-height-default elementor-section-height-default\" data-id=\"ae931aa\" data-element_type=\"section\" data-e-type=\"section\">\n\t\t\t\t\t\t<div class=\"elementor-container elementor-column-gap-default\">\n\t\t\t\t\t<div class=\"elementor-column elementor-col-100 elementor-top-column elementor-element elementor-element-724a10ac\" data-id=\"724a10ac\" data-element_type=\"column\" data-e-type=\"column\">\n\t\t\t<div class=\"elementor-widget-wrap elementor-element-populated\">\n\t\t\t\t\t\t<div class=\"elementor-element elementor-element-8b92988 elementor-widget elementor-widget-text-editor\" data-id=\"8b92988\" data-element_type=\"widget\" data-e-type=\"widget\" data-widget_type=\"text-editor.default\">\n\t\t\t\t<div class=\"elementor-widget-container\">\n\t\t\t\t\t\t\t\t\t<p style=\"text-align: left\">Elke <strong>dinsdagavond<\/strong> vanaf ongeveer 20.00 uur komen we met enkele leden \u00e9n niet-leden bijeen in de brasserie van <strong>Hotel Tongerlo<\/strong>, Bloemenmarkt 2, om samen onze Franse spreekvaardigheid te oefenen onder het genot van een kopje koffie of een glaasje wijn.<\/p><p>Daarnaast is er twee keer per maand op <strong>woensdagochtend<\/strong> (even weken) een Caf\u00e9 Fran\u00e7ais, van ongeveer 10.30 tot 12.00 uur in <strong>Grand caf\u00e9 Chagall<\/strong>, Markt 24, Roosendaal. Doorgaans zitten we achter in het caf\u00e9. Bij mooi weer zitten we op het terras aan de Markt.<\/p><p>Iedereen is welkom, ook de minder ervaren spreker. Deelname is gratis, je betaalt alleen je eigen drankjes.<br \/>Een mooie gelegenheid om je kennis van de Franse taal op peil te houden of te verbeteren.<\/p><p>Ook in de vakantieperiodes gaat het Caf\u00e9 Fran\u00e7ais gewoon door! U bent van harte welkom om aan te sluiten, kennis te maken met andere francofielen, vakantietips uit te wisselen of te praten over koetjes en kalfjes.<\/p><p style=\"text-align: left\">\u00c0 bient\u00f4t !<\/p>\t\t\t\t\t\t\t\t<\/div>\n\t\t\t\t<\/div>\n\t\t\t\t\t<\/div>\n\t\t<\/div>\n\t\t\t\t\t<\/div>\n\t\t<\/section>\n\t\t\t\t<\/div>\n\t\t","protected":false},"excerpt":{"rendered":"<p>Caf\u00e9 fran\u00e7ais Elke dinsdagavond vanaf ongeveer 20.00 uur komen we met enkele leden \u00e9n niet-leden bijeen in de brasserie van Hotel Tongerlo, Bloemenmarkt 2, om samen onze Franse spreekvaardigheid te [&hellip;]<\/p>\n","protected":false},"author":14,"featured_media":0,"parent":117,"menu_order":0,"comment_status":"closed","ping_status":"closed","template":"elementor_header_footer","meta":{"footnotes":""},"class_list":["post-347","page","type-page","status-publish","hentry"],"_links":{"self":[{"href":"https:\/\/www.alliance-francaise.nl\/roosendaal\/wp-json\/wp\/v2\/pages\/347","targetHints":{"allow":["GET"]}}],"collection":[{"href":"https:\/\/www.alliance-francaise.nl\/roosendaal\/wp-json\/wp\/v2\/pages"}],"about":[{"href":"https:\/\/www.alliance-francaise.nl\/roosendaal\/wp-json\/wp\/v2\/types\/page"}],"author":[{"embeddable":true,"href":"https:\/\/www.alliance-francaise.nl\/roosendaal\/wp-json\/wp\/v2\/users\/14"}],"replies":[{"embeddable":true,"href":"https:\/\/www.alliance-francaise.nl\/roosendaal\/wp-json\/wp\/v2\/comments?post=347"}],"version-history":[{"count":20,"href":"https:\/\/www.alliance-francaise.nl\/roosendaal\/wp-json\/wp\/v2\/pages\/347\/revisions"}],"predecessor-version":[{"id":2578,"href":"https:\/\/www.alliance-francaise.nl\/roosendaal\/wp-json\/wp\/v2\/pages\/347\/revisions\/2578"}],"up":[{"embeddable":true,"href":"https:\/\/www.alliance-francaise.nl\/roosendaal\/wp-json\/wp\/v2\/pages\/117"}],"wp:attachment":[{"href":"https:\/\/www.alliance-francaise.nl\/roosendaal\/wp-json\/wp\/v2\/media?parent=347"}],"curies":[{"name":"wp","href":"https:\/\/api.w.org\/{rel}","templated":true}]}}

Café français

<div data-elementor-type="wp-page" data-elementor-id="347" class="elementor elementor-347" data-elementor-post-type="page">
						<section class="elementor-section elementor-top-section elementor-element elementor-element-186d8a20 elementor-section-boxed elementor-section-height-default elementor-section-height-default" data-id="186d8a20" data-element_type="section" data-e-type="section" data-settings="{&quot;background_background&quot;:&quot;classic&quot;}">
						<div class="elementor-container elementor-column-gap-default">
					<div class="elementor-column elementor-col-100 elementor-top-column elementor-element elementor-element-c368472" data-id="c368472" data-element_type="column" data-e-type="column">
			<div class="elementor-widget-wrap">
							</div>
		</div>
					</div>
		</section>
				<section class="elementor-section elementor-top-section elementor-element elementor-element-7b6dda51 elementor-section-boxed elementor-section-height-default elementor-section-height-default" data-id="7b6dda51" data-element_type="section" data-e-type="section">
						<div class="elementor-container elementor-column-gap-default">
					<div class="elementor-column elementor-col-100 elementor-top-column elementor-element elementor-element-18d4a999" data-id="18d4a999" data-element_type="column" data-e-type="column" data-settings="{&quot;background_background&quot;:&quot;classic&quot;}">
			<div class="elementor-widget-wrap elementor-element-populated">
					<div class="elementor-background-overlay"></div>
						<div class="elementor-element elementor-element-6e122e89 elementor-widget elementor-widget-heading" data-id="6e122e89" data-element_type="widget" data-e-type="widget" data-widget_type="heading.default">
				<div class="elementor-widget-container">
					<h1 class="elementor-heading-title elementor-size-default">Café français</h1>				</div>
				</div>
					</div>
		</div>
					</div>
		</section>
				<section class="elementor-section elementor-top-section elementor-element elementor-element-ae931aa elementor-section-boxed elementor-section-height-default elementor-section-height-default" data-id="ae931aa" data-element_type="section" data-e-type="section">
						<div class="elementor-container elementor-column-gap-default">
					<div class="elementor-column elementor-col-100 elementor-top-column elementor-element elementor-element-724a10ac" data-id="724a10ac" data-element_type="column" data-e-type="column">
			<div class="elementor-widget-wrap elementor-element-populated">
						<div class="elementor-element elementor-element-8b92988 elementor-widget elementor-widget-text-editor" data-id="8b92988" data-element_type="widget" data-e-type="widget" data-widget_type="text-editor.default">
				<div class="elementor-widget-container">
									<p style="text-align: left">Elke <strong>dinsdagavond</strong> vanaf ongeveer 20.00 uur komen we met enkele leden én niet-leden bijeen in de brasserie van <strong>Hotel Tongerlo</strong>, Bloemenmarkt 2, om samen onze Franse spreekvaardigheid te oefenen onder het genot van een kopje koffie of een glaasje wijn.</p><p>Daarnaast is er twee keer per maand op <strong>woensdagochtend</strong> (even weken) een Café Français, van ongeveer 10.30 tot 12.00 uur in <strong>Grand café Chagall</strong>, Markt 24, Roosendaal. Doorgaans zitten we achter in het café. Bij mooi weer zitten we op het terras aan de Markt.</p><p>Iedereen is welkom, ook de minder ervaren spreker. Deelname is gratis, je betaalt alleen je eigen drankjes.<br />Een mooie gelegenheid om je kennis van de Franse taal op peil te houden of te verbeteren.</p><p>Ook in de vakantieperiodes gaat het Café Français gewoon door! U bent van harte welkom om aan te sluiten, kennis te maken met andere francofielen, vakantietips uit te wisselen of te praten over koetjes en kalfjes.</p><p style="text-align: left">À bientôt !</p>								</div>
				</div>
					</div>
		</div>
					</div>
		</section>
				</div>

<p>Café français Elke dinsdagavond vanaf ongeveer 20.00 uur komen we met enkele leden én niet-leden bijeen in de brasserie van Hotel Tongerlo, Bloemenmarkt 2, om samen onze Franse spreekvaardigheid te [&hellip;]</p>
