{"id":138,"date":"2019-12-12T20:36:53","date_gmt":"2019-12-12T20:36:53","guid":{"rendered":"https:\/\/www.alliance-francaise.nl\/2020\/roosendaal\/?page_id=138"},"modified":"2026-02-13T08:38:59","modified_gmt":"2026-02-13T07:38:59","slug":"privacy","status":"publish","type":"page","link":"https:\/\/www.alliance-francaise.nl\/roosendaal\/bienvenue-welkom\/privacy\/","title":{"rendered":"Privacy"},"content":{"rendered":"\t\t<div data-elementor-type=\"wp-page\" data-elementor-id=\"138\" class=\"elementor elementor-138\" data-elementor-post-type=\"page\">\n\t\t\t\t\t\t<section class=\"elementor-section elementor-top-section elementor-element elementor-element-44e6a7fe elementor-section-boxed elementor-section-height-default elementor-section-height-default\" data-id=\"44e6a7fe\" data-element_type=\"section\" data-e-type=\"section\" data-settings=\"{&quot;background_background&quot;:&quot;classic&quot;}\">\n\t\t\t\t\t\t<div class=\"elementor-container elementor-column-gap-default\">\n\t\t\t\t\t<div class=\"elementor-column elementor-col-100 elementor-top-column elementor-element elementor-element-5923316f\" data-id=\"5923316f\" data-element_type=\"column\" data-e-type=\"column\">\n\t\t\t<div class=\"elementor-widget-wrap\">\n\t\t\t\t\t\t\t<\/div>\n\t\t<\/div>\n\t\t\t\t\t<\/div>\n\t\t<\/section>\n\t\t\t\t<section class=\"elementor-section elementor-top-section elementor-element elementor-element-34cedcc7 elementor-section-boxed elementor-section-height-default elementor-section-height-default\" data-id=\"34cedcc7\" data-element_type=\"section\" data-e-type=\"section\">\n\t\t\t\t\t\t<div class=\"elementor-container elementor-column-gap-default\">\n\t\t\t\t\t<div class=\"elementor-column elementor-col-100 elementor-top-column elementor-element elementor-element-42ee5e26\" data-id=\"42ee5e26\" data-element_type=\"column\" data-e-type=\"column\" data-settings=\"{&quot;background_background&quot;:&quot;classic&quot;}\">\n\t\t\t<div class=\"elementor-widget-wrap elementor-element-populated\">\n\t\t\t\t\t<div class=\"elementor-background-overlay\"><\/div>\n\t\t\t\t\t\t\t<\/div>\n\t\t<\/div>\n\t\t\t\t\t<\/div>\n\t\t<\/section>\n\t\t\t\t<section class=\"elementor-section elementor-top-section elementor-element elementor-element-8eacd53 elementor-section-boxed elementor-section-height-default elementor-section-height-default\" data-id=\"8eacd53\" data-element_type=\"section\" data-e-type=\"section\">\n\t\t\t\t\t\t<div class=\"elementor-container elementor-column-gap-default\">\n\t\t\t\t\t<div class=\"elementor-column elementor-col-100 elementor-top-column elementor-element elementor-element-7b177bab\" data-id=\"7b177bab\" data-element_type=\"column\" data-e-type=\"column\">\n\t\t\t<div class=\"elementor-widget-wrap elementor-element-populated\">\n\t\t\t\t\t\t<div class=\"elementor-element elementor-element-171b98de elementor-widget elementor-widget-heading\" data-id=\"171b98de\" data-element_type=\"widget\" data-e-type=\"widget\" data-widget_type=\"heading.default\">\n\t\t\t\t<div class=\"elementor-widget-container\">\n\t\t\t\t\t<h2 class=\"elementor-heading-title elementor-size-default\">Uw privacy bij Alliance Fran\u00e7aise<\/h2>\t\t\t\t<\/div>\n\t\t\t\t<\/div>\n\t\t\t\t\t<\/div>\n\t\t<\/div>\n\t\t\t\t\t<\/div>\n\t\t<\/section>\n\t\t\t\t<section class=\"elementor-section elementor-top-section elementor-element elementor-element-303ee70 elementor-section-boxed elementor-section-height-default elementor-section-height-default\" data-id=\"303ee70\" data-element_type=\"section\" data-e-type=\"section\">\n\t\t\t\t\t\t<div class=\"elementor-container elementor-column-gap-default\">\n\t\t\t\t\t<div class=\"elementor-column elementor-col-100 elementor-top-column elementor-element elementor-element-55b32657\" data-id=\"55b32657\" data-element_type=\"column\" data-e-type=\"column\">\n\t\t\t<div class=\"elementor-widget-wrap elementor-element-populated\">\n\t\t\t\t\t\t<div class=\"elementor-element elementor-element-17f5adb2 elementor-widget elementor-widget-text-editor\" data-id=\"17f5adb2\" data-element_type=\"widget\" data-e-type=\"widget\" data-widget_type=\"text-editor.default\">\n\t\t\t\t<div class=\"elementor-widget-container\">\n\t\t\t\t\t\t\t\t\t<p><strong>Uw privacy bij Alliance Fran\u00e7aise Roosendaal<\/strong> <br \/>De Vereniging Alliance Fran\u00e7aise Roosendaal gaat met uw persoonsgegevens om zoals vereist in de Algemene Verordening Gegevensbescherming. <br \/>Als lid en\/of cursist of als deelnemer van een van onze activiteiten gaat u akkoord met het onderstaande privacybeleid van Alliance Fran\u00e7aise Roosendaal.<\/p><p><strong>Opslag persoonsgegevens:<\/strong> <br \/><strong><em>Doel:<\/em><\/strong> Wanneer u zich inschrijft als lid, als cursist of voor \u00e9\u00e9n van onze activiteiten, hebben wij van u een aantal gegevens nodig. <br \/><strong><em>Gebruik:<\/em><\/strong> Alliance Fran\u00e7aise, afdeling Roosendaal, gebruikt deze gegevens uitsluitend ten behoeve van de cursus- en\/of ledenadministratie van de afdeling en voor communicatie met de leden en cursisten, bijvoorbeeld voor het versturen van de nieuwsbrief. Uw persoonsgegevens worden nooit aan derden verstrekt. Tijdens evenementen worden foto\u2019s gemaakt als herinnering voor de deelnemers en voor eventuele publicatie op de website van Alliance Fran\u00e7aise Roosendaal. Door deelname aan deze evenementen gaan deelnemers akkoord met het fotograferen tijdens deze evenementen en het publiceren van de foto\u2019s via de website en\/of via e-mail naar de leden. Deelnemers hebben de mogelijkheid om hun bezwaar hiertegen kenbaar te maken bij de secretaresse van AF Roosendaal v\u00f3\u00f3r aanvang van het evenement. Deelnemers kunnen ten allen tijde verzoeken om gepubliceerde foto\u2019s van henzelf van de website te verwijderen teneinde hun privacy te waarborgen. <br \/><strong><em>Bewaartermijn:<\/em><\/strong> Uw gegevens worden verwijderd maximaal 2 jaar nadat zij niet meer noodzakelijk zijn voor het doel waarvoor zij zijn verzameld, met uitzondering van de voor- en achternaam. Deze worden bewaard ten behoeve van de historie van de vereniging. <br \/><strong><em>Rechten:<\/em><\/strong> Als u uw gegevens geheel wilt laten verwijderen, of inzage wilt in de over u opgeslagen gegevens, stuur dan een e-mail met daarin uw verzoek naar de secretaris: secr.roosendaal@afpb.nl. <br \/><strong><em>Klachten:<\/em><\/strong> Als u een klacht heeft over onze handhaving van de privacyregels, kunt u zich richten tot de heer Jules Veraart, tres.roosendaal@afpb.nl. Meer informatie over de AVG is te vinden bij de Autoriteit Persoonsgegevens. U kunt daar ook een klacht indienen. <br \/><strong><em>E-mails:<\/em><\/strong> Wenst u niet langer onze e-mails te ontvangen, stuur dan een e-mail naar secr.roosendaal@afpb.nl en\/of cursus.roosendaal@afpb.nl. Zo kunt u zichzelf afmelden. <br \/><strong><em>Cookies:<\/em><\/strong> Alliance Fran\u00e7aise Roosendaal maakt geen gebruik van cookies.<\/p>\t\t\t\t\t\t\t\t<\/div>\n\t\t\t\t<\/div>\n\t\t\t\t\t<\/div>\n\t\t<\/div>\n\t\t\t\t\t<\/div>\n\t\t<\/section>\n\t\t\t\t<\/div>\n\t\t","protected":false},"excerpt":{"rendered":"<p>Uw privacy bij Alliance Fran\u00e7aise Uw privacy bij Alliance Fran\u00e7aise Roosendaal De Vereniging Alliance Fran\u00e7aise Roosendaal gaat met uw persoonsgegevens om zoals vereist in de Algemene Verordening Gegevensbescherming. Als lid [&hellip;]<\/p>\n","protected":false},"author":1,"featured_media":0,"parent":72,"menu_order":0,"comment_status":"closed","ping_status":"closed","template":"elementor_header_footer","meta":{"footnotes":""},"class_list":["post-138","page","type-page","status-publish","hentry"],"_links":{"self":[{"href":"https:\/\/www.alliance-francaise.nl\/roosendaal\/wp-json\/wp\/v2\/pages\/138","targetHints":{"allow":["GET"]}}],"collection":[{"href":"https:\/\/www.alliance-francaise.nl\/roosendaal\/wp-json\/wp\/v2\/pages"}],"about":[{"href":"https:\/\/www.alliance-francaise.nl\/roosendaal\/wp-json\/wp\/v2\/types\/page"}],"author":[{"embeddable":true,"href":"https:\/\/www.alliance-francaise.nl\/roosendaal\/wp-json\/wp\/v2\/users\/1"}],"replies":[{"embeddable":true,"href":"https:\/\/www.alliance-francaise.nl\/roosendaal\/wp-json\/wp\/v2\/comments?post=138"}],"version-history":[{"count":3,"href":"https:\/\/www.alliance-francaise.nl\/roosendaal\/wp-json\/wp\/v2\/pages\/138\/revisions"}],"predecessor-version":[{"id":2503,"href":"https:\/\/www.alliance-francaise.nl\/roosendaal\/wp-json\/wp\/v2\/pages\/138\/revisions\/2503"}],"up":[{"embeddable":true,"href":"https:\/\/www.alliance-francaise.nl\/roosendaal\/wp-json\/wp\/v2\/pages\/72"}],"wp:attachment":[{"href":"https:\/\/www.alliance-francaise.nl\/roosendaal\/wp-json\/wp\/v2\/media?parent=138"}],"curies":[{"name":"wp","href":"https:\/\/api.w.org\/{rel}","templated":true}]}}