{"id":369,"date":"2020-03-15T12:20:39","date_gmt":"2020-03-15T12:20:39","guid":{"rendered":"https:\/\/www.alliance-francaise.nl\/2020\/nimegue\/?page_id=369"},"modified":"2024-06-07T15:13:48","modified_gmt":"2024-06-07T14:13:48","slug":"examens-en-getuigschrift","status":"publish","type":"page","link":"https:\/\/www.alliance-francaise.nl\/nimegue\/cursussen\/examens-en-getuigschrift\/","title":{"rendered":"Examens DELF \/ DALF en getuigschrift"},"content":{"rendered":"\t\t<div data-elementor-type=\"wp-page\" data-elementor-id=\"369\" class=\"elementor elementor-369\" data-elementor-post-type=\"page\">\n\t\t\t\t\t\t<section class=\"elementor-section elementor-top-section elementor-element elementor-element-4294dc60 elementor-section-boxed elementor-section-height-default elementor-section-height-default\" data-id=\"4294dc60\" data-element_type=\"section\" data-e-type=\"section\" data-settings=\"{&quot;background_background&quot;:&quot;classic&quot;}\">\n\t\t\t\t\t\t<div class=\"elementor-container elementor-column-gap-default\">\n\t\t\t\t\t<div class=\"elementor-column elementor-col-100 elementor-top-column elementor-element elementor-element-433ff0da\" data-id=\"433ff0da\" data-element_type=\"column\" data-e-type=\"column\">\n\t\t\t<div class=\"elementor-widget-wrap\">\n\t\t\t\t\t\t\t<\/div>\n\t\t<\/div>\n\t\t\t\t\t<\/div>\n\t\t<\/section>\n\t\t\t\t<section class=\"elementor-section elementor-top-section elementor-element elementor-element-61de6e3e elementor-section-boxed elementor-section-height-default elementor-section-height-default\" data-id=\"61de6e3e\" data-element_type=\"section\" data-e-type=\"section\">\n\t\t\t\t\t\t<div class=\"elementor-container elementor-column-gap-default\">\n\t\t\t\t\t<div class=\"elementor-column elementor-col-100 elementor-top-column elementor-element elementor-element-181bad21\" data-id=\"181bad21\" data-element_type=\"column\" data-e-type=\"column\" data-settings=\"{&quot;background_background&quot;:&quot;classic&quot;}\">\n\t\t\t<div class=\"elementor-widget-wrap elementor-element-populated\">\n\t\t\t\t\t<div class=\"elementor-background-overlay\"><\/div>\n\t\t\t\t\t\t<div class=\"elementor-element elementor-element-4af77425 elementor-widget elementor-widget-heading\" data-id=\"4af77425\" data-element_type=\"widget\" data-e-type=\"widget\" data-widget_type=\"heading.default\">\n\t\t\t\t<div class=\"elementor-widget-container\">\n\t\t\t\t\t<h1 class=\"elementor-heading-title elementor-size-default\">Examens DELF\/DALF en getuigschrift<\/h1>\t\t\t\t<\/div>\n\t\t\t\t<\/div>\n\t\t\t\t\t<\/div>\n\t\t<\/div>\n\t\t\t\t\t<\/div>\n\t\t<\/section>\n\t\t\t\t<section class=\"elementor-section elementor-top-section elementor-element elementor-element-4ad1dfee elementor-section-boxed elementor-section-height-default elementor-section-height-default\" data-id=\"4ad1dfee\" data-element_type=\"section\" data-e-type=\"section\">\n\t\t\t\t\t\t<div class=\"elementor-container elementor-column-gap-default\">\n\t\t\t\t\t<div class=\"elementor-column elementor-col-100 elementor-top-column elementor-element elementor-element-1b8d4904\" data-id=\"1b8d4904\" data-element_type=\"column\" data-e-type=\"column\">\n\t\t\t<div class=\"elementor-widget-wrap elementor-element-populated\">\n\t\t\t\t\t\t<div class=\"elementor-element elementor-element-64af55d9 elementor-widget elementor-widget-text-editor\" data-id=\"64af55d9\" data-element_type=\"widget\" data-e-type=\"widget\" data-widget_type=\"text-editor.default\">\n\t\t\t\t<div class=\"elementor-widget-container\">\n\t\t\t\t\t\t\t\t\t<p><span style=\"color: #000000\"><strong>Examens<\/strong><\/span><\/p>\n<p>DELF (Dipl\u00f4me d\u2019Etudes en Langue Fran\u00e7aise) is een officieel diploma geleverd door het Franse Ministerie van Onderwijs. Kandidaten buiten Frankrijk kunnen hiermee hun vaardigheden van de Franse taal waarborgen. DELF B2 geeft vrijstelling van taaltesten bij de toegang tot Franse universiteiten en is een belangrijke kwalificatie voor hoogopgeleid werk in vele landen. DELF is voor onbepaalde tijd geldig. De examens worden afgenomen bij de Alliance Fran\u00e7aise te Den Haag. Er bestaat ook de mogelijkheid om deel te nemen aan de DELF-examens (B1 en B1 pro) bij de HAN in Arnhem. Het DALF diploma omhelst de niveaus C1 en C2. <br><\/p>\n<p>Cursisten kunnen vrijwillig deelnemen aan examens.<\/p>\n<p>Via priv\u00e9lessen of lessen in kleine groepjes door \u00e9\u00e9n van onze docenten is het mogelijk om zich voor te bereiden op het DELF examen, niveau A1 t\/m B2<\/p>\n<p>Meer informatie hierover is te verkrijgen bij de cursusco\u00f6rdinator.<\/p>\n<p><span style=\"color: #000000\"><strong>Getuigschrift<\/strong><\/span><\/p>\n<p>Wanneer u minimaal 21 van de 25 lessen heeft gevolgd, kunt u op verzoek een door het bestuur gesigneerd getuigschrift ontvangen.<\/p>\t\t\t\t\t\t\t\t<\/div>\n\t\t\t\t<\/div>\n\t\t\t\t\t<\/div>\n\t\t<\/div>\n\t\t\t\t\t<\/div>\n\t\t<\/section>\n\t\t\t\t<\/div>\n\t\t","protected":false},"excerpt":{"rendered":"<p>Examens DELF\/DALF en getuigschrift Examens DELF (Dipl\u00f4me d\u2019Etudes en Langue Fran\u00e7aise) is een officieel diploma geleverd door het Franse Ministerie van Onderwijs. Kandidaten buiten Frankrijk kunnen hiermee hun vaardigheden van [&hellip;]<\/p>\n","protected":false},"author":1,"featured_media":0,"parent":130,"menu_order":0,"comment_status":"closed","ping_status":"closed","template":"elementor_header_footer","meta":{"footnotes":""},"class_list":["post-369","page","type-page","status-publish","hentry"],"_links":{"self":[{"href":"https:\/\/www.alliance-francaise.nl\/nimegue\/wp-json\/wp\/v2\/pages\/369","targetHints":{"allow":["GET"]}}],"collection":[{"href":"https:\/\/www.alliance-francaise.nl\/nimegue\/wp-json\/wp\/v2\/pages"}],"about":[{"href":"https:\/\/www.alliance-francaise.nl\/nimegue\/wp-json\/wp\/v2\/types\/page"}],"author":[{"embeddable":true,"href":"https:\/\/www.alliance-francaise.nl\/nimegue\/wp-json\/wp\/v2\/users\/1"}],"replies":[{"embeddable":true,"href":"https:\/\/www.alliance-francaise.nl\/nimegue\/wp-json\/wp\/v2\/comments?post=369"}],"version-history":[{"count":10,"href":"https:\/\/www.alliance-francaise.nl\/nimegue\/wp-json\/wp\/v2\/pages\/369\/revisions"}],"predecessor-version":[{"id":5738,"href":"https:\/\/www.alliance-francaise.nl\/nimegue\/wp-json\/wp\/v2\/pages\/369\/revisions\/5738"}],"up":[{"embeddable":true,"href":"https:\/\/www.alliance-francaise.nl\/nimegue\/wp-json\/wp\/v2\/pages\/130"}],"wp:attachment":[{"href":"https:\/\/www.alliance-francaise.nl\/nimegue\/wp-json\/wp\/v2\/media?parent=369"}],"curies":[{"name":"wp","href":"https:\/\/api.w.org\/{rel}","templated":true}]}}