{"id":28,"date":"2019-10-24T18:28:25","date_gmt":"2019-10-24T18:28:25","guid":{"rendered":"https:\/\/www.alliance-francaise.nl\/2020\/maastricht\/?page_id=28"},"modified":"2026-02-03T13:49:52","modified_gmt":"2026-02-03T12:49:52","slug":"cours-de-litterature-philosophie","status":"publish","type":"page","link":"https:\/\/www.alliance-francaise.nl\/maastricht\/bienvenue-welkom\/cours-de-litterature-philosophie\/","title":{"rendered":"Cours hybrides bi-mensuel de haut niveau"},"content":{"rendered":"\t\t<div data-elementor-type=\"wp-page\" data-elementor-id=\"28\" class=\"elementor elementor-28\" data-elementor-post-type=\"page\">\n\t\t\t\t\t\t<section class=\"elementor-section elementor-top-section elementor-element elementor-element-61e8e15 elementor-section-boxed elementor-section-height-default elementor-section-height-default\" data-id=\"61e8e15\" data-element_type=\"section\" data-e-type=\"section\" data-settings=\"{&quot;background_background&quot;:&quot;classic&quot;}\">\n\t\t\t\t\t\t<div class=\"elementor-container elementor-column-gap-default\">\n\t\t\t\t\t<div class=\"elementor-column elementor-col-100 elementor-top-column elementor-element elementor-element-23c87f84\" data-id=\"23c87f84\" data-element_type=\"column\" data-e-type=\"column\">\n\t\t\t<div class=\"elementor-widget-wrap\">\n\t\t\t\t\t\t\t<\/div>\n\t\t<\/div>\n\t\t\t\t\t<\/div>\n\t\t<\/section>\n\t\t\t\t<section class=\"elementor-section elementor-top-section elementor-element elementor-element-2922d1b elementor-section-boxed elementor-section-height-default elementor-section-height-default\" data-id=\"2922d1b\" data-element_type=\"section\" data-e-type=\"section\">\n\t\t\t\t\t\t<div class=\"elementor-container elementor-column-gap-default\">\n\t\t\t\t\t<div class=\"elementor-column elementor-col-100 elementor-top-column elementor-element elementor-element-29c1eaf7\" data-id=\"29c1eaf7\" data-element_type=\"column\" data-e-type=\"column\" data-settings=\"{&quot;background_background&quot;:&quot;classic&quot;}\">\n\t\t\t<div class=\"elementor-widget-wrap elementor-element-populated\">\n\t\t\t\t\t<div class=\"elementor-background-overlay\"><\/div>\n\t\t\t\t\t\t<div class=\"elementor-element elementor-element-50714cca elementor-widget elementor-widget-heading\" data-id=\"50714cca\" data-element_type=\"widget\" data-e-type=\"widget\" data-widget_type=\"heading.default\">\n\t\t\t\t<div class=\"elementor-widget-container\">\n\t\t\t\t\t<h1 class=\"elementor-heading-title elementor-size-default\">Matins Francophones Cours hybrides bi-mensuel de haut niveau<\/h1>\t\t\t\t<\/div>\n\t\t\t\t<\/div>\n\t\t\t\t\t<\/div>\n\t\t<\/div>\n\t\t\t\t\t<\/div>\n\t\t<\/section>\n\t\t\t\t<section class=\"elementor-section elementor-top-section elementor-element elementor-element-7f0d1ce elementor-section-boxed elementor-section-height-default elementor-section-height-default\" data-id=\"7f0d1ce\" data-element_type=\"section\" data-e-type=\"section\">\n\t\t\t\t\t\t<div class=\"elementor-container elementor-column-gap-default\">\n\t\t\t\t\t<div class=\"elementor-column elementor-col-100 elementor-top-column elementor-element elementor-element-f5a91c3\" data-id=\"f5a91c3\" data-element_type=\"column\" data-e-type=\"column\">\n\t\t\t<div class=\"elementor-widget-wrap elementor-element-populated\">\n\t\t\t\t\t\t<div class=\"elementor-element elementor-element-f10b3ef elementor-widget elementor-widget-spacer\" data-id=\"f10b3ef\" data-element_type=\"widget\" data-e-type=\"widget\" data-widget_type=\"spacer.default\">\n\t\t\t\t<div class=\"elementor-widget-container\">\n\t\t\t\t\t\t\t<div class=\"elementor-spacer\">\n\t\t\t<div class=\"elementor-spacer-inner\"><\/div>\n\t\t<\/div>\n\t\t\t\t\t\t<\/div>\n\t\t\t\t<\/div>\n\t\t\t\t\t<\/div>\n\t\t<\/div>\n\t\t\t\t\t<\/div>\n\t\t<\/section>\n\t\t\t\t<section class=\"elementor-section elementor-top-section elementor-element elementor-element-74af97b elementor-section-boxed elementor-section-height-default elementor-section-height-default\" data-id=\"74af97b\" data-element_type=\"section\" data-e-type=\"section\">\n\t\t\t\t\t\t<div class=\"elementor-container elementor-column-gap-default\">\n\t\t\t\t\t<div class=\"elementor-column elementor-col-100 elementor-top-column elementor-element elementor-element-06a3fc7\" data-id=\"06a3fc7\" data-element_type=\"column\" data-e-type=\"column\">\n\t\t\t<div class=\"elementor-widget-wrap elementor-element-populated\">\n\t\t\t\t\t\t<div class=\"elementor-element elementor-element-ac25f1b elementor-widget__width-initial elementor-widget elementor-widget-text-editor\" data-id=\"ac25f1b\" data-element_type=\"widget\" data-e-type=\"widget\" data-widget_type=\"text-editor.default\">\n\t\t\t\t<div class=\"elementor-widget-container\">\n\t\t\t\t\t\t\t\t\t<h4><strong>Cours de haut niveau 2025-2026<\/strong><\/h4><p>Pour les \u2018cracks\u2019 du fran\u00e7ais avec un niveau B2\/C1 ou plus.<\/p><div>Ces Matins Francophones hybrides en petits groupes d\u2019environ 6 personnes, proposent des\u00a0dissertations\u00a0assez pouss\u00e9es sur des sujets tir\u00e9s de la Litt\u00e9rature, la Cin\u00e9philie, l\u2019Art, \u00e9v\u00e9nements contemporains,\u00a0etc.\u00a0<\/div><div>\u00c0 10h, durant 5 s\u00e9ances de 90 minutes, romans, nouvelles, articles, vid\u00e9os, films, podcasts propos\u00e9s servent de fil rouge aux d\u00e9bats \u00e0 teinte philosophique, corr\u00e9lativement aux r\u00e9flexions spontan\u00e9es toujours bienvenues pour \u00e9tayer et enrichir les\u00a0discussions.\u00a0<\/div><div>\u00a0<\/div><div><div>Outre l\u2019expression orale, \u00e0 l\u2019\u00e9vidence essentielle pour une fluidit\u00e9 de conversation, des qualit\u00e9s de r\u00e9daction sont aussi indispensables pour des Topos et\/ou courtes analyses \u00e9crites.\u00a0<\/div><div>\u00a0<\/div><div>D\u00e8s votre inscription, possible toute l\u2019ann\u00e9e, vous recevez par email les informations sur le mat\u00e9riel \u00e0 se procurer avant la date de d\u00e9marrage.\u00a0<\/div><div>\u00a0<\/div><div>Pour les rencontres Zoom, le lien est envoy\u00e9 1\/4 avant le d\u00e9marrage de la le\u00e7on.\u00a0<\/div><div>Pour les rencontres en pr\u00e9sentiel, l\u2019adresse est envoy\u00e9e apr\u00e8s le paiement.\u00a0<\/div><\/div><div>\u00a0<\/div><p><strong>Votre professeur<\/strong> : Mme Aline Renault<\/p><div>Dates 2026 :\u00a0<\/div><div>Groupes Zoom MARDI \u00e0 10h (3 personnes)<\/div><div>10, 24 f\u00e9vrier, 10, 24 mars<\/div><div>Groupes Pr\u00e9sentiel MERCREDI \u00e0 10h, \u00e0 Bunde (4 personnes)<\/div><div>11, 25 f\u00e9vrier, 11, 25 mars<\/div><div>\u00a0<\/div><div>En cas\u00a0d\u2019int\u00e9gration en cours de s\u00e9rie commenc\u00e9e, un arrangement est toujours envisageable.\u00a0<\/div><div>Informations et inscription par courriel \u00e0\u00a0<a style=\"background-color: #ffffff;font-size: 1rem\" href=\"mailto:ambilingua@gmail.com\">ambilingua@gmail.com<\/a><span style=\"font-size: 1rem\">\u00a0<\/span><\/div>\t\t\t\t\t\t\t\t<\/div>\n\t\t\t\t<\/div>\n\t\t\t\t\t<\/div>\n\t\t<\/div>\n\t\t\t\t\t<\/div>\n\t\t<\/section>\n\t\t\t\t<section class=\"elementor-section elementor-top-section elementor-element elementor-element-b7b8736 elementor-section-boxed elementor-section-height-default elementor-section-height-default\" data-id=\"b7b8736\" data-element_type=\"section\" data-e-type=\"section\">\n\t\t\t\t\t\t<div class=\"elementor-container elementor-column-gap-default\">\n\t\t\t\t\t<div class=\"elementor-column elementor-col-100 elementor-top-column elementor-element elementor-element-e339b14\" data-id=\"e339b14\" data-element_type=\"column\" data-e-type=\"column\">\n\t\t\t<div class=\"elementor-widget-wrap elementor-element-populated\">\n\t\t\t\t\t\t<div class=\"elementor-element elementor-element-fb95c75 elementor-widget elementor-widget-spacer\" data-id=\"fb95c75\" data-element_type=\"widget\" data-e-type=\"widget\" data-widget_type=\"spacer.default\">\n\t\t\t\t<div class=\"elementor-widget-container\">\n\t\t\t\t\t\t\t<div class=\"elementor-spacer\">\n\t\t\t<div class=\"elementor-spacer-inner\"><\/div>\n\t\t<\/div>\n\t\t\t\t\t\t<\/div>\n\t\t\t\t<\/div>\n\t\t\t\t\t<\/div>\n\t\t<\/div>\n\t\t\t\t\t<\/div>\n\t\t<\/section>\n\t\t\t\t<\/div>\n\t\t","protected":false},"excerpt":{"rendered":"<p>Matins Francophones Cours hybrides bi-mensuel de haut niveau Cours de haut niveau 2025-2026 Pour les \u2018cracks\u2019 du fran\u00e7ais avec un niveau B2\/C1 ou plus. Ces Matins Francophones hybrides en petits [&hellip;]<\/p>\n","protected":false},"author":1,"featured_media":0,"parent":14,"menu_order":0,"comment_status":"closed","ping_status":"closed","template":"elementor_header_footer","meta":{"footnotes":""},"class_list":["post-28","page","type-page","status-publish","hentry"],"_links":{"self":[{"href":"https:\/\/www.alliance-francaise.nl\/maastricht\/wp-json\/wp\/v2\/pages\/28","targetHints":{"allow":["GET"]}}],"collection":[{"href":"https:\/\/www.alliance-francaise.nl\/maastricht\/wp-json\/wp\/v2\/pages"}],"about":[{"href":"https:\/\/www.alliance-francaise.nl\/maastricht\/wp-json\/wp\/v2\/types\/page"}],"author":[{"embeddable":true,"href":"https:\/\/www.alliance-francaise.nl\/maastricht\/wp-json\/wp\/v2\/users\/1"}],"replies":[{"embeddable":true,"href":"https:\/\/www.alliance-francaise.nl\/maastricht\/wp-json\/wp\/v2\/comments?post=28"}],"version-history":[{"count":20,"href":"https:\/\/www.alliance-francaise.nl\/maastricht\/wp-json\/wp\/v2\/pages\/28\/revisions"}],"predecessor-version":[{"id":11732,"href":"https:\/\/www.alliance-francaise.nl\/maastricht\/wp-json\/wp\/v2\/pages\/28\/revisions\/11732"}],"up":[{"embeddable":true,"href":"https:\/\/www.alliance-francaise.nl\/maastricht\/wp-json\/wp\/v2\/pages\/14"}],"wp:attachment":[{"href":"https:\/\/www.alliance-francaise.nl\/maastricht\/wp-json\/wp\/v2\/media?parent=28"}],"curies":[{"name":"wp","href":"https:\/\/api.w.org\/{rel}","templated":true}]}}

<div data-elementor-type="wp-page" data-elementor-id="28" class="elementor elementor-28" data-elementor-post-type="page">
						<section class="elementor-section elementor-top-section elementor-element elementor-element-61e8e15 elementor-section-boxed elementor-section-height-default elementor-section-height-default" data-id="61e8e15" data-element_type="section" data-e-type="section" data-settings="{&quot;background_background&quot;:&quot;classic&quot;}">
						<div class="elementor-container elementor-column-gap-default">
					<div class="elementor-column elementor-col-100 elementor-top-column elementor-element elementor-element-23c87f84" data-id="23c87f84" data-element_type="column" data-e-type="column">
			<div class="elementor-widget-wrap">
							</div>
		</div>
					</div>
		</section>
				<section class="elementor-section elementor-top-section elementor-element elementor-element-2922d1b elementor-section-boxed elementor-section-height-default elementor-section-height-default" data-id="2922d1b" data-element_type="section" data-e-type="section">
						<div class="elementor-container elementor-column-gap-default">
					<div class="elementor-column elementor-col-100 elementor-top-column elementor-element elementor-element-29c1eaf7" data-id="29c1eaf7" data-element_type="column" data-e-type="column" data-settings="{&quot;background_background&quot;:&quot;classic&quot;}">
			<div class="elementor-widget-wrap elementor-element-populated">
					<div class="elementor-background-overlay"></div>
						<div class="elementor-element elementor-element-50714cca elementor-widget elementor-widget-heading" data-id="50714cca" data-element_type="widget" data-e-type="widget" data-widget_type="heading.default">
				<div class="elementor-widget-container">
					<h1 class="elementor-heading-title elementor-size-default">Matins Francophones Cours hybrides bi-mensuel de haut niveau</h1>				</div>
				</div>
					</div>
		</div>
					</div>
		</section>
				<section class="elementor-section elementor-top-section elementor-element elementor-element-7f0d1ce elementor-section-boxed elementor-section-height-default elementor-section-height-default" data-id="7f0d1ce" data-element_type="section" data-e-type="section">
						<div class="elementor-container elementor-column-gap-default">
					<div class="elementor-column elementor-col-100 elementor-top-column elementor-element elementor-element-f5a91c3" data-id="f5a91c3" data-element_type="column" data-e-type="column">
			<div class="elementor-widget-wrap elementor-element-populated">
						<div class="elementor-element elementor-element-f10b3ef elementor-widget elementor-widget-spacer" data-id="f10b3ef" data-element_type="widget" data-e-type="widget" data-widget_type="spacer.default">
				<div class="elementor-widget-container">
							<div class="elementor-spacer">
			<div class="elementor-spacer-inner"></div>
		</div>
						</div>
				</div>
					</div>
		</div>
					</div>
		</section>
				<section class="elementor-section elementor-top-section elementor-element elementor-element-74af97b elementor-section-boxed elementor-section-height-default elementor-section-height-default" data-id="74af97b" data-element_type="section" data-e-type="section">
						<div class="elementor-container elementor-column-gap-default">
					<div class="elementor-column elementor-col-100 elementor-top-column elementor-element elementor-element-06a3fc7" data-id="06a3fc7" data-element_type="column" data-e-type="column">
			<div class="elementor-widget-wrap elementor-element-populated">
						<div class="elementor-element elementor-element-ac25f1b elementor-widget__width-initial elementor-widget elementor-widget-text-editor" data-id="ac25f1b" data-element_type="widget" data-e-type="widget" data-widget_type="text-editor.default">
				<div class="elementor-widget-container">
									<h4><strong>Cours de haut niveau 2025-2026</strong></h4><p>Pour les ‘cracks’ du français avec un niveau B2/C1 ou plus.</p><div>Ces Matins Francophones hybrides en petits groupes d’environ 6 personnes, proposent des dissertations assez poussées sur des sujets tirés de la Littérature, la Cinéphilie, l’Art, événements contemporains, etc. </div><div>À 10h, durant 5 séances de 90 minutes, romans, nouvelles, articles, vidéos, films, podcasts proposés servent de fil rouge aux débats à teinte philosophique, corrélativement aux réflexions spontanées toujours bienvenues pour étayer et enrichir les discussions. </div><div> </div><div><div>Outre l’expression orale, à l’évidence essentielle pour une fluidité de conversation, des qualités de rédaction sont aussi indispensables pour des Topos et/ou courtes analyses écrites. </div><div> </div><div>Dès votre inscription, possible toute l’année, vous recevez par email les informations sur le matériel à se procurer avant la date de démarrage. </div><div> </div><div>Pour les rencontres Zoom, le lien est envoyé 1/4 avant le démarrage de la leçon. </div><div>Pour les rencontres en présentiel, l’adresse est envoyée après le paiement. </div></div><div> </div><p><strong>Votre professeur</strong> : Mme Aline Renault</p><div>Dates 2026 : </div><div>Groupes Zoom MARDI à 10h (3 personnes)</div><div>10, 24 février, 10, 24 mars</div><div>Groupes Présentiel MERCREDI à 10h, à Bunde (4 personnes)</div><div>11, 25 février, 11, 25 mars</div><div> </div><div>En cas d’intégration en cours de série commencée, un arrangement est toujours envisageable. </div><div>Informations et inscription par courriel à <a style="background-color: #ffffff;font-size: 1rem" href="mailto:ambilingua@gmail.com">ambilingua@gmail.com</a><span style="font-size: 1rem"> </span></div>								</div>
				</div>
					</div>
		</div>
					</div>
		</section>
				<section class="elementor-section elementor-top-section elementor-element elementor-element-b7b8736 elementor-section-boxed elementor-section-height-default elementor-section-height-default" data-id="b7b8736" data-element_type="section" data-e-type="section">
						<div class="elementor-container elementor-column-gap-default">
					<div class="elementor-column elementor-col-100 elementor-top-column elementor-element elementor-element-e339b14" data-id="e339b14" data-element_type="column" data-e-type="column">
			<div class="elementor-widget-wrap elementor-element-populated">
						<div class="elementor-element elementor-element-fb95c75 elementor-widget elementor-widget-spacer" data-id="fb95c75" data-element_type="widget" data-e-type="widget" data-widget_type="spacer.default">
				<div class="elementor-widget-container">
							<div class="elementor-spacer">
			<div class="elementor-spacer-inner"></div>
		</div>
						</div>
				</div>
					</div>
		</div>
					</div>
		</section>
				</div>

<p>Matins Francophones Cours hybrides bi-mensuel de haut niveau Cours de haut niveau 2025-2026 Pour les ‘cracks’ du français avec un niveau B2/C1 ou plus. Ces Matins Francophones hybrides en petits [&hellip;]</p>
