{"id":11193,"date":"2025-05-28T12:08:08","date_gmt":"2025-05-28T10:08:08","guid":{"rendered":"https:\/\/www.alliance-francaise.nl\/kennemerland\/?post_type=product&#038;p=11193"},"modified":"2025-10-28T20:32:04","modified_gmt":"2025-10-28T19:32:04","slug":"atelier-litterature-2025-2026","status":"publish","type":"product","link":"https:\/\/www.alliance-francaise.nl\/kennemerland\/product\/atelier-litterature-2025-2026\/","title":{"rendered":"Atelier Litt\u00e9rature  2025-2026"},"content":{"rendered":"<p><b>11 novembre <\/b><\/p>\n<p><b>\u00c9ric Chacour, <\/b><b><i>Ce que je sais de toi<\/i><\/b> <span style=\"font-weight: 400\">&#8211; Philippe Rey, 2023, 336 pages;\u00a0<\/span><span style=\"font-weight: 400\">Prix Femina des lyc\u00e9ens 2023 et Prix des Libraires 2024.<\/span><\/p>\n<p><a href=\"https:\/\/www.decitre.fr\/livres\/ce-que-je-sais-de-toi-9782384820344.html?gad_source=1&amp;gclid=CjwKCAiA75itBhA6EiwAkho9e-vzMIvMT4fNGL7b1PkYOf7ctRcjvDPIdDPYy4CckauMk2akTbgUZRoCQ6sQAvD_BwE\" target=\"_blank\" rel=\"noopener\"><span style=\"font-weight: 400\">https:\/\/www.decitre.fr\/livres\/ce-que-je-sais-de-toi-9782384820344.html?gad_source=1&amp;gclid=CjwKCAiA75itBhA6EiwAkho9e-vzMIvMT4fNGL7b1PkYOf7ctRcjvDPIdDPYy4CckauMk2akTbgUZRoCQ6sQAvD_BwE<\/span><\/a><span style=\"font-weight: 400\">\u00a0<\/span><\/p>\n<p><span style=\"font-weight: 400\">Dans le Caire des ann\u00e9es 1980, Tarek est un jeune homme \u00e0 l\u2019avenir tout trac\u00e9. Apr\u00e8s avoir repris le cabinet m\u00e9dical de son p\u00e8re, il s\u2019appr\u00eate \u00e0 \u00e9pouser Mira, son amour de jeunesse. Mais, en ouvrant un dispensaire dans le quartier d\u00e9favoris\u00e9 du Moqattam, Tarek fait la connaissance d\u2019Ali. Cette rencontre inattendue ne tarde pas \u00e0 \u00e9branler ses certitudes.<\/span><\/p>\n<p><span style=\"font-weight: 400\">De l\u2019\u00c9gypte au Canada, ce roman, fait de d\u00e9voilements successifs, nous entra\u00eene \u00e0 la suite d\u2019un homme en qu\u00eate d\u2019une v\u00e9rit\u00e9 aussi br\u00fblante que lib\u00e9ratrice.<\/span><\/p>\n<p>&nbsp;<\/p>\n<p><b>2 d\u00e9cembre<\/b><\/p>\n<p><b>Julia Deck, <\/b><b><i>Ann d\u2019Angleterre<\/i><\/b><span style=\"font-weight: 400\"> &#8211; Seuil, 2024, 256 pages; <\/span><span style=\"font-weight: 400\">Prix M\u00e9dicis 2024.<\/span><\/p>\n<p><a href=\"https:\/\/www.youtube.com\/watch?v=CK6f9CJjEzk\" target=\"_blank\" rel=\"noopener\"><span style=\"font-weight: 400\">https:\/\/www.youtube.com\/watch?v=CK6f9CJjEzk<\/span><\/a><span style=\"font-weight: 400\"> (Mollat, 05\u00a0:10)<\/span><\/p>\n<p><a href=\"https:\/\/www.seuil.com\/ouvrage\/ann-d-angleterre-prix-medicis-2024-julia-deck\/9782021576535\" target=\"_blank\" rel=\"noopener\"><span style=\"font-weight: 400\">https:\/\/www.seuil.com\/ouvrage\/ann-d-angleterre-prix-medicis-2024-julia-deck\/9782021576535<\/span><\/a><span style=\"font-weight: 400\">\u00a0<\/span><\/p>\n<p><span style=\"font-weight: 400\">En avril 2022, la m\u00e8re de Julia Deck est victime d\u2019un accident c\u00e9r\u00e9bral. Selon les m\u00e9decins, ses chances de survie sont infimes. Mais la patiente d\u00e9joue les diagnostics. Commence alors un long cheminement, dans l\u2019espoir d\u2019une convalescence, \u00e0 travers le d\u00e9dale des \u00e9tablissements de soins. En parall\u00e8le, Julia Deck raconte, sur un rythme vif et non d\u00e9nu\u00e9 d\u2019humour british, la vie de cette femme issue d\u2019une famille ouvri\u00e8re anglaise, passionn\u00e9e de litt\u00e9rature, qui s\u2019est \u00e9lev\u00e9e socialement, est venue habiter en France, tout en continuant d\u2019entretenir un rapport complexe avec sa famille d\u2019Angleterre. Car au milieu de son histoire, Julia d\u00e9c\u00e8le une \u00e9tranget\u00e9, peut-\u00eatre un secret \u2013 un point aveugle dans le r\u00e9cit de sa filiation. Mais \u00e0 cette interrogation, seule sa m\u00e8re, pr\u00e9cis\u00e9ment, pourrait r\u00e9pondre. Ce texte splendide, qui questionne les liens entre l\u2019\u00e9criture et la vie, est aussi un geste d\u2019amour bouleversant d\u2019une fille envers sa m\u00e8re.<\/span><\/p>\n<p>&nbsp;<\/p>\n<p><b>27 janvier<\/b><\/p>\n<p><b>Ga\u00ebl Faye, <\/b><b><i>Jacaranda <\/i><\/b><span style=\"font-weight: 400\">&#8211; Grasset 2024, 282 pages ;\u00a0<\/span><span style=\"font-weight: 400\">Prix Renaudot 2024.<\/span><\/p>\n<p><a href=\"https:\/\/www.youtube.com\/watch?v=jF9Av3my6e8\" target=\"_blank\" rel=\"noopener\"><span style=\"font-weight: 400\">https:\/\/www.youtube.com\/watch?v=jF9Av3my6e8<\/span><\/a><span style=\"font-weight: 400\"> (Grande Librairie, 06\u00a0:70 min.)<\/span><\/p>\n<p><a href=\"https:\/\/www.grasset.fr\/livre\/jacaranda-9782246831457\/\" target=\"_blank\" rel=\"noopener\"><span style=\"font-weight: 400\">https:\/\/www.grasset.fr\/livre\/jacaranda-9782246831457\/<\/span><\/a><\/p>\n<p><span style=\"font-weight: 400\">Quels secrets cache l\u2019ombre du jacaranda, l\u2019arbre f\u00e9tiche de Stella\u00a0 ? Il faudra \u00e0 son ami Milan des ann\u00e9es pour le d\u00e9couvrir. Des ann\u00e9es pour percer les silences du Rwanda, d\u00e9vast\u00e9 apr\u00e8s le g\u00e9nocide des Tutsi. En rendant leur parole aux disparus, les jeunes gens \u00e9chapperont \u00e0 la solitude. Et trouveront la paix pr\u00e8s des rivages magnifiques du lac Kivu.<\/span><\/p>\n<p><span style=\"font-weight: 400\">Sur quatre g\u00e9n\u00e9rations, avec sa douceur unique, Ga\u00ebl Faye nous raconte l\u2019histoire terrible d\u2019un pays qui s\u2019essaie malgr\u00e9 tout au dialogue et au pardon. Comme un arbre se dresse entre t\u00e9n\u00e8bres et lumi\u00e8re, Jacaranda c\u00e9l\u00e8bre l\u2019humanit\u00e9, paradoxale, aimante, vivante.<\/span><\/p>\n<p>&nbsp;<\/p>\n<p><b>10 mars<\/b><\/p>\n<p><b>Miguel Bonnefoy, <\/b><b><i>Le R\u00eave du jaguar<\/i><\/b><span style=\"font-weight: 400\"> &#8211; Rivages, 2024, 304 pages;\u00a0<\/span><span style=\"font-weight: 400\">Prix Femina et Grand prix du roman de l\u2019acad\u00e9mie fran\u00e7aise 2024.<\/span><\/p>\n<p><a href=\"https:\/\/www.youtube.com\/watch?v=i2W29Fmhjgs\" target=\"_blank\" rel=\"noopener\"><span style=\"font-weight: 400\">https:\/\/www.youtube.com\/watch?v=i2W29Fmhjgs<\/span><\/a><span style=\"font-weight: 400\"> (Grande Librairie, 14 min.)<\/span><\/p>\n<p><a href=\"https:\/\/www.payot-rivages.fr\/rivages\/livre\/le-r%C3%AAve-du-jaguar-9782743664060\" target=\"_blank\" rel=\"noopener\"><span style=\"font-weight: 400\">https:\/\/www.payot-rivages.fr\/rivages\/livre\/le-r%C3%AAve-du-jaguar-9782743664060<\/span><\/a><\/p>\n<p><span style=\"font-weight: 400\">Quand une mendiante muette de Maracaibo, au Venezuela, recueille un nouveau-n\u00e9 sur les marches d\u2019une \u00e9glise, elle ne se doute pas du destin hors du commun qui attend l\u2019orphelin. \u00c9lev\u00e9 dans la mis\u00e8re, Antonio sera tour \u00e0 tour vendeur de cigarettes, porteur sur les quais, domestique dans une maison close avant de devenir, gr\u00e2ce \u00e0 son \u00e9nergie bouillonnante, un des plus illustres chirurgiens de son pays.\u00a0<\/span><span style=\"font-weight: 400\">Une compagne d\u2019exception l\u2019inspirera. Ana Maria se distinguera comme la premi\u00e8re femme m\u00e9decin de la r\u00e9gion. Ils donneront naissance \u00e0 une fille qu\u2019ils baptiseront du nom de leur propre nation : Venezuela. Li\u00e9e par son pr\u00e9nom autant que par ses origines \u00e0 l\u2019Am\u00e9rique du Sud, elle n\u2019a d\u2019yeux que pour Paris. Mais on ne quitte jamais vraiment les siens.\u00a0<\/span><span style=\"font-weight: 400\">C\u2019est dans le carnet de Cristobal, dernier maillon de la descendance, que les mille histoires de cette \u00e9tonnante lign\u00e9e pourront, enfin, s\u2019ancrer.<\/span><\/p>\n<p><span style=\"font-weight: 400\">Dans cette saga vibrante aux personnages inoubliables, Miguel Bonnefoy campe dans un style flamboyant le tableau, inspir\u00e9 de ses anc\u00eatres, d\u2019une extraordinaire famille dont la destin\u00e9e s\u2019entrelace \u00e0 celle du Venezuela.<\/span><\/p>\n","protected":false},"excerpt":{"rendered":"<ul>\n<li>\u20ac 115,00<\/li>\n<li>Aanbevolen niveau: B1-B2<\/li>\n<li>Dinsdag 16.30-18.30<\/li>\n<li>Hart-Haarlem, Kleine Houtweg 18 Haarlem<\/li>\n<li>Docent Anja-H\u00e9l\u00e8ne<\/li>\n<li>4 x 2 uur: 11 nov, 2 dec, 27 jan, 10 maart<\/li>\n<\/ul>\n<p>&nbsp;<\/p>\n<p>Deze korte cursus gaat om het uitwisselen van leeservaringen en het discussi\u00ebren over maatschappelijke, culturele of ethische kwesties. Niet alleen het plezier om met medecursisten een boek volledig te doorgronden, maar ook het verbeteren van de spreekvaardigheid staat hier centraal.<\/p>\n<p>Anja-H\u00e9l\u00e8ne bespreekt met u <em>la rentr\u00e9e litt\u00e9raire<\/em> met aandacht voor prijswinnaars \u00c9ric Chacour, Julia Deck, Ga\u00ebl Faye en Miguel Bonnefoy.<\/p>\n<p>Heeft u al zin om te beginnen? De volledige leeslijst staat in de beschrijving hieronder.<\/p>\n<p>&nbsp;<\/p>\n","protected":false},"featured_media":4973,"template":"","meta":[],"product_brand":[],"product_cat":[51],"product_tag":[],"giftcard-category":[],"class_list":{"0":"post-11193","1":"product","2":"type-product","3":"status-publish","4":"has-post-thumbnail","6":"product_cat-atelier","8":"first","9":"instock","10":"shipping-taxable","11":"purchasable","12":"product-type-simple"},"_links":{"self":[{"href":"https:\/\/www.alliance-francaise.nl\/kennemerland\/wp-json\/wp\/v2\/product\/11193","targetHints":{"allow":["GET"]}}],"collection":[{"href":"https:\/\/www.alliance-francaise.nl\/kennemerland\/wp-json\/wp\/v2\/product"}],"about":[{"href":"https:\/\/www.alliance-francaise.nl\/kennemerland\/wp-json\/wp\/v2\/types\/product"}],"wp:featuredmedia":[{"embeddable":true,"href":"https:\/\/www.alliance-francaise.nl\/kennemerland\/wp-json\/wp\/v2\/media\/4973"}],"wp:attachment":[{"href":"https:\/\/www.alliance-francaise.nl\/kennemerland\/wp-json\/wp\/v2\/media?parent=11193"}],"wp:term":[{"taxonomy":"product_brand","embeddable":true,"href":"https:\/\/www.alliance-francaise.nl\/kennemerland\/wp-json\/wp\/v2\/product_brand?post=11193"},{"taxonomy":"product_cat","embeddable":true,"href":"https:\/\/www.alliance-francaise.nl\/kennemerland\/wp-json\/wp\/v2\/product_cat?post=11193"},{"taxonomy":"product_tag","embeddable":true,"href":"https:\/\/www.alliance-francaise.nl\/kennemerland\/wp-json\/wp\/v2\/product_tag?post=11193"},{"taxonomy":"giftcard-category","embeddable":true,"href":"https:\/\/www.alliance-francaise.nl\/kennemerland\/wp-json\/wp\/v2\/giftcard-category?post=11193"}],"curies":[{"name":"wp","href":"https:\/\/api.w.org\/{rel}","templated":true}]}}

Atelier Littérature  2025-2026

<p><b>11 novembre </b></p>
<p><b>Éric Chacour, </b><b><i>Ce que je sais de toi</i></b> <span style="font-weight: 400">&#8211; Philippe Rey, 2023, 336 pages; </span><span style="font-weight: 400">Prix Femina des lycéens 2023 et Prix des Libraires 2024.</span></p>
<p><a href="https://www.decitre.fr/livres/ce-que-je-sais-de-toi-9782384820344.html?gad_source=1&amp;gclid=CjwKCAiA75itBhA6EiwAkho9e-vzMIvMT4fNGL7b1PkYOf7ctRcjvDPIdDPYy4CckauMk2akTbgUZRoCQ6sQAvD_BwE" target="_blank" rel="noopener"><span style="font-weight: 400">https://www.decitre.fr/livres/ce-que-je-sais-de-toi-9782384820344.html?gad_source=1&amp;gclid=CjwKCAiA75itBhA6EiwAkho9e-vzMIvMT4fNGL7b1PkYOf7ctRcjvDPIdDPYy4CckauMk2akTbgUZRoCQ6sQAvD_BwE</span></a><span style="font-weight: 400"> </span></p>
<p><span style="font-weight: 400">Dans le Caire des années 1980, Tarek est un jeune homme à l’avenir tout tracé. Après avoir repris le cabinet médical de son père, il s’apprête à épouser Mira, son amour de jeunesse. Mais, en ouvrant un dispensaire dans le quartier défavorisé du Moqattam, Tarek fait la connaissance d’Ali. Cette rencontre inattendue ne tarde pas à ébranler ses certitudes.</span></p>
<p><span style="font-weight: 400">De l’Égypte au Canada, ce roman, fait de dévoilements successifs, nous entraîne à la suite d’un homme en quête d’une vérité aussi brûlante que libératrice.</span></p>
<p>&nbsp;</p>
<p><b>2 décembre</b></p>
<p><b>Julia Deck, </b><b><i>Ann d’Angleterre</i></b><span style="font-weight: 400"> &#8211; Seuil, 2024, 256 pages; </span><span style="font-weight: 400">Prix Médicis 2024.</span></p>
<p><a href="https://www.youtube.com/watch?v=CK6f9CJjEzk" target="_blank" rel="noopener"><span style="font-weight: 400">https://www.youtube.com/watch?v=CK6f9CJjEzk</span></a><span style="font-weight: 400"> (Mollat, 05 :10)</span></p>
<p><a href="https://www.seuil.com/ouvrage/ann-d-angleterre-prix-medicis-2024-julia-deck/9782021576535" target="_blank" rel="noopener"><span style="font-weight: 400">https://www.seuil.com/ouvrage/ann-d-angleterre-prix-medicis-2024-julia-deck/9782021576535</span></a><span style="font-weight: 400"> </span></p>
<p><span style="font-weight: 400">En avril 2022, la mère de Julia Deck est victime d’un accident cérébral. Selon les médecins, ses chances de survie sont infimes. Mais la patiente déjoue les diagnostics. Commence alors un long cheminement, dans l’espoir d’une convalescence, à travers le dédale des établissements de soins. En parallèle, Julia Deck raconte, sur un rythme vif et non dénué d’humour british, la vie de cette femme issue d’une famille ouvrière anglaise, passionnée de littérature, qui s’est élevée socialement, est venue habiter en France, tout en continuant d’entretenir un rapport complexe avec sa famille d’Angleterre. Car au milieu de son histoire, Julia décèle une étrangeté, peut-être un secret – un point aveugle dans le récit de sa filiation. Mais à cette interrogation, seule sa mère, précisément, pourrait répondre. Ce texte splendide, qui questionne les liens entre l’écriture et la vie, est aussi un geste d’amour bouleversant d’une fille envers sa mère.</span></p>
<p>&nbsp;</p>
<p><b>27 janvier</b></p>
<p><b>Gaël Faye, </b><b><i>Jacaranda </i></b><span style="font-weight: 400">&#8211; Grasset 2024, 282 pages ; </span><span style="font-weight: 400">Prix Renaudot 2024.</span></p>
<p><a href="https://www.youtube.com/watch?v=jF9Av3my6e8" target="_blank" rel="noopener"><span style="font-weight: 400">https://www.youtube.com/watch?v=jF9Av3my6e8</span></a><span style="font-weight: 400"> (Grande Librairie, 06 :70 min.)</span></p>
<p><a href="https://www.grasset.fr/livre/jacaranda-9782246831457/" target="_blank" rel="noopener"><span style="font-weight: 400">https://www.grasset.fr/livre/jacaranda-9782246831457/</span></a></p>
<p><span style="font-weight: 400">Quels secrets cache l’ombre du jacaranda, l’arbre fétiche de Stella  ? Il faudra à son ami Milan des années pour le découvrir. Des années pour percer les silences du Rwanda, dévasté après le génocide des Tutsi. En rendant leur parole aux disparus, les jeunes gens échapperont à la solitude. Et trouveront la paix près des rivages magnifiques du lac Kivu.</span></p>
<p><span style="font-weight: 400">Sur quatre générations, avec sa douceur unique, Gaël Faye nous raconte l’histoire terrible d’un pays qui s’essaie malgré tout au dialogue et au pardon. Comme un arbre se dresse entre ténèbres et lumière, Jacaranda célèbre l’humanité, paradoxale, aimante, vivante.</span></p>
<p>&nbsp;</p>
<p><b>10 mars</b></p>
<p><b>Miguel Bonnefoy, </b><b><i>Le Rêve du jaguar</i></b><span style="font-weight: 400"> &#8211; Rivages, 2024, 304 pages; </span><span style="font-weight: 400">Prix Femina et Grand prix du roman de l’académie française 2024.</span></p>
<p><a href="https://www.youtube.com/watch?v=i2W29Fmhjgs" target="_blank" rel="noopener"><span style="font-weight: 400">https://www.youtube.com/watch?v=i2W29Fmhjgs</span></a><span style="font-weight: 400"> (Grande Librairie, 14 min.)</span></p>
<p><a href="https://www.payot-rivages.fr/rivages/livre/le-r%C3%AAve-du-jaguar-9782743664060" target="_blank" rel="noopener"><span style="font-weight: 400">https://www.payot-rivages.fr/rivages/livre/le-r%C3%AAve-du-jaguar-9782743664060</span></a></p>
<p><span style="font-weight: 400">Quand une mendiante muette de Maracaibo, au Venezuela, recueille un nouveau-né sur les marches d’une église, elle ne se doute pas du destin hors du commun qui attend l’orphelin. Élevé dans la misère, Antonio sera tour à tour vendeur de cigarettes, porteur sur les quais, domestique dans une maison close avant de devenir, grâce à son énergie bouillonnante, un des plus illustres chirurgiens de son pays. </span><span style="font-weight: 400">Une compagne d’exception l’inspirera. Ana Maria se distinguera comme la première femme médecin de la région. Ils donneront naissance à une fille qu’ils baptiseront du nom de leur propre nation : Venezuela. Liée par son prénom autant que par ses origines à l’Amérique du Sud, elle n’a d’yeux que pour Paris. Mais on ne quitte jamais vraiment les siens. </span><span style="font-weight: 400">C’est dans le carnet de Cristobal, dernier maillon de la descendance, que les mille histoires de cette étonnante lignée pourront, enfin, s’ancrer.</span></p>
<p><span style="font-weight: 400">Dans cette saga vibrante aux personnages inoubliables, Miguel Bonnefoy campe dans un style flamboyant le tableau, inspiré de ses ancêtres, d’une extraordinaire famille dont la destinée s’entrelace à celle du Venezuela.</span></p>

<ul>
<li>€ 115,00</li>
<li>Aanbevolen niveau: B1-B2</li>
<li>Dinsdag 16.30-18.30</li>
<li>Hart-Haarlem, Kleine Houtweg 18 Haarlem</li>
<li>Docent Anja-Hélène</li>
<li>4 x 2 uur: 11 nov, 2 dec, 27 jan, 10 maart</li>
</ul>
<p>&nbsp;</p>
<p>Deze korte cursus gaat om het uitwisselen van leeservaringen en het discussiëren over maatschappelijke, culturele of ethische kwesties. Niet alleen het plezier om met medecursisten een boek volledig te doorgronden, maar ook het verbeteren van de spreekvaardigheid staat hier centraal.</p>
<p>Anja-Hélène bespreekt met u <em>la rentrée littéraire</em> met aandacht voor prijswinnaars Éric Chacour, Julia Deck, Gaël Faye en Miguel Bonnefoy.</p>
<p>Heeft u al zin om te beginnen? De volledige leeslijst staat in de beschrijving hieronder.</p>
<p>&nbsp;</p>
