{"id":7329,"date":"2026-03-22T13:13:34","date_gmt":"2026-03-22T12:13:34","guid":{"rendered":"https:\/\/www.alliance-francaise.nl\/eindhoven\/?page_id=7329"},"modified":"2026-03-30T20:29:31","modified_gmt":"2026-03-30T18:29:31","slug":"espanol","status":"publish","type":"page","link":"https:\/\/www.alliance-francaise.nl\/eindhoven\/espanol\/","title":{"rendered":"Espa\u00f1ol"},"content":{"rendered":"\t\t<div data-elementor-type=\"wp-page\" data-elementor-id=\"7329\" class=\"elementor elementor-7329\" data-elementor-post-type=\"page\">\n\t\t\t\t\t\t<section class=\"elementor-section elementor-top-section elementor-element elementor-element-4dcbfa6 elementor-section-boxed elementor-section-height-default elementor-section-height-default\" data-id=\"4dcbfa6\" data-element_type=\"section\" data-e-type=\"section\">\n\t\t\t\t\t\t<div class=\"elementor-container elementor-column-gap-default\">\n\t\t\t\t\t<div class=\"elementor-column elementor-col-100 elementor-top-column elementor-element elementor-element-296f92f\" data-id=\"296f92f\" data-element_type=\"column\" data-e-type=\"column\">\n\t\t\t<div class=\"elementor-widget-wrap elementor-element-populated\">\n\t\t\t\t\t\t<section class=\"elementor-section elementor-inner-section elementor-element elementor-element-c6ef360 elementor-section-boxed elementor-section-height-default elementor-section-height-default\" data-id=\"c6ef360\" data-element_type=\"section\" data-e-type=\"section\">\n\t\t\t\t\t\t<div class=\"elementor-container elementor-column-gap-default\">\n\t\t\t\t\t<div class=\"elementor-column elementor-col-50 elementor-inner-column elementor-element elementor-element-69be17c\" data-id=\"69be17c\" data-element_type=\"column\" data-e-type=\"column\">\n\t\t\t<div class=\"elementor-widget-wrap elementor-element-populated\">\n\t\t\t\t\t\t<div class=\"elementor-element elementor-element-2df9c62 elementor-widget elementor-widget-image\" data-id=\"2df9c62\" data-element_type=\"widget\" data-e-type=\"widget\" data-widget_type=\"image.default\">\n\t\t\t\t<div class=\"elementor-widget-container\">\n\t\t\t\t\t\t\t\t\t\t\t\t\t\t\t<img fetchpriority=\"high\" decoding=\"async\" width=\"571\" height=\"1024\" src=\"https:\/\/www.alliance-francaise.nl\/eindhoven\/wp-content\/uploads\/sites\/22\/2026\/03\/IMG-20260320-WA0003-571x1024.jpg\" class=\"attachment-large size-large wp-image-7325\" alt=\"\" srcset=\"https:\/\/www.alliance-francaise.nl\/eindhoven\/wp-content\/uploads\/sites\/22\/2026\/03\/IMG-20260320-WA0003-571x1024.jpg 571w, https:\/\/www.alliance-francaise.nl\/eindhoven\/wp-content\/uploads\/sites\/22\/2026\/03\/IMG-20260320-WA0003-167x300.jpg 167w, https:\/\/www.alliance-francaise.nl\/eindhoven\/wp-content\/uploads\/sites\/22\/2026\/03\/IMG-20260320-WA0003-600x1076.jpg 600w, https:\/\/www.alliance-francaise.nl\/eindhoven\/wp-content\/uploads\/sites\/22\/2026\/03\/IMG-20260320-WA0003.jpg 714w\" sizes=\"(max-width: 571px) 100vw, 571px\" \/>\t\t\t\t\t\t\t\t\t\t\t\t\t\t\t<\/div>\n\t\t\t\t<\/div>\n\t\t\t\t\t<\/div>\n\t\t<\/div>\n\t\t\t\t<div class=\"elementor-column elementor-col-50 elementor-inner-column elementor-element elementor-element-b8c20e9\" data-id=\"b8c20e9\" data-element_type=\"column\" data-e-type=\"column\">\n\t\t\t<div class=\"elementor-widget-wrap elementor-element-populated\">\n\t\t\t\t\t\t<div class=\"elementor-element elementor-element-5d4c68a elementor-widget elementor-widget-text-editor\" data-id=\"5d4c68a\" data-element_type=\"widget\" data-e-type=\"widget\" data-widget_type=\"text-editor.default\">\n\t\t\t\t<div class=\"elementor-widget-container\">\n\t\t\t\t\t\t\t\t\t<p><b>L\u2019ESPAGNOL S\u2019INVITE \u00c0 L\u2019ALLIANCE FRAN\u00c7AISE.<\/b><b>\u00a0<\/b><\/p>\n<p><span style=\"color: #000000\">\u00c0 l\u2019Alliance Fran\u00e7aise Eindhoven, notre mission a toujours \u00e9t\u00e9 de <b>cr\u00e9er des ponts entre les cultures<\/b>. Aujourd\u2019hui, nous sommes ravis de franchir une nouvelle \u00e9tape pour\u00a0<b>mieux accompagner la communaut\u00e9 internationale dynamique de la r\u00e9gion de Brainport<\/b>.\u00a0<\/span><\/p>\n<p><span style=\"color: #000000\">Nous avons le plaisir de vous annoncer le lancement officiel de notre <b>cours d\u2019espagnol<\/b>\u00a0!\u00a0<\/span><\/p>\n<p><span style=\"color: #000000\"><b>Nos formations sont con\u00e7ues pour vous aider \u00e0 r\u00e9ussir<\/b>.\u00a0<\/span><\/p>\n<p><span style=\"color: #000000\"><b>Pourquoi nous rejoindre ?\u00a0<\/b><\/span><\/p>\n<ul>\n<li><span style=\"color: #000000\"><b>\u00c9tape par \u00e9tape: :<\/b>\u00a0Du premier \u201c\u00a1Hola!\u201d aux conversations fluides, familiarisez-vous avec l\u2019une des langues les plus parl\u00e9es au monde.<\/span><\/li>\n<li><span style=\"color: #000000\"><b>Formats flexibles :<\/b>\u00a0Choisissez la formule qui vous ressemble :<\/span>\n<ul>\n<li><span style=\"color: #000000\"><b>Coaching Priv\u00e9 :<\/b>\u00a0Des sessions personnalis\u00e9es en face-\u00e0-face pour progresser \u00e0 votre rythme.<\/span><\/li>\n<li><span style=\"color: #000000\"><b>Cours en Groupes :<\/b>\u00a0Des s\u00e9ances ludiques, interactives et id\u00e9ales pour faire des rencontres.<\/span><\/li>\n<\/ul>\n<\/li>\n<li><span style=\"color: #000000\"><b>Une approche moderne :<\/b>\u00a0Un apprentissage tourn\u00e9 vers la communication r\u00e9elle, la pratique et la confiance en soi<\/span><\/li>\n<\/ul>\n<p><span style=\"color: #000000\"><b>Pr\u00eats \u00e0 vous lancer ?<\/b><\/span><\/p>\n<p><span style=\"color: #4054b2\"><b><i>SPAANS KOMT NAAR DE ALLIANCE FRAN\u00c7AISE.<\/i><\/b><\/span><\/p>\n<p><span style=\"color: #4054b2\"><i>Bij de Alliance Fran\u00e7aise Eindhoven is het altijd onze missie geweest om\u00a0<\/i><b><i>bruggen te bouwen tussen culturen<\/i><\/b><i>. Vandaag zetten we met veel enthousiasme een nieuwe stap\u00a0<\/i><b><i>om de dynamische internationale community van de Brainport-regio nog beter te ondersteunen<\/i><\/b><i>.<\/i><\/span><\/p>\n<p><span style=\"color: #4054b2\"><i>Met trots kondigen we de offici\u00eble lancering aan van onze\u00a0<\/i><b><i>cursus Spaans<\/i><\/b><i>!<\/i><\/span><\/p>\n<p><span style=\"color: #4054b2\"><b><i>Onze opleidingen zijn er om jou te helpen slagen<\/i><\/b><i>.<\/i><\/span><\/p>\n<p><span style=\"color: #4054b2\"><b><i>Waarom voor ons kiezen?<\/i><\/b><\/span><\/p>\n<ul>\n<li><span style=\"color: #4054b2\"><b><i>Stap voor stap:<\/i><\/b><i>\u00a0Van je eerste \u201c\u00a1Hola!\u201d tot vlotte gesprekken \u2013 maak je vertrouwd met een van de meest gesproken talen ter wereld.<\/i>\u00a0<\/span><\/li>\n<li><span style=\"color: #4054b2\"><b><i>Flexibele formules:<\/i><\/b><i>\u00a0Kies wat het beste bij jou past:<\/i><\/span>\n<ul>\n<li><span style=\"color: #4054b2\"><b><i>Priv\u00e9coaching:<\/i><\/b><i>\u00a0Persoonlijke 1-op-1 sessies, volledig op jouw tempo.<\/i><\/span><\/li>\n<li><span style=\"color: #4054b2\"><b><i>Groepslessen:<\/i><\/b><i>\u00a0Leuke, interactieve lessen \u2013 ideaal om nieuwe mensen te ontmoeten.<\/i><\/span><\/li>\n<\/ul>\n<\/li>\n<li><span style=\"color: #4054b2\"><b><i>Een moderne aanpak:<\/i><\/b><i>\u00a0Gericht op echte communicatie, praktijk en zelfvertrouwen.<\/i><\/span><\/li>\n<\/ul>\n<p><span style=\"color: #4054b2\"><b><i>Klaar om te starten?<\/i><\/b><\/span><\/p>\n<p><b><span style=\"color: #ff0000\">Contact :<\/span>\u00a0<\/b><span style=\"color: #000000\">Sophie H\u00e9ry<\/span>\u00a0<a href=\"mailto:cursus.eindhoven@afpb.nl\">cursus.eindhoven@afpb.nl<\/a><\/p>\t\t\t\t\t\t\t\t<\/div>\n\t\t\t\t<\/div>\n\t\t\t\t\t<\/div>\n\t\t<\/div>\n\t\t\t\t\t<\/div>\n\t\t<\/section>\n\t\t\t\t\t<\/div>\n\t\t<\/div>\n\t\t\t\t\t<\/div>\n\t\t<\/section>\n\t\t\t\t<\/div>\n\t\t","protected":false},"excerpt":{"rendered":"<p>L\u2019ESPAGNOL S\u2019INVITE \u00c0 L\u2019ALLIANCE FRAN\u00c7AISE.\u00a0 \u00c0 l\u2019Alliance Fran\u00e7aise Eindhoven, notre mission a toujours \u00e9t\u00e9 de cr\u00e9er des ponts entre les cultures. Aujourd\u2019hui, nous sommes ravis de franchir une nouvelle \u00e9tape [&hellip;]<\/p>\n","protected":false},"author":17,"featured_media":0,"parent":0,"menu_order":0,"comment_status":"closed","ping_status":"closed","template":"","meta":{"footnotes":""},"class_list":["post-7329","page","type-page","status-publish","hentry"],"_links":{"self":[{"href":"https:\/\/www.alliance-francaise.nl\/eindhoven\/wp-json\/wp\/v2\/pages\/7329","targetHints":{"allow":["GET"]}}],"collection":[{"href":"https:\/\/www.alliance-francaise.nl\/eindhoven\/wp-json\/wp\/v2\/pages"}],"about":[{"href":"https:\/\/www.alliance-francaise.nl\/eindhoven\/wp-json\/wp\/v2\/types\/page"}],"author":[{"embeddable":true,"href":"https:\/\/www.alliance-francaise.nl\/eindhoven\/wp-json\/wp\/v2\/users\/17"}],"replies":[{"embeddable":true,"href":"https:\/\/www.alliance-francaise.nl\/eindhoven\/wp-json\/wp\/v2\/comments?post=7329"}],"version-history":[{"count":7,"href":"https:\/\/www.alliance-francaise.nl\/eindhoven\/wp-json\/wp\/v2\/pages\/7329\/revisions"}],"predecessor-version":[{"id":7382,"href":"https:\/\/www.alliance-francaise.nl\/eindhoven\/wp-json\/wp\/v2\/pages\/7329\/revisions\/7382"}],"wp:attachment":[{"href":"https:\/\/www.alliance-francaise.nl\/eindhoven\/wp-json\/wp\/v2\/media?parent=7329"}],"curies":[{"name":"wp","href":"https:\/\/api.w.org\/{rel}","templated":true}]}}