{"id":2386,"date":"2021-05-14T10:42:33","date_gmt":"2021-05-14T09:42:33","guid":{"rendered":"https:\/\/www.alliance-francaise.nl\/eindhoven\/?page_id=2386"},"modified":"2026-03-30T20:35:10","modified_gmt":"2026-03-30T18:35:10","slug":"english","status":"publish","type":"page","link":"https:\/\/www.alliance-francaise.nl\/eindhoven\/english\/","title":{"rendered":"English"},"content":{"rendered":"\t\t<div data-elementor-type=\"wp-page\" data-elementor-id=\"2386\" class=\"elementor elementor-2386\" data-elementor-post-type=\"page\">\n\t\t\t\t\t\t<section class=\"elementor-section elementor-top-section elementor-element elementor-element-a223d5a elementor-section-boxed elementor-section-height-default elementor-section-height-default\" data-id=\"a223d5a\" data-element_type=\"section\" data-e-type=\"section\">\n\t\t\t\t\t\t<div class=\"elementor-container elementor-column-gap-default\">\n\t\t\t\t\t<div class=\"elementor-column elementor-col-100 elementor-top-column elementor-element elementor-element-69b4c39\" data-id=\"69b4c39\" data-element_type=\"column\" data-e-type=\"column\">\n\t\t\t<div class=\"elementor-widget-wrap elementor-element-populated\">\n\t\t\t\t\t\t<div class=\"elementor-element elementor-element-42447b1 elementor-widget elementor-widget-image\" data-id=\"42447b1\" data-element_type=\"widget\" data-e-type=\"widget\" data-widget_type=\"image.default\">\n\t\t\t\t<div class=\"elementor-widget-container\">\n\t\t\t\t\t\t\t\t\t\t\t\t\t\t\t<img fetchpriority=\"high\" decoding=\"async\" width=\"635\" height=\"633\" src=\"https:\/\/www.alliance-francaise.nl\/eindhoven\/wp-content\/uploads\/sites\/22\/2025\/09\/english_course.jpg\" class=\"attachment-large size-large wp-image-6855\" alt=\"\" srcset=\"https:\/\/www.alliance-francaise.nl\/eindhoven\/wp-content\/uploads\/sites\/22\/2025\/09\/english_course.jpg 635w, https:\/\/www.alliance-francaise.nl\/eindhoven\/wp-content\/uploads\/sites\/22\/2025\/09\/english_course-300x300.jpg 300w, https:\/\/www.alliance-francaise.nl\/eindhoven\/wp-content\/uploads\/sites\/22\/2025\/09\/english_course-150x150.jpg 150w, https:\/\/www.alliance-francaise.nl\/eindhoven\/wp-content\/uploads\/sites\/22\/2025\/09\/english_course-600x598.jpg 600w, https:\/\/www.alliance-francaise.nl\/eindhoven\/wp-content\/uploads\/sites\/22\/2025\/09\/english_course-100x100.jpg 100w\" sizes=\"(max-width: 635px) 100vw, 635px\" \/>\t\t\t\t\t\t\t\t\t\t\t\t\t\t\t<\/div>\n\t\t\t\t<\/div>\n\t\t\t\t<div class=\"elementor-element elementor-element-1654876 elementor-align-center elementor-widget elementor-widget-button\" data-id=\"1654876\" data-element_type=\"widget\" data-e-type=\"widget\" data-widget_type=\"button.default\">\n\t\t\t\t<div class=\"elementor-widget-container\">\n\t\t\t\t\t\t\t\t\t<div class=\"elementor-button-wrapper\">\n\t\t\t\t\t<a class=\"elementor-button elementor-button-link elementor-size-lg\" href=\"https:\/\/www.alliance-francaise.nl\/eindhoven\/product\/english-french-group-lessons\/\">\n\t\t\t\t\t\t<span class=\"elementor-button-content-wrapper\">\n\t\t\t\t\t\t\t\t\t<span class=\"elementor-button-text\">Order Now<\/span>\n\t\t\t\t\t<\/span>\n\t\t\t\t\t<\/a>\n\t\t\t\t<\/div>\n\t\t\t\t\t\t\t\t<\/div>\n\t\t\t\t<\/div>\n\t\t\t\t<div class=\"elementor-element elementor-element-3ead28d elementor-widget elementor-widget-spacer\" data-id=\"3ead28d\" data-element_type=\"widget\" data-e-type=\"widget\" data-widget_type=\"spacer.default\">\n\t\t\t\t<div class=\"elementor-widget-container\">\n\t\t\t\t\t\t\t<div class=\"elementor-spacer\">\n\t\t\t<div class=\"elementor-spacer-inner\"><\/div>\n\t\t<\/div>\n\t\t\t\t\t\t<\/div>\n\t\t\t\t<\/div>\n\t\t\t\t<section class=\"elementor-section elementor-inner-section elementor-element elementor-element-197916c elementor-section-boxed elementor-section-height-default elementor-section-height-default\" data-id=\"197916c\" data-element_type=\"section\" data-e-type=\"section\">\n\t\t\t\t\t\t<div class=\"elementor-container elementor-column-gap-default\">\n\t\t\t\t\t<div class=\"elementor-column elementor-col-50 elementor-inner-column elementor-element elementor-element-c26dc43\" data-id=\"c26dc43\" data-element_type=\"column\" data-e-type=\"column\">\n\t\t\t<div class=\"elementor-widget-wrap elementor-element-populated\">\n\t\t\t\t\t\t<div class=\"elementor-element elementor-element-9274eac elementor-widget elementor-widget-image\" data-id=\"9274eac\" data-element_type=\"widget\" data-e-type=\"widget\" data-widget_type=\"image.default\">\n\t\t\t\t<div class=\"elementor-widget-container\">\n\t\t\t\t\t\t\t\t\t\t\t\t\t\t\t<img decoding=\"async\" width=\"571\" height=\"1024\" src=\"https:\/\/www.alliance-francaise.nl\/eindhoven\/wp-content\/uploads\/sites\/22\/2026\/03\/IMG-20260320-WA0000-571x1024.jpg\" class=\"attachment-large size-large wp-image-7324\" alt=\"\" srcset=\"https:\/\/www.alliance-francaise.nl\/eindhoven\/wp-content\/uploads\/sites\/22\/2026\/03\/IMG-20260320-WA0000-571x1024.jpg 571w, https:\/\/www.alliance-francaise.nl\/eindhoven\/wp-content\/uploads\/sites\/22\/2026\/03\/IMG-20260320-WA0000-167x300.jpg 167w, https:\/\/www.alliance-francaise.nl\/eindhoven\/wp-content\/uploads\/sites\/22\/2026\/03\/IMG-20260320-WA0000-768x1378.jpg 768w, https:\/\/www.alliance-francaise.nl\/eindhoven\/wp-content\/uploads\/sites\/22\/2026\/03\/IMG-20260320-WA0000-856x1536.jpg 856w, https:\/\/www.alliance-francaise.nl\/eindhoven\/wp-content\/uploads\/sites\/22\/2026\/03\/IMG-20260320-WA0000-600x1076.jpg 600w, https:\/\/www.alliance-francaise.nl\/eindhoven\/wp-content\/uploads\/sites\/22\/2026\/03\/IMG-20260320-WA0000-e1774870040515.jpg 714w\" sizes=\"(max-width: 571px) 100vw, 571px\" \/>\t\t\t\t\t\t\t\t\t\t\t\t\t\t\t<\/div>\n\t\t\t\t<\/div>\n\t\t\t\t\t<\/div>\n\t\t<\/div>\n\t\t\t\t<div class=\"elementor-column elementor-col-50 elementor-inner-column elementor-element elementor-element-0d659d7\" data-id=\"0d659d7\" data-element_type=\"column\" data-e-type=\"column\">\n\t\t\t<div class=\"elementor-widget-wrap elementor-element-populated\">\n\t\t\t\t\t\t<div class=\"elementor-element elementor-element-c13d62b elementor-widget elementor-widget-text-editor\" data-id=\"c13d62b\" data-element_type=\"widget\" data-e-type=\"widget\" data-widget_type=\"text-editor.default\">\n\t\t\t\t<div class=\"elementor-widget-container\">\n\t\t\t\t\t\t\t\t\t<p><span style=\"color: #ff0000\"><b>L\u2019ANGLAIS S\u2019INVITE \u00c0 L\u2019ALLIANCE FRAN\u00c7AISE.<\/b><b>\u00a0<\/b><\/span><\/p><p><span style=\"color: #000000\">\u00c0 l\u2019Alliance Fran\u00e7aise Eindhoven, notre mission a toujours \u00e9t\u00e9 de\u00a0<b>cr\u00e9er des ponts entre les cultures<\/b>. Aujourd\u2019hui, nous sommes ravis de franchir une nouvelle \u00e9tape pour\u00a0<b>mieux accompagner la communaut\u00e9 internationale dynamique de la r\u00e9gion de Brainport<\/b>.\u00a0<\/span><\/p><p><span style=\"color: #000000\">Nous avons le plaisir de vous annoncer le lancement officiel de notre <b>cours d\u2019anglais<\/b>!\u00a0<\/span><\/p><p><span style=\"color: #000000\"><b>Nos formations sont con\u00e7ues pour vous aider \u00e0 r\u00e9ussir<\/b>.\u00a0<\/span><\/p><p><b>Pourquoi nous rejoindre ?\u00a0<\/b><\/p><ul><li><strong>Ma\u00eetrisez la langue<\/strong> incontournable des affaires et de la vie sociale \u00e0 Eindhoven.\u00a0<\/li><li><b>Formats flexibles <\/b>Choisissez la formule qui vous ressemble :<ul><li><b>Coaching Priv\u00e9 :<\/b>\u00a0Des sessions personnalis\u00e9es en face-\u00e0-face pour progresser \u00e0 votre rythme.<\/li><li><b>Cours en Groupes :<\/b>\u00a0Des s\u00e9ances ludiques, interactives et id\u00e9ales pour faire des rencontres.<\/li><\/ul><\/li><li><b>Une approche moderne :<\/b>\u00a0Un apprentissage tourn\u00e9 vers la communication r\u00e9elle, la pratique et la confiance en soi<\/li><\/ul><p><b>Pr\u00eats \u00e0 vous lancer ?<\/b><b><i>\u00a0<\/i><\/b><\/p><p><span style=\"color: #4054b2\"><b><i>ENGELS KOMT NAAR DE ALLIANCE FRAN\u00c7AISE.<\/i><\/b><\/span><\/p><p><span style=\"color: #4054b2\"><i>Bij de Alliance Fran\u00e7aise Eindhoven is het altijd onze missie geweest om\u00a0<\/i><b><i>bruggen te bouwen tussen culturen<\/i><\/b><i>. Vandaag zetten we met veel enthousiasme een nieuwe stap\u00a0<\/i><b><i>om de dynamische internationale community van de Brainport-regio nog beter te ondersteunen<\/i><\/b><i>.<\/i><\/span><\/p><p><span style=\"color: #4054b2\"><i>Met trots kondigen we de offici\u00eble lancering aan van onze\u00a0<\/i><b><i>cursus Engels<\/i><\/b><i>!<\/i><\/span><\/p><p><span style=\"color: #4054b2\"><b><i>Onze opleidingen zijn er om jou te helpen slagen<\/i><\/b><i>.<\/i><\/span><\/p><p><span style=\"color: #4054b2\"><b><i>Waarom voor ons kiezen?<\/i><\/b><\/span><\/p><ul><li><span style=\"color: #4054b2\"><i><strong>Beheers de onmisbare taal<\/strong> voor business en het sociale leven in Eindhoven.<\/i><\/span><\/li><li><span style=\"color: #4054b2\"><b><i>Flexibele formules:<\/i><\/b><i>\u00a0Kies wat het beste bij jou past:<\/i><\/span><ul><li><span style=\"color: #4054b2\"><b><i>Priv\u00e9coaching:<\/i><\/b><i>\u00a0Persoonlijke 1-op-1 sessies, volledig op jouw tempo.<\/i><\/span><\/li><li><span style=\"color: #4054b2\"><b><i>Groepslessen:<\/i><\/b><i>\u00a0Leuke, interactieve lessen \u2013 ideaal om nieuwe mensen te ontmoeten.<\/i><\/span><\/li><\/ul><\/li><li><span style=\"color: #4054b2\"><b><i>Een moderne aanpak:<\/i><\/b><i>\u00a0Gericht op echte communicatie, praktijk en zelfvertrouwen.<\/i><\/span><\/li><\/ul><p><span style=\"color: #4054b2\"><b><i>Klaar om te starten?<\/i><\/b><\/span><\/p><p><b><span style=\"color: #ff0000\">Contact :<\/span>\u00a0<\/b>Sophie H\u00e9ry\u00a0<a href=\"mailto:cursus.eindhoven@afpb.nl\">cursus.eindhoven@afpb.nl<\/a><\/p>\t\t\t\t\t\t\t\t<\/div>\n\t\t\t\t<\/div>\n\t\t\t\t<div class=\"elementor-element elementor-element-7278a85 elementor-widget elementor-widget-text-editor\" data-id=\"7278a85\" data-element_type=\"widget\" data-e-type=\"widget\" data-widget_type=\"text-editor.default\">\n\t\t\t\t<div class=\"elementor-widget-container\">\n\t\t\t\t\t\t\t\t\t<p>orem ipsum dolor sit amet, consectetur adipiscing elit. Ut elit tellus, luctus nec ullamcorper mattis, pulvinar dapibus leo.<\/p>\t\t\t\t\t\t\t\t<\/div>\n\t\t\t\t<\/div>\n\t\t\t\t\t<\/div>\n\t\t<\/div>\n\t\t\t\t\t<\/div>\n\t\t<\/section>\n\t\t\t\t<div class=\"elementor-element elementor-element-412f810 elementor-widget elementor-widget-spacer\" data-id=\"412f810\" data-element_type=\"widget\" data-e-type=\"widget\" data-widget_type=\"spacer.default\">\n\t\t\t\t<div class=\"elementor-widget-container\">\n\t\t\t\t\t\t\t<div class=\"elementor-spacer\">\n\t\t\t<div class=\"elementor-spacer-inner\"><\/div>\n\t\t<\/div>\n\t\t\t\t\t\t<\/div>\n\t\t\t\t<\/div>\n\t\t\t\t\t<\/div>\n\t\t<\/div>\n\t\t\t\t\t<\/div>\n\t\t<\/section>\n\t\t\t\t<section class=\"elementor-section elementor-top-section elementor-element elementor-element-4ccdb59 elementor-section-boxed elementor-section-height-default elementor-section-height-default\" data-id=\"4ccdb59\" data-element_type=\"section\" data-e-type=\"section\">\n\t\t\t\t\t\t<div class=\"elementor-container elementor-column-gap-default\">\n\t\t\t\t\t<div class=\"elementor-column elementor-col-100 elementor-top-column elementor-element elementor-element-e957d5b\" data-id=\"e957d5b\" data-element_type=\"column\" data-e-type=\"column\">\n\t\t\t<div class=\"elementor-widget-wrap elementor-element-populated\">\n\t\t\t\t\t\t<div class=\"elementor-element elementor-element-a82b376 elementor-widget elementor-widget-text-editor\" data-id=\"a82b376\" data-element_type=\"widget\" data-e-type=\"widget\" data-widget_type=\"text-editor.default\">\n\t\t\t\t<div class=\"elementor-widget-container\">\n\t\t\t\t\t\t\t\t\t<p style=\"text-align: center\">Interested in a course or level not advertised ? Let us know and we will notify when it\u2019s running.<\/p><p style=\"text-align: center\">Email us <a href=\"mailto:cursus.eindhoven@afpb.nl\">cursus.eindhoven@afpb.nl<\/a> or call us on 06 83 21 47 77<\/p>\t\t\t\t\t\t\t\t<\/div>\n\t\t\t\t<\/div>\n\t\t\t\t\t<\/div>\n\t\t<\/div>\n\t\t\t\t\t<\/div>\n\t\t<\/section>\n\t\t\t\t<section class=\"elementor-section elementor-top-section elementor-element elementor-element-9f6056c elementor-section-boxed elementor-section-height-default elementor-section-height-default\" data-id=\"9f6056c\" data-element_type=\"section\" data-e-type=\"section\">\n\t\t\t\t\t\t<div class=\"elementor-container elementor-column-gap-default\">\n\t\t\t\t\t<div class=\"elementor-column elementor-col-100 elementor-top-column elementor-element elementor-element-6980640\" data-id=\"6980640\" data-element_type=\"column\" data-e-type=\"column\">\n\t\t\t<div class=\"elementor-widget-wrap\">\n\t\t\t\t\t\t\t<\/div>\n\t\t<\/div>\n\t\t\t\t\t<\/div>\n\t\t<\/section>\n\t\t\t\t<\/div>\n\t\t","protected":false},"excerpt":{"rendered":"<p>Order Now L\u2019ANGLAIS S\u2019INVITE \u00c0 L\u2019ALLIANCE FRAN\u00c7AISE.\u00a0 \u00c0 l\u2019Alliance Fran\u00e7aise Eindhoven, notre mission a toujours \u00e9t\u00e9 de\u00a0cr\u00e9er des ponts entre les cultures. Aujourd\u2019hui, nous sommes ravis de franchir une nouvelle [&hellip;]<\/p>\n","protected":false},"author":17,"featured_media":0,"parent":0,"menu_order":0,"comment_status":"closed","ping_status":"closed","template":"","meta":{"footnotes":""},"class_list":["post-2386","page","type-page","status-publish","hentry"],"_links":{"self":[{"href":"https:\/\/www.alliance-francaise.nl\/eindhoven\/wp-json\/wp\/v2\/pages\/2386","targetHints":{"allow":["GET"]}}],"collection":[{"href":"https:\/\/www.alliance-francaise.nl\/eindhoven\/wp-json\/wp\/v2\/pages"}],"about":[{"href":"https:\/\/www.alliance-francaise.nl\/eindhoven\/wp-json\/wp\/v2\/types\/page"}],"author":[{"embeddable":true,"href":"https:\/\/www.alliance-francaise.nl\/eindhoven\/wp-json\/wp\/v2\/users\/17"}],"replies":[{"embeddable":true,"href":"https:\/\/www.alliance-francaise.nl\/eindhoven\/wp-json\/wp\/v2\/comments?post=2386"}],"version-history":[{"count":15,"href":"https:\/\/www.alliance-francaise.nl\/eindhoven\/wp-json\/wp\/v2\/pages\/2386\/revisions"}],"predecessor-version":[{"id":7385,"href":"https:\/\/www.alliance-francaise.nl\/eindhoven\/wp-json\/wp\/v2\/pages\/2386\/revisions\/7385"}],"wp:attachment":[{"href":"https:\/\/www.alliance-francaise.nl\/eindhoven\/wp-json\/wp\/v2\/media?parent=2386"}],"curies":[{"name":"wp","href":"https:\/\/api.w.org\/{rel}","templated":true}]}}