{"id":123,"date":"2020-05-23T11:33:33","date_gmt":"2020-05-23T11:33:33","guid":{"rendered":"https:\/\/www.alliance-francaise.nl\/2020\/denbosch\/?page_id=123"},"modified":"2025-08-23T16:49:48","modified_gmt":"2025-08-23T15:49:48","slug":"europees-referentie-kader","status":"publish","type":"page","link":"https:\/\/www.alliance-francaise.nl\/denbosch\/cursussen\/europees-referentie-kader\/","title":{"rendered":"Europees referentie kader"},"content":{"rendered":"\t\t<div data-elementor-type=\"wp-page\" data-elementor-id=\"123\" class=\"elementor elementor-123\" data-elementor-post-type=\"page\">\n\t\t\t\t\t\t<section class=\"elementor-section elementor-top-section elementor-element elementor-element-3c0ec6ef elementor-section-boxed elementor-section-height-default elementor-section-height-default\" data-id=\"3c0ec6ef\" data-element_type=\"section\" data-e-type=\"section\" data-settings=\"{&quot;background_background&quot;:&quot;classic&quot;}\">\n\t\t\t\t\t\t<div class=\"elementor-container elementor-column-gap-default\">\n\t\t\t\t\t<div class=\"elementor-column elementor-col-100 elementor-top-column elementor-element elementor-element-3e6df998\" data-id=\"3e6df998\" data-element_type=\"column\" data-e-type=\"column\">\n\t\t\t<div class=\"elementor-widget-wrap\">\n\t\t\t\t\t\t\t<\/div>\n\t\t<\/div>\n\t\t\t\t\t<\/div>\n\t\t<\/section>\n\t\t\t\t<section class=\"elementor-section elementor-top-section elementor-element elementor-element-56394fc6 elementor-section-boxed elementor-section-height-default elementor-section-height-default\" data-id=\"56394fc6\" data-element_type=\"section\" data-e-type=\"section\">\n\t\t\t\t\t\t<div class=\"elementor-container elementor-column-gap-default\">\n\t\t\t\t\t<div class=\"elementor-column elementor-col-100 elementor-top-column elementor-element elementor-element-6cd5abc1\" data-id=\"6cd5abc1\" data-element_type=\"column\" data-e-type=\"column\" data-settings=\"{&quot;background_background&quot;:&quot;classic&quot;}\">\n\t\t\t<div class=\"elementor-widget-wrap elementor-element-populated\">\n\t\t\t\t\t<div class=\"elementor-background-overlay\"><\/div>\n\t\t\t\t\t\t<div class=\"elementor-element elementor-element-46c9d5ab elementor-widget elementor-widget-heading\" data-id=\"46c9d5ab\" data-element_type=\"widget\" data-e-type=\"widget\" data-widget_type=\"heading.default\">\n\t\t\t\t<div class=\"elementor-widget-container\">\n\t\t\t\t\t<h1 class=\"elementor-heading-title elementor-size-default\">Europees referentiekader voor talen &amp;<br> Niveautest<\/h1>\t\t\t\t<\/div>\n\t\t\t\t<\/div>\n\t\t\t\t\t<\/div>\n\t\t<\/div>\n\t\t\t\t\t<\/div>\n\t\t<\/section>\n\t\t\t\t<section class=\"elementor-section elementor-top-section elementor-element elementor-element-41f2d737 elementor-section-boxed elementor-section-height-default elementor-section-height-default\" data-id=\"41f2d737\" data-element_type=\"section\" data-e-type=\"section\">\n\t\t\t\t\t\t<div class=\"elementor-container elementor-column-gap-default\">\n\t\t\t\t\t<div class=\"elementor-column elementor-col-100 elementor-top-column elementor-element elementor-element-1bd1bbeb\" data-id=\"1bd1bbeb\" data-element_type=\"column\" data-e-type=\"column\">\n\t\t\t<div class=\"elementor-widget-wrap elementor-element-populated\">\n\t\t\t\t\t\t<div class=\"elementor-element elementor-element-12dc8f60 elementor-widget elementor-widget-heading\" data-id=\"12dc8f60\" data-element_type=\"widget\" data-e-type=\"widget\" data-widget_type=\"heading.default\">\n\t\t\t\t<div class=\"elementor-widget-container\">\n\t\t\t\t\t<h2 class=\"elementor-heading-title elementor-size-default\">Cadre Europ\u00e9en Commun de R\u00e9f\u00e9rence (CECR)<\/h2>\t\t\t\t<\/div>\n\t\t\t\t<\/div>\n\t\t\t\t\t<\/div>\n\t\t<\/div>\n\t\t\t\t\t<\/div>\n\t\t<\/section>\n\t\t\t\t<section class=\"elementor-section elementor-top-section elementor-element elementor-element-662a7270 elementor-section-boxed elementor-section-height-default elementor-section-height-default\" data-id=\"662a7270\" data-element_type=\"section\" data-e-type=\"section\">\n\t\t\t\t\t\t<div class=\"elementor-container elementor-column-gap-default\">\n\t\t\t\t\t<div class=\"elementor-column elementor-col-33 elementor-top-column elementor-element elementor-element-6bbf7756\" data-id=\"6bbf7756\" data-element_type=\"column\" data-e-type=\"column\">\n\t\t\t<div class=\"elementor-widget-wrap elementor-element-populated\">\n\t\t\t\t\t\t<div class=\"elementor-element elementor-element-c31e3a elementor-widget elementor-widget-image\" data-id=\"c31e3a\" data-element_type=\"widget\" data-e-type=\"widget\" data-widget_type=\"image.default\">\n\t\t\t\t<div class=\"elementor-widget-container\">\n\t\t\t\t\t\t\t\t\t\t\t\t\t\t\t<img decoding=\"async\" width=\"221\" height=\"170\" src=\"https:\/\/www.alliance-francaise.nl\/denbosch\/wp-content\/uploads\/sites\/31\/2021\/03\/conseil.png\" class=\"attachment-large size-large wp-image-888\" alt=\"\" \/>\t\t\t\t\t\t\t\t\t\t\t\t\t\t\t<\/div>\n\t\t\t\t<\/div>\n\t\t\t\t\t<\/div>\n\t\t<\/div>\n\t\t\t\t<div class=\"elementor-column elementor-col-66 elementor-top-column elementor-element elementor-element-438cba04\" data-id=\"438cba04\" data-element_type=\"column\" data-e-type=\"column\">\n\t\t\t<div class=\"elementor-widget-wrap elementor-element-populated\">\n\t\t\t\t\t\t<div class=\"elementor-element elementor-element-6885da76 elementor-widget elementor-widget-text-editor\" data-id=\"6885da76\" data-element_type=\"widget\" data-e-type=\"widget\" data-widget_type=\"text-editor.default\">\n\t\t\t\t<div class=\"elementor-widget-container\">\n\t\t\t\t\t\t\t\t\t<p>De Alliance Fran\u00e7aise maakt gebruik van het\u00a0<b>Europees Referentiekader<\/b>\u00a0om het niveau van de cursussen aan te geven. Dit referentiekader is ontwikkeld onder leiding van de Raad van Europa met als doelstelling de beschrijving van de taalvaardigheidsniveaus voor de verschillende Europese talen te standaardiseren. Het referentiekader beschrijft verschillende taalvaardigheden op zes niveaus (A1, A2, B1, B2, C1 en C2). Deze beschrijvingen hebben een universele geldigheid: niveau A2 bij Frans veronderstelt dus dezelfde vaardigheden als niveau A2 bij Duits of Engels.<\/p>\t\t\t\t\t\t\t\t<\/div>\n\t\t\t\t<\/div>\n\t\t\t\t\t<\/div>\n\t\t<\/div>\n\t\t\t\t\t<\/div>\n\t\t<\/section>\n\t\t\t\t<section class=\"elementor-section elementor-top-section elementor-element elementor-element-cbc37cc elementor-section-boxed elementor-section-height-default elementor-section-height-default\" data-id=\"cbc37cc\" data-element_type=\"section\" data-e-type=\"section\" data-settings=\"{&quot;background_background&quot;:&quot;classic&quot;}\">\n\t\t\t\t\t\t<div class=\"elementor-container elementor-column-gap-default\">\n\t\t\t\t\t<div class=\"elementor-column elementor-col-100 elementor-top-column elementor-element elementor-element-7669befb\" data-id=\"7669befb\" data-element_type=\"column\" data-e-type=\"column\">\n\t\t\t<div class=\"elementor-widget-wrap elementor-element-populated\">\n\t\t\t\t\t\t<div class=\"elementor-element elementor-element-6cee6cfe elementor-widget elementor-widget-heading\" data-id=\"6cee6cfe\" data-element_type=\"widget\" data-e-type=\"widget\" data-widget_type=\"heading.default\">\n\t\t\t\t<div class=\"elementor-widget-container\">\n\t\t\t\t\t<h2 class=\"elementor-heading-title elementor-size-default\">Vaardigheden die iemand voor verschillende niveaus moet beheersen<\/h2>\t\t\t\t<\/div>\n\t\t\t\t<\/div>\n\t\t\t\t<div class=\"elementor-element elementor-element-6444e682 elementor-widget elementor-widget-text-editor\" data-id=\"6444e682\" data-element_type=\"widget\" data-e-type=\"widget\" data-widget_type=\"text-editor.default\">\n\t\t\t\t<div class=\"elementor-widget-container\">\n\t\t\t\t\t\t\t\t\t<ul><li>Luistervaardigheid<\/li><li>Leesvaardigheid<\/li><li>Schriftelijke uitdrukkingsvaardigheid<\/li><li>Mondelinge uitdrukkingsvaardigheid<\/li><\/ul>\t\t\t\t\t\t\t\t<\/div>\n\t\t\t\t<\/div>\n\t\t\t\t\t<\/div>\n\t\t<\/div>\n\t\t\t\t\t<\/div>\n\t\t<\/section>\n\t\t\t\t<section class=\"elementor-section elementor-top-section elementor-element elementor-element-74e56cf1 elementor-section-boxed elementor-section-height-default elementor-section-height-default\" data-id=\"74e56cf1\" data-element_type=\"section\" data-e-type=\"section\">\n\t\t\t\t\t\t<div class=\"elementor-container elementor-column-gap-default\">\n\t\t\t\t\t<div class=\"elementor-column elementor-col-100 elementor-top-column elementor-element elementor-element-48a12989\" data-id=\"48a12989\" data-element_type=\"column\" data-e-type=\"column\">\n\t\t\t<div class=\"elementor-widget-wrap elementor-element-populated\">\n\t\t\t\t\t\t<div class=\"elementor-element elementor-element-6ea52e51 elementor-widget elementor-widget-heading\" data-id=\"6ea52e51\" data-element_type=\"widget\" data-e-type=\"widget\" data-widget_type=\"heading.default\">\n\t\t\t\t<div class=\"elementor-widget-container\">\n\t\t\t\t\t<h2 class=\"elementor-heading-title elementor-size-default\">Niveau-aanduiding conform het Europese referentiekader voor Talen Cadre Europ\u00e9en Commun de R\u00e9f\u00e9rence\u00a0<\/h2>\t\t\t\t<\/div>\n\t\t\t\t<\/div>\n\t\t\t\t<div class=\"elementor-element elementor-element-63db9380 elementor-widget elementor-widget-text-editor\" data-id=\"63db9380\" data-element_type=\"widget\" data-e-type=\"widget\" data-widget_type=\"text-editor.default\">\n\t\t\t\t<div class=\"elementor-widget-container\">\n\t\t\t\t\t\t\t\t\t<table>\n<tbody>\n<tr style=\"height: 24px\">\n<td style=\"border-color: #000000;width: 23.1228%;background-color: #f0f0f0a;height: 24px;text-align: left\"><span style=\"color: #000000;font-family: verdana, geneva, sans-serif;font-size: 10pt\"><strong>Niveau<\/strong>&nbsp;<\/span><\/td>\n<td style=\"border-color: #000000;width: 76.0429%;text-align: left;background-color: #f0f0f0;height: 24px\"><strong><span style=\"color: #000000;font-family: verdana, geneva, sans-serif;font-size: 10pt\">Verklaring<\/span><\/strong><\/td>\n<\/tr>\n<tr style=\"height: 24px\">\n<td style=\"border-color: #000000;width: 23.1228%;text-align: left;height: 24px\">\n<p><strong><span style=\"color: #000000;font-family: verdana, geneva, sans-serif;font-size: 10pt\">Beginners I &amp; II<br>A1: Doorbraak<\/span><\/strong><\/p>\n<\/td>\n<td style=\"border-color: #000000;width: 76.0429%;text-align: left;height: 24px\"><strong><span style=\"color: #000000;font-family: verdana, geneva, sans-serif;font-size: 10pt\">Basisgebruiker: <\/span><\/strong><span style=\"color: #000000;font-family: verdana, geneva, sans-serif;font-size: 10pt\">Geen kennis of tot circa 2 jaar schoolfrans. De cursist bouwt een woordenschat op en leert zich in het Frans te redden bij het voeren van een eenvoudig gesprek en het inwinnen van inlichtingen.<\/span><\/td>\n<\/tr>\n<tr style=\"height: 24px\">\n<td style=\"border-color: #000000;width: 23.1228%;text-align: left;height: 24px\"><strong><span style=\"color: #000000;font-family: verdana, geneva, sans-serif;font-size: 10pt\">Beginners <em>III<\/em> &amp; IV<br>A2: Tussenstap<\/span><\/strong><\/td>\n<td style=\"border-color: #000000;width: 76.0429%;text-align: left;height: 24px\"><span style=\"color: #000000;font-family: verdana, geneva, sans-serif;font-size: 10pt\"><strong>Enigszins gevorderden<\/strong>: Circa 3 \u00e0 4 jaar Frans en redelijk parate kennis. De cursist bouwt zijn woordenschat verder op en leert zich in het Frans uit te drukken bij het voeren van een gesprek en het schrijven van een eenvoudige brief.<\/span><\/td>\n<\/tr>\n<tr style=\"height: 48px\">\n<td style=\"border-color: #000000;width: 23.1228%;text-align: left;height: 48px\"><span style=\"color: #000000;font-family: verdana, geneva, sans-serif;font-size: 10pt\"><strong>Gevorderden I &amp; II<br>B1: Drempel<\/strong><\/span><\/td>\n<td style=\"border-color: #000000;width: 76.0429%;text-align: left;height: 48px\"><span style=\"color: #000000;font-family: verdana, geneva, sans-serif;font-size: 10pt\"><span style=\"color: #000000\"><strong>Gevorderden:<\/strong> met circa 4 \u00e0 5 jaar schoolfrans, <\/span>eindexamen Frans&nbsp;Havo\/VWO&nbsp;en&nbsp;parate kennis<\/span><\/td>\n<\/tr>\n<tr style=\"height: 24px\">\n<td style=\"border-color: #000000;width: 23.1228%;text-align: left;height: 20px\"><strong><span style=\"color: #000000;font-family: verdana, geneva, sans-serif;font-size: 10pt\"><span style=\"color: #000000\">Gevorderden III &amp; IV<br>B2: Uitzicht<\/span><\/span><\/strong><\/td>\n<td style=\"border-color: #000000;width: 76.0429%;text-align: left;height: 20px\"><span style=\"color: #000000;font-family: verdana, geneva, sans-serif;font-size: 10pt\"><strong>Goede taalvaardigheid:<\/strong>&nbsp;Zoeken naar verbetering van de taalvaardigheden<\/span><\/td>\n<\/tr>\n<tr style=\"height: 24px\">\n<td style=\"border-color: #000000;width: 23.1228%;text-align: left;height: 24px\"><strong><span style=\"color: #000000;font-family: verdana, geneva, sans-serif;font-size: 10pt\">Ver gevorderden<br>C1: Effectieve operationele vaardigheid<br>C2: Beheersing<\/span><\/strong><\/td>\n<td style=\"border-color: #000000;width: 76.0429%;text-align: left;height: 24px\"><span style=\"color: #000000;font-family: verdana, geneva, sans-serif;font-size: 10pt\"><strong>All-round taalgebruiker:<\/strong> Verdieping &amp; verrijking van de Franse taal.<\/span><\/td>\n<\/tr>\n<\/tbody>\n<\/table>\t\t\t\t\t\t\t\t<\/div>\n\t\t\t\t<\/div>\n\t\t\t\t\t<\/div>\n\t\t<\/div>\n\t\t\t\t\t<\/div>\n\t\t<\/section>\n\t\t\t\t<\/div>\n\t\t","protected":false},"excerpt":{"rendered":"<p>Europees referentiekader voor talen &amp; Niveautest Cadre Europ\u00e9en Commun de R\u00e9f\u00e9rence (CECR) De Alliance Fran\u00e7aise maakt gebruik van het\u00a0Europees Referentiekader\u00a0om het niveau van de cursussen aan te geven. Dit referentiekader [&hellip;]<\/p>\n","protected":false},"author":1,"featured_media":0,"parent":117,"menu_order":0,"comment_status":"closed","ping_status":"closed","template":"elementor_header_footer","meta":{"footnotes":""},"class_list":["post-123","page","type-page","status-publish","hentry"],"_links":{"self":[{"href":"https:\/\/www.alliance-francaise.nl\/denbosch\/wp-json\/wp\/v2\/pages\/123","targetHints":{"allow":["GET"]}}],"collection":[{"href":"https:\/\/www.alliance-francaise.nl\/denbosch\/wp-json\/wp\/v2\/pages"}],"about":[{"href":"https:\/\/www.alliance-francaise.nl\/denbosch\/wp-json\/wp\/v2\/types\/page"}],"author":[{"embeddable":true,"href":"https:\/\/www.alliance-francaise.nl\/denbosch\/wp-json\/wp\/v2\/users\/1"}],"replies":[{"embeddable":true,"href":"https:\/\/www.alliance-francaise.nl\/denbosch\/wp-json\/wp\/v2\/comments?post=123"}],"version-history":[{"count":3,"href":"https:\/\/www.alliance-francaise.nl\/denbosch\/wp-json\/wp\/v2\/pages\/123\/revisions"}],"predecessor-version":[{"id":1888,"href":"https:\/\/www.alliance-francaise.nl\/denbosch\/wp-json\/wp\/v2\/pages\/123\/revisions\/1888"}],"up":[{"embeddable":true,"href":"https:\/\/www.alliance-francaise.nl\/denbosch\/wp-json\/wp\/v2\/pages\/117"}],"wp:attachment":[{"href":"https:\/\/www.alliance-francaise.nl\/denbosch\/wp-json\/wp\/v2\/media?parent=123"}],"curies":[{"name":"wp","href":"https:\/\/api.w.org\/{rel}","templated":true}]}}

<div data-elementor-type="wp-page" data-elementor-id="123" class="elementor elementor-123" data-elementor-post-type="page">
						<section class="elementor-section elementor-top-section elementor-element elementor-element-3c0ec6ef elementor-section-boxed elementor-section-height-default elementor-section-height-default" data-id="3c0ec6ef" data-element_type="section" data-e-type="section" data-settings="{&quot;background_background&quot;:&quot;classic&quot;}">
						<div class="elementor-container elementor-column-gap-default">
					<div class="elementor-column elementor-col-100 elementor-top-column elementor-element elementor-element-3e6df998" data-id="3e6df998" data-element_type="column" data-e-type="column">
			<div class="elementor-widget-wrap">
							</div>
		</div>
					</div>
		</section>
				<section class="elementor-section elementor-top-section elementor-element elementor-element-56394fc6 elementor-section-boxed elementor-section-height-default elementor-section-height-default" data-id="56394fc6" data-element_type="section" data-e-type="section">
						<div class="elementor-container elementor-column-gap-default">
					<div class="elementor-column elementor-col-100 elementor-top-column elementor-element elementor-element-6cd5abc1" data-id="6cd5abc1" data-element_type="column" data-e-type="column" data-settings="{&quot;background_background&quot;:&quot;classic&quot;}">
			<div class="elementor-widget-wrap elementor-element-populated">
					<div class="elementor-background-overlay"></div>
						<div class="elementor-element elementor-element-46c9d5ab elementor-widget elementor-widget-heading" data-id="46c9d5ab" data-element_type="widget" data-e-type="widget" data-widget_type="heading.default">
				<div class="elementor-widget-container">
					<h1 class="elementor-heading-title elementor-size-default">Europees referentiekader voor talen &amp;<br> Niveautest</h1>				</div>
				</div>
					</div>
		</div>
					</div>
		</section>
				<section class="elementor-section elementor-top-section elementor-element elementor-element-41f2d737 elementor-section-boxed elementor-section-height-default elementor-section-height-default" data-id="41f2d737" data-element_type="section" data-e-type="section">
						<div class="elementor-container elementor-column-gap-default">
					<div class="elementor-column elementor-col-100 elementor-top-column elementor-element elementor-element-1bd1bbeb" data-id="1bd1bbeb" data-element_type="column" data-e-type="column">
			<div class="elementor-widget-wrap elementor-element-populated">
						<div class="elementor-element elementor-element-12dc8f60 elementor-widget elementor-widget-heading" data-id="12dc8f60" data-element_type="widget" data-e-type="widget" data-widget_type="heading.default">
				<div class="elementor-widget-container">
					<h2 class="elementor-heading-title elementor-size-default">Cadre Européen Commun de Référence (CECR)</h2>				</div>
				</div>
					</div>
		</div>
					</div>
		</section>
				<section class="elementor-section elementor-top-section elementor-element elementor-element-662a7270 elementor-section-boxed elementor-section-height-default elementor-section-height-default" data-id="662a7270" data-element_type="section" data-e-type="section">
						<div class="elementor-container elementor-column-gap-default">
					<div class="elementor-column elementor-col-33 elementor-top-column elementor-element elementor-element-6bbf7756" data-id="6bbf7756" data-element_type="column" data-e-type="column">
			<div class="elementor-widget-wrap elementor-element-populated">
						<div class="elementor-element elementor-element-c31e3a elementor-widget elementor-widget-image" data-id="c31e3a" data-element_type="widget" data-e-type="widget" data-widget_type="image.default">
				<div class="elementor-widget-container">
															<img decoding="async" width="221" height="170" src="https://www.alliance-francaise.nl/denbosch/wp-content/uploads/sites/31/2021/03/conseil.png" class="attachment-large size-large wp-image-888" alt="" />															</div>
				</div>
					</div>
		</div>
				<div class="elementor-column elementor-col-66 elementor-top-column elementor-element elementor-element-438cba04" data-id="438cba04" data-element_type="column" data-e-type="column">
			<div class="elementor-widget-wrap elementor-element-populated">
						<div class="elementor-element elementor-element-6885da76 elementor-widget elementor-widget-text-editor" data-id="6885da76" data-element_type="widget" data-e-type="widget" data-widget_type="text-editor.default">
				<div class="elementor-widget-container">
									<p>De Alliance Française maakt gebruik van het <b>Europees Referentiekader</b> om het niveau van de cursussen aan te geven. Dit referentiekader is ontwikkeld onder leiding van de Raad van Europa met als doelstelling de beschrijving van de taalvaardigheidsniveaus voor de verschillende Europese talen te standaardiseren. Het referentiekader beschrijft verschillende taalvaardigheden op zes niveaus (A1, A2, B1, B2, C1 en C2). Deze beschrijvingen hebben een universele geldigheid: niveau A2 bij Frans veronderstelt dus dezelfde vaardigheden als niveau A2 bij Duits of Engels.</p>								</div>
				</div>
					</div>
		</div>
					</div>
		</section>
				<section class="elementor-section elementor-top-section elementor-element elementor-element-cbc37cc elementor-section-boxed elementor-section-height-default elementor-section-height-default" data-id="cbc37cc" data-element_type="section" data-e-type="section" data-settings="{&quot;background_background&quot;:&quot;classic&quot;}">
						<div class="elementor-container elementor-column-gap-default">
					<div class="elementor-column elementor-col-100 elementor-top-column elementor-element elementor-element-7669befb" data-id="7669befb" data-element_type="column" data-e-type="column">
			<div class="elementor-widget-wrap elementor-element-populated">
						<div class="elementor-element elementor-element-6cee6cfe elementor-widget elementor-widget-heading" data-id="6cee6cfe" data-element_type="widget" data-e-type="widget" data-widget_type="heading.default">
				<div class="elementor-widget-container">
					<h2 class="elementor-heading-title elementor-size-default">Vaardigheden die iemand voor verschillende niveaus moet beheersen</h2>				</div>
				</div>
				<div class="elementor-element elementor-element-6444e682 elementor-widget elementor-widget-text-editor" data-id="6444e682" data-element_type="widget" data-e-type="widget" data-widget_type="text-editor.default">
				<div class="elementor-widget-container">
									<ul><li>Luistervaardigheid</li><li>Leesvaardigheid</li><li>Schriftelijke uitdrukkingsvaardigheid</li><li>Mondelinge uitdrukkingsvaardigheid</li></ul>								</div>
				</div>
					</div>
		</div>
					</div>
		</section>
				<section class="elementor-section elementor-top-section elementor-element elementor-element-74e56cf1 elementor-section-boxed elementor-section-height-default elementor-section-height-default" data-id="74e56cf1" data-element_type="section" data-e-type="section">
						<div class="elementor-container elementor-column-gap-default">
					<div class="elementor-column elementor-col-100 elementor-top-column elementor-element elementor-element-48a12989" data-id="48a12989" data-element_type="column" data-e-type="column">
			<div class="elementor-widget-wrap elementor-element-populated">
						<div class="elementor-element elementor-element-6ea52e51 elementor-widget elementor-widget-heading" data-id="6ea52e51" data-element_type="widget" data-e-type="widget" data-widget_type="heading.default">
				<div class="elementor-widget-container">
					<h2 class="elementor-heading-title elementor-size-default">Niveau-aanduiding conform het Europese referentiekader voor Talen Cadre Européen Commun de Référence </h2>				</div>
				</div>
				<div class="elementor-element elementor-element-63db9380 elementor-widget elementor-widget-text-editor" data-id="63db9380" data-element_type="widget" data-e-type="widget" data-widget_type="text-editor.default">
				<div class="elementor-widget-container">
									<table>
<tbody>
<tr style="height: 24px">
<td style="border-color: #000000;width: 23.1228%;background-color: #f0f0f0a;height: 24px;text-align: left"><span style="color: #000000;font-family: verdana, geneva, sans-serif;font-size: 10pt"><strong>Niveau</strong>&nbsp;</span></td>
<td style="border-color: #000000;width: 76.0429%;text-align: left;background-color: #f0f0f0;height: 24px"><strong><span style="color: #000000;font-family: verdana, geneva, sans-serif;font-size: 10pt">Verklaring</span></strong></td>
</tr>
<tr style="height: 24px">
<td style="border-color: #000000;width: 23.1228%;text-align: left;height: 24px">
<p><strong><span style="color: #000000;font-family: verdana, geneva, sans-serif;font-size: 10pt">Beginners I &amp; II<br>A1: Doorbraak</span></strong></p>
</td>
<td style="border-color: #000000;width: 76.0429%;text-align: left;height: 24px"><strong><span style="color: #000000;font-family: verdana, geneva, sans-serif;font-size: 10pt">Basisgebruiker: </span></strong><span style="color: #000000;font-family: verdana, geneva, sans-serif;font-size: 10pt">Geen kennis of tot circa 2 jaar schoolfrans. De cursist bouwt een woordenschat op en leert zich in het Frans te redden bij het voeren van een eenvoudig gesprek en het inwinnen van inlichtingen.</span></td>
</tr>
<tr style="height: 24px">
<td style="border-color: #000000;width: 23.1228%;text-align: left;height: 24px"><strong><span style="color: #000000;font-family: verdana, geneva, sans-serif;font-size: 10pt">Beginners <em>III</em> &amp; IV<br>A2: Tussenstap</span></strong></td>
<td style="border-color: #000000;width: 76.0429%;text-align: left;height: 24px"><span style="color: #000000;font-family: verdana, geneva, sans-serif;font-size: 10pt"><strong>Enigszins gevorderden</strong>: Circa 3 à 4 jaar Frans en redelijk parate kennis. De cursist bouwt zijn woordenschat verder op en leert zich in het Frans uit te drukken bij het voeren van een gesprek en het schrijven van een eenvoudige brief.</span></td>
</tr>
<tr style="height: 48px">
<td style="border-color: #000000;width: 23.1228%;text-align: left;height: 48px"><span style="color: #000000;font-family: verdana, geneva, sans-serif;font-size: 10pt"><strong>Gevorderden I &amp; II<br>B1: Drempel</strong></span></td>
<td style="border-color: #000000;width: 76.0429%;text-align: left;height: 48px"><span style="color: #000000;font-family: verdana, geneva, sans-serif;font-size: 10pt"><span style="color: #000000"><strong>Gevorderden:</strong> met circa 4 à 5 jaar schoolfrans, </span>eindexamen Frans&nbsp;Havo/VWO&nbsp;en&nbsp;parate kennis</span></td>
</tr>
<tr style="height: 24px">
<td style="border-color: #000000;width: 23.1228%;text-align: left;height: 20px"><strong><span style="color: #000000;font-family: verdana, geneva, sans-serif;font-size: 10pt"><span style="color: #000000">Gevorderden III &amp; IV<br>B2: Uitzicht</span></span></strong></td>
<td style="border-color: #000000;width: 76.0429%;text-align: left;height: 20px"><span style="color: #000000;font-family: verdana, geneva, sans-serif;font-size: 10pt"><strong>Goede taalvaardigheid:</strong>&nbsp;Zoeken naar verbetering van de taalvaardigheden</span></td>
</tr>
<tr style="height: 24px">
<td style="border-color: #000000;width: 23.1228%;text-align: left;height: 24px"><strong><span style="color: #000000;font-family: verdana, geneva, sans-serif;font-size: 10pt">Ver gevorderden<br>C1: Effectieve operationele vaardigheid<br>C2: Beheersing</span></strong></td>
<td style="border-color: #000000;width: 76.0429%;text-align: left;height: 24px"><span style="color: #000000;font-family: verdana, geneva, sans-serif;font-size: 10pt"><strong>All-round taalgebruiker:</strong> Verdieping &amp; verrijking van de Franse taal.</span></td>
</tr>
</tbody>
</table>								</div>
				</div>
					</div>
		</div>
					</div>
		</section>
				</div>

<p>Europees referentiekader voor talen &amp; Niveautest Cadre Européen Commun de Référence (CECR) De Alliance Française maakt gebruik van het Europees Referentiekader om het niveau van de cursussen aan te geven. Dit referentiekader [&hellip;]</p>
