{"id":58,"date":"2019-10-17T12:28:22","date_gmt":"2019-10-17T12:28:22","guid":{"rendered":"https:\/\/www.alliance-francaise.nl\/2020\/den-helder\/?page_id=58"},"modified":"2026-04-16T21:24:14","modified_gmt":"2026-04-16T19:24:14","slug":"onze-docenten","status":"publish","type":"page","link":"https:\/\/www.alliance-francaise.nl\/den-helder\/cursus\/onze-docenten\/","title":{"rendered":"Onze docenten"},"content":{"rendered":"\t\t<div data-elementor-type=\"wp-page\" data-elementor-id=\"58\" class=\"elementor elementor-58\" data-elementor-post-type=\"page\">\n\t\t\t\t\t\t<section class=\"elementor-section elementor-top-section elementor-element elementor-element-5169a79e elementor-section-boxed elementor-section-height-default elementor-section-height-default\" data-id=\"5169a79e\" data-element_type=\"section\" data-e-type=\"section\" data-settings=\"{&quot;background_background&quot;:&quot;classic&quot;}\">\n\t\t\t\t\t\t<div class=\"elementor-container elementor-column-gap-default\">\n\t\t\t\t\t<div class=\"elementor-column elementor-col-100 elementor-top-column elementor-element elementor-element-6d1bfbe2\" data-id=\"6d1bfbe2\" data-element_type=\"column\" data-e-type=\"column\">\n\t\t\t<div class=\"elementor-widget-wrap\">\n\t\t\t\t\t\t\t<\/div>\n\t\t<\/div>\n\t\t\t\t\t<\/div>\n\t\t<\/section>\n\t\t\t\t<section class=\"elementor-section elementor-top-section elementor-element elementor-element-63a7094 elementor-section-boxed elementor-section-height-default elementor-section-height-default\" data-id=\"63a7094\" data-element_type=\"section\" data-e-type=\"section\">\n\t\t\t\t\t\t<div class=\"elementor-container elementor-column-gap-default\">\n\t\t\t\t\t<div class=\"elementor-column elementor-col-100 elementor-top-column elementor-element elementor-element-43cc89f1\" data-id=\"43cc89f1\" data-element_type=\"column\" data-e-type=\"column\" data-settings=\"{&quot;background_background&quot;:&quot;classic&quot;}\">\n\t\t\t<div class=\"elementor-widget-wrap elementor-element-populated\">\n\t\t\t\t\t<div class=\"elementor-background-overlay\"><\/div>\n\t\t\t\t\t\t<div class=\"elementor-element elementor-element-222600a2 elementor-widget elementor-widget-heading\" data-id=\"222600a2\" data-element_type=\"widget\" data-e-type=\"widget\" data-widget_type=\"heading.default\">\n\t\t\t\t<div class=\"elementor-widget-container\">\n\t\t\t\t\t<h1 class=\"elementor-heading-title elementor-size-default\">Docenten met wie wij dit jaar samenwerken<\/h1>\t\t\t\t<\/div>\n\t\t\t\t<\/div>\n\t\t\t\t\t<\/div>\n\t\t<\/div>\n\t\t\t\t\t<\/div>\n\t\t<\/section>\n\t\t\t\t<section class=\"elementor-section elementor-top-section elementor-element elementor-element-636b4837 elementor-section-content-middle elementor-section-boxed elementor-section-height-default elementor-section-height-default\" data-id=\"636b4837\" data-element_type=\"section\" data-e-type=\"section\">\n\t\t\t\t\t\t<div class=\"elementor-container elementor-column-gap-no\">\n\t\t\t\t\t<div class=\"elementor-column elementor-col-33 elementor-top-column elementor-element elementor-element-749b1112\" data-id=\"749b1112\" data-element_type=\"column\" data-e-type=\"column\" data-settings=\"{&quot;background_background&quot;:&quot;gradient&quot;}\">\n\t\t\t<div class=\"elementor-widget-wrap elementor-element-populated\">\n\t\t\t\t\t\t<div class=\"elementor-element elementor-element-2672ab43 elementor-position-top elementor-widget elementor-widget-image-box\" data-id=\"2672ab43\" data-element_type=\"widget\" data-e-type=\"widget\" data-widget_type=\"image-box.default\">\n\t\t\t\t<div class=\"elementor-widget-container\">\n\t\t\t\t\t<div class=\"elementor-image-box-wrapper\"><figure class=\"elementor-image-box-img\"><img decoding=\"async\" width=\"189\" height=\"212\" src=\"https:\/\/www.alliance-francaise.nl\/den-helder\/wp-content\/uploads\/sites\/9\/2019\/11\/AF_Logo_pictoaf_RVB.png\" class=\"attachment-large size-large wp-image-1031\" alt=\"\" \/><\/figure><div class=\"elementor-image-box-content\"><h3 class=\"elementor-image-box-title\"><br>Hel\u00e8ne<\/h3><\/div><\/div>\t\t\t\t<\/div>\n\t\t\t\t<\/div>\n\t\t\t\t<div class=\"elementor-element elementor-element-16ff7cdc elementor-widget elementor-widget-text-editor\" data-id=\"16ff7cdc\" data-element_type=\"widget\" data-e-type=\"widget\" data-widget_type=\"text-editor.default\">\n\t\t\t\t<div class=\"elementor-widget-container\">\n\t\t\t\t\t\t\t\t\t<p><span style=\"color: #000000\">Hel\u00e8ne geeft is Fran\u00e7aise en geeft\u00a0<\/span><\/p><p><span style=\"font-family: var( --e-global-typography-text-font-family ), Sans-serif\">on-line priv\u00e9les.<\/span><\/p><p><a href=\"https:\/\/www.alliance-francaise.nl\/den-helder\/cursuspriveonline\/\">Informatie<\/a><\/p>\t\t\t\t\t\t\t\t<\/div>\n\t\t\t\t<\/div>\n\t\t\t\t\t<\/div>\n\t\t<\/div>\n\t\t\t\t<div class=\"elementor-column elementor-col-33 elementor-top-column elementor-element elementor-element-47e19296\" data-id=\"47e19296\" data-element_type=\"column\" data-e-type=\"column\" data-settings=\"{&quot;background_background&quot;:&quot;gradient&quot;}\">\n\t\t\t<div class=\"elementor-widget-wrap elementor-element-populated\">\n\t\t\t\t\t\t<div class=\"elementor-element elementor-element-2a628427 elementor-widget elementor-widget-text-editor\" data-id=\"2a628427\" data-element_type=\"widget\" data-e-type=\"widget\" data-widget_type=\"text-editor.default\">\n\t\t\t\t<div class=\"elementor-widget-container\">\n\t\t\t\t\t\t\t\t\t<p style=\"text-align: center\"><span style=\"color: #000000\"><img decoding=\"async\" class=\"alignnone size-full wp-image-4798\" src=\"https:\/\/www.alliance-francaise.nl\/den-helder\/wp-content\/uploads\/sites\/9\/2022\/11\/2022-11-06-cid_image002_jpg@01D8F1E5.jpg\" alt=\"\" width=\"193\" height=\"258\" \/><\/span><\/p><h2>\u00a0<\/h2><h2><strong>Sarah\u00a0<\/strong><\/h2>\t\t\t\t\t\t\t\t<\/div>\n\t\t\t\t<\/div>\n\t\t\t\t<div class=\"elementor-element elementor-element-b2272a2 elementor-widget elementor-widget-text-editor\" data-id=\"b2272a2\" data-element_type=\"widget\" data-e-type=\"widget\" data-widget_type=\"text-editor.default\">\n\t\t\t\t<div class=\"elementor-widget-container\">\n\t\t\t\t\t\t\t\t\t<p>Sarah is Fran\u00e7aise en geeft les aan de gevorderden 1 en 2.<\/p>\t\t\t\t\t\t\t\t<\/div>\n\t\t\t\t<\/div>\n\t\t\t\t\t<\/div>\n\t\t<\/div>\n\t\t\t\t<div class=\"elementor-column elementor-col-33 elementor-top-column elementor-element elementor-element-6f02283d\" data-id=\"6f02283d\" data-element_type=\"column\" data-e-type=\"column\" data-settings=\"{&quot;background_background&quot;:&quot;gradient&quot;}\">\n\t\t\t<div class=\"elementor-widget-wrap elementor-element-populated\">\n\t\t\t\t\t\t<div class=\"elementor-element elementor-element-2fcc9bd5 elementor-position-top elementor-widget elementor-widget-image-box\" data-id=\"2fcc9bd5\" data-element_type=\"widget\" data-e-type=\"widget\" data-widget_type=\"image-box.default\">\n\t\t\t\t<div class=\"elementor-widget-container\">\n\t\t\t\t\t<div class=\"elementor-image-box-wrapper\"><figure class=\"elementor-image-box-img\"><img fetchpriority=\"high\" decoding=\"async\" width=\"487\" height=\"865\" src=\"https:\/\/www.alliance-francaise.nl\/den-helder\/wp-content\/uploads\/sites\/9\/2020\/01\/2020-01-09-Jeannette.jpg\" class=\"attachment-large size-large wp-image-1619\" alt=\"\" srcset=\"https:\/\/www.alliance-francaise.nl\/den-helder\/wp-content\/uploads\/sites\/9\/2020\/01\/2020-01-09-Jeannette.jpg 487w, https:\/\/www.alliance-francaise.nl\/den-helder\/wp-content\/uploads\/sites\/9\/2020\/01\/2020-01-09-Jeannette-169x300.jpg 169w\" sizes=\"(max-width: 487px) 100vw, 487px\" \/><\/figure><div class=\"elementor-image-box-content\"><h3 class=\"elementor-image-box-title\">Jeannette<\/h3><\/div><\/div>\t\t\t\t<\/div>\n\t\t\t\t<\/div>\n\t\t\t\t<div class=\"elementor-element elementor-element-752af9e7 elementor-widget elementor-widget-text-editor\" data-id=\"752af9e7\" data-element_type=\"widget\" data-e-type=\"widget\" data-widget_type=\"text-editor.default\">\n\t\t\t\t<div class=\"elementor-widget-container\">\n\t\t\t\t\t\t\t\t\t<p style=\"text-align: center\">Jeannette en geeft les <br \/>aan de\u00a0 beginners 2.<\/p>\t\t\t\t\t\t\t\t<\/div>\n\t\t\t\t<\/div>\n\t\t\t\t\t<\/div>\n\t\t<\/div>\n\t\t\t\t\t<\/div>\n\t\t<\/section>\n\t\t\t\t<section class=\"elementor-section elementor-top-section elementor-element elementor-element-fb2e561 elementor-section-content-middle elementor-section-boxed elementor-section-height-default elementor-section-height-default\" data-id=\"fb2e561\" data-element_type=\"section\" data-e-type=\"section\">\n\t\t\t\t\t\t<div class=\"elementor-container elementor-column-gap-no\">\n\t\t\t\t\t<div class=\"elementor-column elementor-col-33 elementor-top-column elementor-element elementor-element-668b7ff\" data-id=\"668b7ff\" data-element_type=\"column\" data-e-type=\"column\" data-settings=\"{&quot;background_background&quot;:&quot;gradient&quot;}\">\n\t\t\t<div class=\"elementor-widget-wrap elementor-element-populated\">\n\t\t\t\t\t\t<div class=\"elementor-element elementor-element-db7a5e8 elementor-position-top elementor-widget elementor-widget-image-box\" data-id=\"db7a5e8\" data-element_type=\"widget\" data-e-type=\"widget\" data-widget_type=\"image-box.default\">\n\t\t\t\t<div class=\"elementor-widget-container\">\n\t\t\t\t\t<div class=\"elementor-image-box-wrapper\"><figure class=\"elementor-image-box-img\"><img loading=\"lazy\" decoding=\"async\" width=\"1920\" height=\"2560\" src=\"https:\/\/www.alliance-francaise.nl\/den-helder\/wp-content\/uploads\/sites\/9\/2023\/12\/2023-12-22-foto-Gerbrich-voor-AF-scaled.jpg\" class=\"attachment-full size-full wp-image-5572\" alt=\"\" srcset=\"https:\/\/www.alliance-francaise.nl\/den-helder\/wp-content\/uploads\/sites\/9\/2023\/12\/2023-12-22-foto-Gerbrich-voor-AF-scaled.jpg 1920w, https:\/\/www.alliance-francaise.nl\/den-helder\/wp-content\/uploads\/sites\/9\/2023\/12\/2023-12-22-foto-Gerbrich-voor-AF-225x300.jpg 225w, https:\/\/www.alliance-francaise.nl\/den-helder\/wp-content\/uploads\/sites\/9\/2023\/12\/2023-12-22-foto-Gerbrich-voor-AF-768x1024.jpg 768w, https:\/\/www.alliance-francaise.nl\/den-helder\/wp-content\/uploads\/sites\/9\/2023\/12\/2023-12-22-foto-Gerbrich-voor-AF-1152x1536.jpg 1152w, https:\/\/www.alliance-francaise.nl\/den-helder\/wp-content\/uploads\/sites\/9\/2023\/12\/2023-12-22-foto-Gerbrich-voor-AF-1536x2048.jpg 1536w, https:\/\/www.alliance-francaise.nl\/den-helder\/wp-content\/uploads\/sites\/9\/2023\/12\/2023-12-22-foto-Gerbrich-voor-AF-600x800.jpg 600w, https:\/\/www.alliance-francaise.nl\/den-helder\/wp-content\/uploads\/sites\/9\/2023\/12\/2023-12-22-foto-Gerbrich-voor-AF-1320x1760.jpg 1320w\" sizes=\"(max-width: 1920px) 100vw, 1920px\" \/><\/figure><div class=\"elementor-image-box-content\"><h3 class=\"elementor-image-box-title\">Gerbrich<\/h3><\/div><\/div>\t\t\t\t<\/div>\n\t\t\t\t<\/div>\n\t\t\t\t<div class=\"elementor-element elementor-element-177e5f5 elementor-widget elementor-widget-text-editor\" data-id=\"177e5f5\" data-element_type=\"widget\" data-e-type=\"widget\" data-widget_type=\"text-editor.default\">\n\t\t\t\t<div class=\"elementor-widget-container\">\n\t\t\t\t\t\t\t\t\t<p style=\"text-align: center\"><span style=\"color: #000000\">\u00a0Gerbrich is cursusco\u00f6rdinator<br \/><\/span><span style=\"color: #000000\">voor Den Helder.<\/span><\/p><p><a href=\"mailto:cursus.denhelder@afpb.nl\">email<\/a><\/p>\t\t\t\t\t\t\t\t<\/div>\n\t\t\t\t<\/div>\n\t\t\t\t\t<\/div>\n\t\t<\/div>\n\t\t\t\t<div class=\"elementor-column elementor-col-33 elementor-top-column elementor-element elementor-element-9ecf82a\" data-id=\"9ecf82a\" data-element_type=\"column\" data-e-type=\"column\" data-settings=\"{&quot;background_background&quot;:&quot;gradient&quot;}\">\n\t\t\t<div class=\"elementor-widget-wrap elementor-element-populated\">\n\t\t\t\t\t\t<div class=\"elementor-element elementor-element-b8211cb elementor-position-top elementor-widget elementor-widget-image-box\" data-id=\"b8211cb\" data-element_type=\"widget\" data-e-type=\"widget\" data-widget_type=\"image-box.default\">\n\t\t\t\t<div class=\"elementor-widget-container\">\n\t\t\t\t\t<div class=\"elementor-image-box-wrapper\"><figure class=\"elementor-image-box-img\"><img loading=\"lazy\" decoding=\"async\" width=\"189\" height=\"212\" src=\"https:\/\/www.alliance-francaise.nl\/den-helder\/wp-content\/uploads\/sites\/9\/2019\/11\/AF_Logo_pictoaf_RVB.png\" class=\"attachment-full size-full wp-image-1031\" alt=\"\" \/><\/figure><div class=\"elementor-image-box-content\"><h3 class=\"elementor-image-box-title\">Nadia<\/h3><\/div><\/div>\t\t\t\t<\/div>\n\t\t\t\t<\/div>\n\t\t\t\t<div class=\"elementor-element elementor-element-9572383 elementor-widget elementor-widget-text-editor\" data-id=\"9572383\" data-element_type=\"widget\" data-e-type=\"widget\" data-widget_type=\"text-editor.default\">\n\t\t\t\t<div class=\"elementor-widget-container\">\n\t\t\t\t\t\t\t\t\t<p>Nadia docent bij Scholen aan Zee in Den Helder.\u00a0<\/p><p>Zij geeft les aan beginners 3<\/p>\t\t\t\t\t\t\t\t<\/div>\n\t\t\t\t<\/div>\n\t\t\t\t\t<\/div>\n\t\t<\/div>\n\t\t\t\t<div class=\"elementor-column elementor-col-33 elementor-top-column elementor-element elementor-element-0b0210f\" data-id=\"0b0210f\" data-element_type=\"column\" data-e-type=\"column\" data-settings=\"{&quot;background_background&quot;:&quot;gradient&quot;}\">\n\t\t\t<div class=\"elementor-widget-wrap elementor-element-populated\">\n\t\t\t\t\t\t<div class=\"elementor-element elementor-element-dab75d4 elementor-position-top elementor-widget elementor-widget-image-box\" data-id=\"dab75d4\" data-element_type=\"widget\" data-e-type=\"widget\" data-widget_type=\"image-box.default\">\n\t\t\t\t<div class=\"elementor-widget-container\">\n\t\t\t\t\t<div class=\"elementor-image-box-wrapper\"><figure class=\"elementor-image-box-img\"><img loading=\"lazy\" decoding=\"async\" width=\"189\" height=\"212\" src=\"https:\/\/www.alliance-francaise.nl\/den-helder\/wp-content\/uploads\/sites\/9\/2019\/11\/AF_Logo_pictoaf_RVB.png\" class=\"attachment-full size-full wp-image-1031\" alt=\"\" \/><\/figure><div class=\"elementor-image-box-content\"><h3 class=\"elementor-image-box-title\">Anna<\/h3><\/div><\/div>\t\t\t\t<\/div>\n\t\t\t\t<\/div>\n\t\t\t\t<div class=\"elementor-element elementor-element-9250f08 elementor-widget elementor-widget-text-editor\" data-id=\"9250f08\" data-element_type=\"widget\" data-e-type=\"widget\" data-widget_type=\"text-editor.default\">\n\t\t\t\t<div class=\"elementor-widget-container\">\n\t\t\t\t\t\t\t\t\t<p>Anna geeft les aan de beginners 1<\/p>\t\t\t\t\t\t\t\t<\/div>\n\t\t\t\t<\/div>\n\t\t\t\t\t<\/div>\n\t\t<\/div>\n\t\t\t\t\t<\/div>\n\t\t<\/section>\n\t\t\t\t<\/div>\n\t\t","protected":false},"excerpt":{"rendered":"<p>Docenten met wie wij dit jaar samenwerken Hel\u00e8ne Hel\u00e8ne geeft is Fran\u00e7aise en geeft\u00a0 on-line priv\u00e9les. Informatie \u00a0 Sarah\u00a0 Sarah is Fran\u00e7aise en geeft les aan de gevorderden 1 en [&hellip;]<\/p>\n","protected":false},"author":1,"featured_media":0,"parent":13,"menu_order":0,"comment_status":"closed","ping_status":"closed","template":"elementor_header_footer","meta":{"footnotes":""},"class_list":["post-58","page","type-page","status-publish","hentry"],"_links":{"self":[{"href":"https:\/\/www.alliance-francaise.nl\/den-helder\/wp-json\/wp\/v2\/pages\/58","targetHints":{"allow":["GET"]}}],"collection":[{"href":"https:\/\/www.alliance-francaise.nl\/den-helder\/wp-json\/wp\/v2\/pages"}],"about":[{"href":"https:\/\/www.alliance-francaise.nl\/den-helder\/wp-json\/wp\/v2\/types\/page"}],"author":[{"embeddable":true,"href":"https:\/\/www.alliance-francaise.nl\/den-helder\/wp-json\/wp\/v2\/users\/1"}],"replies":[{"embeddable":true,"href":"https:\/\/www.alliance-francaise.nl\/den-helder\/wp-json\/wp\/v2\/comments?post=58"}],"version-history":[{"count":20,"href":"https:\/\/www.alliance-francaise.nl\/den-helder\/wp-json\/wp\/v2\/pages\/58\/revisions"}],"predecessor-version":[{"id":8058,"href":"https:\/\/www.alliance-francaise.nl\/den-helder\/wp-json\/wp\/v2\/pages\/58\/revisions\/8058"}],"up":[{"embeddable":true,"href":"https:\/\/www.alliance-francaise.nl\/den-helder\/wp-json\/wp\/v2\/pages\/13"}],"wp:attachment":[{"href":"https:\/\/www.alliance-francaise.nl\/den-helder\/wp-json\/wp\/v2\/media?parent=58"}],"curies":[{"name":"wp","href":"https:\/\/api.w.org\/{rel}","templated":true}]}}