{"id":2201,"date":"2020-07-20T14:25:47","date_gmt":"2020-07-20T14:25:47","guid":{"rendered":"https:\/\/www.alliance-francaise.nl\/2020\/den-helder\/?page_id=2201"},"modified":"2025-09-02T09:38:08","modified_gmt":"2025-09-02T09:38:08","slug":"cafe-francais","status":"publish","type":"page","link":"https:\/\/www.alliance-francaise.nl\/den-helder\/cultuur\/cafe-francais\/","title":{"rendered":"Caf\u00e9 Fran\u00e7ais"},"content":{"rendered":"\t\t<div data-elementor-type=\"wp-page\" data-elementor-id=\"2201\" class=\"elementor elementor-2201\" data-elementor-post-type=\"page\">\n\t\t\t\t\t\t<section class=\"elementor-section elementor-top-section elementor-element elementor-element-7b55f249 elementor-section-boxed elementor-section-height-default elementor-section-height-default\" data-id=\"7b55f249\" data-element_type=\"section\" data-e-type=\"section\" data-settings=\"{&quot;background_background&quot;:&quot;classic&quot;}\">\n\t\t\t\t\t\t<div class=\"elementor-container elementor-column-gap-default\">\n\t\t\t\t\t<div class=\"elementor-column elementor-col-100 elementor-top-column elementor-element elementor-element-57e6b9e7\" data-id=\"57e6b9e7\" data-element_type=\"column\" data-e-type=\"column\">\n\t\t\t<div class=\"elementor-widget-wrap\">\n\t\t\t\t\t\t\t<\/div>\n\t\t<\/div>\n\t\t\t\t\t<\/div>\n\t\t<\/section>\n\t\t\t\t<section class=\"elementor-section elementor-top-section elementor-element elementor-element-7e203422 elementor-section-boxed elementor-section-height-default elementor-section-height-default\" data-id=\"7e203422\" data-element_type=\"section\" data-e-type=\"section\">\n\t\t\t\t\t\t<div class=\"elementor-container elementor-column-gap-default\">\n\t\t\t\t\t<div class=\"elementor-column elementor-col-100 elementor-top-column elementor-element elementor-element-5f54947b\" data-id=\"5f54947b\" data-element_type=\"column\" data-e-type=\"column\" data-settings=\"{&quot;background_background&quot;:&quot;classic&quot;}\">\n\t\t\t<div class=\"elementor-widget-wrap elementor-element-populated\">\n\t\t\t\t\t<div class=\"elementor-background-overlay\"><\/div>\n\t\t\t\t\t\t<div class=\"elementor-element elementor-element-29cc9a43 elementor-widget elementor-widget-heading\" data-id=\"29cc9a43\" data-element_type=\"widget\" data-e-type=\"widget\" data-widget_type=\"heading.default\">\n\t\t\t\t<div class=\"elementor-widget-container\">\n\t\t\t\t\t<h1 class=\"elementor-heading-title elementor-size-default\">Caf\u00e9 Fran\u00e7ais<\/h1>\t\t\t\t<\/div>\n\t\t\t\t<\/div>\n\t\t\t\t\t<\/div>\n\t\t<\/div>\n\t\t\t\t\t<\/div>\n\t\t<\/section>\n\t\t\t\t<section class=\"elementor-section elementor-top-section elementor-element elementor-element-26217724 elementor-section-boxed elementor-section-height-default elementor-section-height-default\" data-id=\"26217724\" data-element_type=\"section\" data-e-type=\"section\">\n\t\t\t\t\t\t<div class=\"elementor-container elementor-column-gap-default\">\n\t\t\t\t\t<div class=\"elementor-column elementor-col-100 elementor-top-column elementor-element elementor-element-58fa9356\" data-id=\"58fa9356\" data-element_type=\"column\" data-e-type=\"column\">\n\t\t\t<div class=\"elementor-widget-wrap elementor-element-populated\">\n\t\t\t\t\t\t<div class=\"elementor-element elementor-element-c14bd86 elementor-widget elementor-widget-heading\" data-id=\"c14bd86\" data-element_type=\"widget\" data-e-type=\"widget\" data-widget_type=\"heading.default\">\n\t\t\t\t<div class=\"elementor-widget-container\">\n\t\t\t\t\t<h2 class=\"elementor-heading-title elementor-size-default\">Caf\u00e9 Fran\u00e7ais \n<\/h2>\t\t\t\t<\/div>\n\t\t\t\t<\/div>\n\t\t\t\t\t<\/div>\n\t\t<\/div>\n\t\t\t\t\t<\/div>\n\t\t<\/section>\n\t\t\t\t<section class=\"elementor-section elementor-top-section elementor-element elementor-element-11fcf538 elementor-section-boxed elementor-section-height-default elementor-section-height-default\" data-id=\"11fcf538\" data-element_type=\"section\" data-e-type=\"section\">\n\t\t\t\t\t\t<div class=\"elementor-container elementor-column-gap-default\">\n\t\t\t\t\t<div class=\"elementor-column elementor-col-100 elementor-top-column elementor-element elementor-element-211cb62c\" data-id=\"211cb62c\" data-element_type=\"column\" data-e-type=\"column\">\n\t\t\t<div class=\"elementor-widget-wrap elementor-element-populated\">\n\t\t\t\t\t\t<div class=\"elementor-element elementor-element-370f9d6 elementor-widget elementor-widget-text-editor\" data-id=\"370f9d6\" data-element_type=\"widget\" data-e-type=\"widget\" data-widget_type=\"text-editor.default\">\n\t\t\t\t<div class=\"elementor-widget-container\">\n\t\t\t\t\t\t\t\t\t<p>Wilt u graag uw kennis van de Franse taal actief toepassen en nieuwe woorden en uitdrukkingen leren? Vanaf nu biedt de Alliance Fran\u00e7aise Den Helder u de gelegenheid om regelmatig in een informele en gezellige sfeer Frans te praten!<\/p><p>Het\u00a0Caf\u00e9 Fran\u00e7ais vindt plaats op de eerste zaterdag van de maand en wordt door een enthousiaste en deskundige Franstalige begeleid.<\/p><p>Het\u00a0Caf\u00e9 Fran\u00e7ais\u00a0is voor alle niveaus: iedereen is dus welkom! U mag zelf bepalen hoe lang u blijft en hoe vaak u komt. Deelname is gratis, alleen de consumpties zijn voor eigen rekening. Inschrijving of opgave is niet nodig, u kunt zo aanschuiven.\u00a0<\/p><p><strong>De eerste Caf\u00e9 Fran\u00e7ais begint op 6 september 2025<\/strong><\/p><p>Hopelijk tot binnenkort in het\u00a0Caf\u00e9 Fran\u00e7ais! <a href=\"https:\/\/www.google.com\/maps\/place\/Hotel+Wienerhof\/@52.9572148,4.7592202,679m\/data=!3m2!1e3!4b1!4m9!3m8!1s0x47cf37f93f32f0eb:0x1c0c92bf53889d01!5m2!4m1!1i2!8m2!3d52.9572116!4d4.7617951!16s%2Fg%2F1tj1ls2j!5m1!1e1?hl=nl&amp;entry=ttu&amp;g_ep=EgoyMDI1MDgyNS4wIKXMDSoASAFQAw%3D%3D\" target=\"_blank\" rel=\"noopener\">Hotel Wienerhof, Parallelweg 7, 1781 EA Den Helder.<\/a><\/p><p>Caf\u00e9 Fran\u00e7ais start om 11.00 uur en sluit zijn deur om 12.30 uur. Ook tussentijds kunt u aanschuiven.<\/p><p>Ren\u00e9e Kuijpers (begeleidster)<\/p>\t\t\t\t\t\t\t\t<\/div>\n\t\t\t\t<\/div>\n\t\t\t\t<div class=\"elementor-element elementor-element-7acc6a0 elementor-widget elementor-widget-image\" data-id=\"7acc6a0\" data-element_type=\"widget\" data-e-type=\"widget\" data-widget_type=\"image.default\">\n\t\t\t\t<div class=\"elementor-widget-container\">\n\t\t\t\t\t\t\t\t\t\t\t\t\t\t\t<img decoding=\"async\" width=\"193\" height=\"219\" src=\"https:\/\/www.alliance-francaise.nl\/den-helder\/wp-content\/uploads\/sites\/9\/2025\/02\/Franscafe.jpg\" class=\"attachment-large size-large wp-image-6425\" alt=\"\" \/>\t\t\t\t\t\t\t\t\t\t\t\t\t\t\t<\/div>\n\t\t\t\t<\/div>\n\t\t\t\t\t<\/div>\n\t\t<\/div>\n\t\t\t\t\t<\/div>\n\t\t<\/section>\n\t\t\t\t<\/div>\n\t\t","protected":false},"excerpt":{"rendered":"<p>Caf\u00e9 Fran\u00e7ais Caf\u00e9 Fran\u00e7ais Wilt u graag uw kennis van de Franse taal actief toepassen en nieuwe woorden en uitdrukkingen leren? Vanaf nu biedt de Alliance Fran\u00e7aise Den Helder u [&hellip;]<\/p>\n","protected":false},"author":7,"featured_media":0,"parent":16,"menu_order":0,"comment_status":"closed","ping_status":"closed","template":"elementor_header_footer","meta":{"footnotes":""},"class_list":["post-2201","page","type-page","status-publish","hentry"],"_links":{"self":[{"href":"https:\/\/www.alliance-francaise.nl\/den-helder\/wp-json\/wp\/v2\/pages\/2201","targetHints":{"allow":["GET"]}}],"collection":[{"href":"https:\/\/www.alliance-francaise.nl\/den-helder\/wp-json\/wp\/v2\/pages"}],"about":[{"href":"https:\/\/www.alliance-francaise.nl\/den-helder\/wp-json\/wp\/v2\/types\/page"}],"author":[{"embeddable":true,"href":"https:\/\/www.alliance-francaise.nl\/den-helder\/wp-json\/wp\/v2\/users\/7"}],"replies":[{"embeddable":true,"href":"https:\/\/www.alliance-francaise.nl\/den-helder\/wp-json\/wp\/v2\/comments?post=2201"}],"version-history":[{"count":19,"href":"https:\/\/www.alliance-francaise.nl\/den-helder\/wp-json\/wp\/v2\/pages\/2201\/revisions"}],"predecessor-version":[{"id":7216,"href":"https:\/\/www.alliance-francaise.nl\/den-helder\/wp-json\/wp\/v2\/pages\/2201\/revisions\/7216"}],"up":[{"embeddable":true,"href":"https:\/\/www.alliance-francaise.nl\/den-helder\/wp-json\/wp\/v2\/pages\/16"}],"wp:attachment":[{"href":"https:\/\/www.alliance-francaise.nl\/den-helder\/wp-json\/wp\/v2\/media?parent=2201"}],"curies":[{"name":"wp","href":"https:\/\/api.w.org\/{rel}","templated":true}]}}

Café Français

<div data-elementor-type="wp-page" data-elementor-id="2201" class="elementor elementor-2201" data-elementor-post-type="page">
						<section class="elementor-section elementor-top-section elementor-element elementor-element-7b55f249 elementor-section-boxed elementor-section-height-default elementor-section-height-default" data-id="7b55f249" data-element_type="section" data-e-type="section" data-settings="{&quot;background_background&quot;:&quot;classic&quot;}">
						<div class="elementor-container elementor-column-gap-default">
					<div class="elementor-column elementor-col-100 elementor-top-column elementor-element elementor-element-57e6b9e7" data-id="57e6b9e7" data-element_type="column" data-e-type="column">
			<div class="elementor-widget-wrap">
							</div>
		</div>
					</div>
		</section>
				<section class="elementor-section elementor-top-section elementor-element elementor-element-7e203422 elementor-section-boxed elementor-section-height-default elementor-section-height-default" data-id="7e203422" data-element_type="section" data-e-type="section">
						<div class="elementor-container elementor-column-gap-default">
					<div class="elementor-column elementor-col-100 elementor-top-column elementor-element elementor-element-5f54947b" data-id="5f54947b" data-element_type="column" data-e-type="column" data-settings="{&quot;background_background&quot;:&quot;classic&quot;}">
			<div class="elementor-widget-wrap elementor-element-populated">
					<div class="elementor-background-overlay"></div>
						<div class="elementor-element elementor-element-29cc9a43 elementor-widget elementor-widget-heading" data-id="29cc9a43" data-element_type="widget" data-e-type="widget" data-widget_type="heading.default">
				<div class="elementor-widget-container">
					<h1 class="elementor-heading-title elementor-size-default">Café Français</h1>				</div>
				</div>
					</div>
		</div>
					</div>
		</section>
				<section class="elementor-section elementor-top-section elementor-element elementor-element-26217724 elementor-section-boxed elementor-section-height-default elementor-section-height-default" data-id="26217724" data-element_type="section" data-e-type="section">
						<div class="elementor-container elementor-column-gap-default">
					<div class="elementor-column elementor-col-100 elementor-top-column elementor-element elementor-element-58fa9356" data-id="58fa9356" data-element_type="column" data-e-type="column">
			<div class="elementor-widget-wrap elementor-element-populated">
						<div class="elementor-element elementor-element-c14bd86 elementor-widget elementor-widget-heading" data-id="c14bd86" data-element_type="widget" data-e-type="widget" data-widget_type="heading.default">
				<div class="elementor-widget-container">
					<h2 class="elementor-heading-title elementor-size-default">Café Français 
</h2>				</div>
				</div>
					</div>
		</div>
					</div>
		</section>
				<section class="elementor-section elementor-top-section elementor-element elementor-element-11fcf538 elementor-section-boxed elementor-section-height-default elementor-section-height-default" data-id="11fcf538" data-element_type="section" data-e-type="section">
						<div class="elementor-container elementor-column-gap-default">
					<div class="elementor-column elementor-col-100 elementor-top-column elementor-element elementor-element-211cb62c" data-id="211cb62c" data-element_type="column" data-e-type="column">
			<div class="elementor-widget-wrap elementor-element-populated">
						<div class="elementor-element elementor-element-370f9d6 elementor-widget elementor-widget-text-editor" data-id="370f9d6" data-element_type="widget" data-e-type="widget" data-widget_type="text-editor.default">
				<div class="elementor-widget-container">
									<p>Wilt u graag uw kennis van de Franse taal actief toepassen en nieuwe woorden en uitdrukkingen leren? Vanaf nu biedt de Alliance Française Den Helder u de gelegenheid om regelmatig in een informele en gezellige sfeer Frans te praten!</p><p>Het Café Français vindt plaats op de eerste zaterdag van de maand en wordt door een enthousiaste en deskundige Franstalige begeleid.</p><p>Het Café Français is voor alle niveaus: iedereen is dus welkom! U mag zelf bepalen hoe lang u blijft en hoe vaak u komt. Deelname is gratis, alleen de consumpties zijn voor eigen rekening. Inschrijving of opgave is niet nodig, u kunt zo aanschuiven. </p><p><strong>De eerste Café Français begint op 6 september 2025</strong></p><p>Hopelijk tot binnenkort in het Café Français! <a href="https://www.google.com/maps/place/Hotel+Wienerhof/@52.9572148,4.7592202,679m/data=!3m2!1e3!4b1!4m9!3m8!1s0x47cf37f93f32f0eb:0x1c0c92bf53889d01!5m2!4m1!1i2!8m2!3d52.9572116!4d4.7617951!16s%2Fg%2F1tj1ls2j!5m1!1e1?hl=nl&amp;entry=ttu&amp;g_ep=EgoyMDI1MDgyNS4wIKXMDSoASAFQAw%3D%3D" target="_blank" rel="noopener">Hotel Wienerhof, Parallelweg 7, 1781 EA Den Helder.</a></p><p>Café Français start om 11.00 uur en sluit zijn deur om 12.30 uur. Ook tussentijds kunt u aanschuiven.</p><p>Renée Kuijpers (begeleidster)</p>								</div>
				</div>
				<div class="elementor-element elementor-element-7acc6a0 elementor-widget elementor-widget-image" data-id="7acc6a0" data-element_type="widget" data-e-type="widget" data-widget_type="image.default">
				<div class="elementor-widget-container">
															<img decoding="async" width="193" height="219" src="https://www.alliance-francaise.nl/den-helder/wp-content/uploads/sites/9/2025/02/Franscafe.jpg" class="attachment-large size-large wp-image-6425" alt="" />															</div>
				</div>
					</div>
		</div>
					</div>
		</section>
				</div>

<p>Café Français Café Français Wilt u graag uw kennis van de Franse taal actief toepassen en nieuwe woorden en uitdrukkingen leren? Vanaf nu biedt de Alliance Française Den Helder u [&hellip;]</p>
