{"id":2380,"date":"2023-10-22T11:25:10","date_gmt":"2023-10-22T09:25:10","guid":{"rendered":"https:\/\/www.alliance-francaise.nl\/coeurdezelande\/?page_id=2380"},"modified":"2023-10-22T11:43:09","modified_gmt":"2023-10-22T09:43:09","slug":"toutes-les-images-disparaitront","status":"publish","type":"page","link":"https:\/\/www.alliance-francaise.nl\/coeurdezelande\/toutes-les-images-disparaitront\/","title":{"rendered":"Toutes les images dispara\u00eetront"},"content":{"rendered":"\t\t<div data-elementor-type=\"wp-page\" data-elementor-id=\"2380\" class=\"elementor elementor-2380\" data-elementor-post-type=\"page\">\n\t\t\t\t<div class=\"elementor-element elementor-element-bdcaecb e-flex e-con-boxed e-con e-parent\" data-id=\"bdcaecb\" data-element_type=\"container\" data-e-type=\"container\">\n\t\t\t\t\t<div class=\"e-con-inner\">\n\t\t<div class=\"elementor-element elementor-element-e5446f0 e-con-full e-flex e-con e-child\" data-id=\"e5446f0\" data-element_type=\"container\" data-e-type=\"container\">\n\t\t\t\t<div class=\"elementor-element elementor-element-6e17a73 elementor-widget elementor-widget-text-editor\" data-id=\"6e17a73\" data-element_type=\"widget\" data-e-type=\"widget\" data-widget_type=\"text-editor.default\">\n\t\t\t\t<div class=\"elementor-widget-container\">\n\t\t\t\t\t\t\t\t\t<p>Met deze zin begint de schrijfster Annie Ernaux\u00a0 het boek &#8216;Les Ann\u00e9es&#8217;. Zij heeft de Nobelprijs voor de literatuur 2022 gewonnen. Dit wist u zonder twijfel al; wist u ook dat zij meer dan 30 boeken op haar naam heeft staan? Het boek &#8216;Les Ann\u00e9es&#8217; (in de vertaling &#8220;De Jaren&#8221;) heeft haar wereldwijde bekendheid opgeleverd. Zij wordt bekroond &#8220;voor de moed en klinische scherpte waarmee ze de collectieve beperkingen van het persoonlijke geheugen blootlegt&#8221; (Volkskrant, 7 okt.jl). Zomaar een citaat uit &#8216;Les Ann\u00e9es&#8217; dat m.i. getuigt van deze kwaliteiten.<\/p>\t\t\t\t\t\t\t\t<\/div>\n\t\t\t\t<\/div>\n\t\t\t\t<\/div>\n\t\t<div class=\"elementor-element elementor-element-384ed6c e-con-full e-flex e-con e-child\" data-id=\"384ed6c\" data-element_type=\"container\" data-e-type=\"container\">\n\t\t\t\t<div class=\"elementor-element elementor-element-17bf919 elementor-widget elementor-widget-text-editor\" data-id=\"17bf919\" data-element_type=\"widget\" data-e-type=\"widget\" data-widget_type=\"text-editor.default\">\n\t\t\t\t<div class=\"elementor-widget-container\">\n\t\t\t\t\t\t\t\t\t<p>&#8220;Le 11 septembre refoulait toutes les dates qui nous avaient accompagn\u00e9s jusqu&#8217;ici. De la m\u00eame fa\u00e7on qu&#8217;on avait dit &#8216;apr\u00e8s Auschwitz&#8217;,on disait &#8216;apr\u00e8s le 11 septembre&#8217;, un jour unique. Ici commen\u00e7ait on ne savait pas quoi. Le temps aussi se mondialisait&#8221;. In dit citaat verwijst Ernaux naar de aanslag op de Twin Towers en het feit dat deze aanslag in ons collectieve geheugen is opgeslagen. Er volgt dan een beschrijving van alle verschrikkingen die voor deze aanslag hebben plaatsgevonden gevolgd door een ontnuchterende constatering:<br \/>&#8220;De toutes les infos quotidiennes, la plus int\u00e9ressante, celle qui nous importait le plus \u00e9tait le temps qu&#8217;il ferait demain, (&#8230;.)&#8221;. Waarmee de schrijfster lijkt te zeggen dat de mens, eenmaal hersteld van de ergste schok, toch weer vervalt in het vertrouwde patroon waarbij onze grootste zorg is welk weer het morgen zal zijn.<\/p>\t\t\t\t\t\t\t\t<\/div>\n\t\t\t\t<\/div>\n\t\t\t\t<\/div>\n\t\t<div class=\"elementor-element elementor-element-5f4b970 e-con-full e-flex e-con e-child\" data-id=\"5f4b970\" data-element_type=\"container\" data-e-type=\"container\">\n\t\t\t\t<div class=\"elementor-element elementor-element-1d64e50 elementor-widget elementor-widget-text-editor\" data-id=\"1d64e50\" data-element_type=\"widget\" data-e-type=\"widget\" data-widget_type=\"text-editor.default\">\n\t\t\t\t<div class=\"elementor-widget-container\">\n\t\t\t\t\t\t\t\t\tHet is onnodig te zeggen dat ik met deze citaten het boek, laat staan de schrijfster Ernaux, geen recht kan doen. In haar bijna 50-jarige carri\u00e8re als schrijfster heeft zij ongetwijfeld vele schrijvers ge\u00efnspireerd. In haar boeken toont zij grote betrokkenheid met politieke en sociale thema&#8217;s. In het voorjaar\u00a0 komt de vertaling uit van &#8220;Le jeune homme&#8217;; misschien wel een hele goede gelegenheid om kennis te maken met deze nobelprijswinnares!\t\t\t\t\t\t\t\t<\/div>\n\t\t\t\t<\/div>\n\t\t\t\t<\/div>\n\t\t\t\t\t<\/div>\n\t\t\t\t<\/div>\n\t\t\t\t<\/div>\n\t\t","protected":false},"excerpt":{"rendered":"<p>Met deze zin begint de schrijfster Annie Ernaux\u00a0 het boek &#8216;Les Ann\u00e9es&#8217;. Zij heeft de Nobelprijs voor de literatuur 2022 gewonnen. Dit wist u zonder twijfel al; wist u ook [&hellip;]<\/p>\n","protected":false},"author":35,"featured_media":0,"parent":0,"menu_order":0,"comment_status":"closed","ping_status":"closed","template":"","meta":{"_acf_changed":false,"footnotes":""},"class_list":["post-2380","page","type-page","status-publish","hentry"],"acf":[],"_links":{"self":[{"href":"https:\/\/www.alliance-francaise.nl\/coeurdezelande\/wp-json\/wp\/v2\/pages\/2380","targetHints":{"allow":["GET"]}}],"collection":[{"href":"https:\/\/www.alliance-francaise.nl\/coeurdezelande\/wp-json\/wp\/v2\/pages"}],"about":[{"href":"https:\/\/www.alliance-francaise.nl\/coeurdezelande\/wp-json\/wp\/v2\/types\/page"}],"author":[{"embeddable":true,"href":"https:\/\/www.alliance-francaise.nl\/coeurdezelande\/wp-json\/wp\/v2\/users\/35"}],"replies":[{"embeddable":true,"href":"https:\/\/www.alliance-francaise.nl\/coeurdezelande\/wp-json\/wp\/v2\/comments?post=2380"}],"version-history":[{"count":10,"href":"https:\/\/www.alliance-francaise.nl\/coeurdezelande\/wp-json\/wp\/v2\/pages\/2380\/revisions"}],"predecessor-version":[{"id":2397,"href":"https:\/\/www.alliance-francaise.nl\/coeurdezelande\/wp-json\/wp\/v2\/pages\/2380\/revisions\/2397"}],"wp:attachment":[{"href":"https:\/\/www.alliance-francaise.nl\/coeurdezelande\/wp-json\/wp\/v2\/media?parent=2380"}],"curies":[{"name":"wp","href":"https:\/\/api.w.org\/{rel}","templated":true}]}}

Toutes les images disparaîtront

<div data-elementor-type="wp-page" data-elementor-id="2380" class="elementor elementor-2380" data-elementor-post-type="page">
				<div class="elementor-element elementor-element-bdcaecb e-flex e-con-boxed e-con e-parent" data-id="bdcaecb" data-element_type="container" data-e-type="container">
					<div class="e-con-inner">
		<div class="elementor-element elementor-element-e5446f0 e-con-full e-flex e-con e-child" data-id="e5446f0" data-element_type="container" data-e-type="container">
				<div class="elementor-element elementor-element-6e17a73 elementor-widget elementor-widget-text-editor" data-id="6e17a73" data-element_type="widget" data-e-type="widget" data-widget_type="text-editor.default">
				<div class="elementor-widget-container">
									<p>Met deze zin begint de schrijfster Annie Ernaux  het boek &#8216;Les Années&#8217;. Zij heeft de Nobelprijs voor de literatuur 2022 gewonnen. Dit wist u zonder twijfel al; wist u ook dat zij meer dan 30 boeken op haar naam heeft staan? Het boek &#8216;Les Années&#8217; (in de vertaling &#8220;De Jaren&#8221;) heeft haar wereldwijde bekendheid opgeleverd. Zij wordt bekroond &#8220;voor de moed en klinische scherpte waarmee ze de collectieve beperkingen van het persoonlijke geheugen blootlegt&#8221; (Volkskrant, 7 okt.jl). Zomaar een citaat uit &#8216;Les Années&#8217; dat m.i. getuigt van deze kwaliteiten.</p>								</div>
				</div>
				</div>
		<div class="elementor-element elementor-element-384ed6c e-con-full e-flex e-con e-child" data-id="384ed6c" data-element_type="container" data-e-type="container">
				<div class="elementor-element elementor-element-17bf919 elementor-widget elementor-widget-text-editor" data-id="17bf919" data-element_type="widget" data-e-type="widget" data-widget_type="text-editor.default">
				<div class="elementor-widget-container">
									<p>&#8220;Le 11 septembre refoulait toutes les dates qui nous avaient accompagnés jusqu&#8217;ici. De la même façon qu&#8217;on avait dit &#8216;après Auschwitz&#8217;,on disait &#8216;après le 11 septembre&#8217;, un jour unique. Ici commençait on ne savait pas quoi. Le temps aussi se mondialisait&#8221;. In dit citaat verwijst Ernaux naar de aanslag op de Twin Towers en het feit dat deze aanslag in ons collectieve geheugen is opgeslagen. Er volgt dan een beschrijving van alle verschrikkingen die voor deze aanslag hebben plaatsgevonden gevolgd door een ontnuchterende constatering:<br />&#8220;De toutes les infos quotidiennes, la plus intéressante, celle qui nous importait le plus était le temps qu&#8217;il ferait demain, (&#8230;.)&#8221;. Waarmee de schrijfster lijkt te zeggen dat de mens, eenmaal hersteld van de ergste schok, toch weer vervalt in het vertrouwde patroon waarbij onze grootste zorg is welk weer het morgen zal zijn.</p>								</div>
				</div>
				</div>
		<div class="elementor-element elementor-element-5f4b970 e-con-full e-flex e-con e-child" data-id="5f4b970" data-element_type="container" data-e-type="container">
				<div class="elementor-element elementor-element-1d64e50 elementor-widget elementor-widget-text-editor" data-id="1d64e50" data-element_type="widget" data-e-type="widget" data-widget_type="text-editor.default">
				<div class="elementor-widget-container">
									Het is onnodig te zeggen dat ik met deze citaten het boek, laat staan de schrijfster Ernaux, geen recht kan doen. In haar bijna 50-jarige carrière als schrijfster heeft zij ongetwijfeld vele schrijvers geïnspireerd. In haar boeken toont zij grote betrokkenheid met politieke en sociale thema&#8217;s. In het voorjaar  komt de vertaling uit van &#8220;Le jeune homme&#8217;; misschien wel een hele goede gelegenheid om kennis te maken met deze nobelprijswinnares!								</div>
				</div>
				</div>
					</div>
				</div>
				</div>

<p>Met deze zin begint de schrijfster Annie Ernaux  het boek &#8216;Les Années&#8217;. Zij heeft de Nobelprijs voor de literatuur 2022 gewonnen. Dit wist u zonder twijfel al; wist u ook [&hellip;]</p>
