{"id":481,"date":"2020-04-18T08:42:10","date_gmt":"2020-04-18T08:42:10","guid":{"rendered":"https:\/\/www.alliance-francaise.nl\/2020\/breda\/?page_id=481"},"modified":"2020-07-07T18:21:30","modified_gmt":"2020-07-07T18:21:30","slug":"wat-is-de-alliance-francaise","status":"publish","type":"page","link":"https:\/\/www.alliance-francaise.nl\/breda\/bienvenue-welkom\/wat-is-de-alliance-francaise\/","title":{"rendered":"Wat is de Alliance Fran\u00e7aise"},"content":{"rendered":"\t\t<div data-elementor-type=\"wp-page\" data-elementor-id=\"481\" class=\"elementor elementor-481\" data-elementor-post-type=\"page\">\n\t\t\t\t\t\t<section class=\"elementor-section elementor-top-section elementor-element elementor-element-3785dd89 elementor-section-boxed elementor-section-height-default elementor-section-height-default\" data-id=\"3785dd89\" data-element_type=\"section\" data-e-type=\"section\" data-settings=\"{&quot;background_background&quot;:&quot;classic&quot;}\">\n\t\t\t\t\t\t<div class=\"elementor-container elementor-column-gap-default\">\n\t\t\t\t\t<div class=\"elementor-column elementor-col-100 elementor-top-column elementor-element elementor-element-3969bdb5\" data-id=\"3969bdb5\" data-element_type=\"column\" data-e-type=\"column\">\n\t\t\t<div class=\"elementor-widget-wrap\">\n\t\t\t\t\t\t\t<\/div>\n\t\t<\/div>\n\t\t\t\t\t<\/div>\n\t\t<\/section>\n\t\t\t\t<section class=\"elementor-section elementor-top-section elementor-element elementor-element-2a86ae76 elementor-section-boxed elementor-section-height-default elementor-section-height-default\" data-id=\"2a86ae76\" data-element_type=\"section\" data-e-type=\"section\">\n\t\t\t\t\t\t<div class=\"elementor-container elementor-column-gap-default\">\n\t\t\t\t\t<div class=\"elementor-column elementor-col-100 elementor-top-column elementor-element elementor-element-1a85ffa6\" data-id=\"1a85ffa6\" data-element_type=\"column\" data-e-type=\"column\" data-settings=\"{&quot;background_background&quot;:&quot;classic&quot;}\">\n\t\t\t<div class=\"elementor-widget-wrap elementor-element-populated\">\n\t\t\t\t\t<div class=\"elementor-background-overlay\"><\/div>\n\t\t\t\t\t\t<div class=\"elementor-element elementor-element-fc6c6d2 elementor-widget elementor-widget-heading\" data-id=\"fc6c6d2\" data-element_type=\"widget\" data-e-type=\"widget\" data-widget_type=\"heading.default\">\n\t\t\t\t<div class=\"elementor-widget-container\">\n\t\t\t\t\t<h1 class=\"elementor-heading-title elementor-size-default\">Wat is de Alliance Fran\u00e7aise<\/h1>\t\t\t\t<\/div>\n\t\t\t\t<\/div>\n\t\t\t\t\t<\/div>\n\t\t<\/div>\n\t\t\t\t\t<\/div>\n\t\t<\/section>\n\t\t\t\t<section class=\"elementor-section elementor-top-section elementor-element elementor-element-2c0df123 elementor-section-boxed elementor-section-height-default elementor-section-height-default\" data-id=\"2c0df123\" data-element_type=\"section\" data-e-type=\"section\">\n\t\t\t\t\t\t<div class=\"elementor-container elementor-column-gap-default\">\n\t\t\t\t\t<div class=\"elementor-column elementor-col-100 elementor-top-column elementor-element elementor-element-1b929fa\" data-id=\"1b929fa\" data-element_type=\"column\" data-e-type=\"column\">\n\t\t\t<div class=\"elementor-widget-wrap elementor-element-populated\">\n\t\t\t\t\t\t<div class=\"elementor-element elementor-element-704e9cc7 elementor-widget elementor-widget-heading\" data-id=\"704e9cc7\" data-element_type=\"widget\" data-e-type=\"widget\" data-widget_type=\"heading.default\">\n\t\t\t\t<div class=\"elementor-widget-container\">\n\t\t\t\t\t<h2 class=\"elementor-heading-title elementor-size-default\">Toen en nu<\/h2>\t\t\t\t<\/div>\n\t\t\t\t<\/div>\n\t\t\t\t\t<\/div>\n\t\t<\/div>\n\t\t\t\t\t<\/div>\n\t\t<\/section>\n\t\t\t\t<section class=\"elementor-section elementor-top-section elementor-element elementor-element-34efd67c elementor-section-boxed elementor-section-height-default elementor-section-height-default\" data-id=\"34efd67c\" data-element_type=\"section\" data-e-type=\"section\">\n\t\t\t\t\t\t<div class=\"elementor-container elementor-column-gap-default\">\n\t\t\t\t\t<div class=\"elementor-column elementor-col-100 elementor-top-column elementor-element elementor-element-26189d47\" data-id=\"26189d47\" data-element_type=\"column\" data-e-type=\"column\">\n\t\t\t<div class=\"elementor-widget-wrap elementor-element-populated\">\n\t\t\t\t\t\t<div class=\"elementor-element elementor-element-7ce7449e elementor-widget elementor-widget-text-editor\" data-id=\"7ce7449e\" data-element_type=\"widget\" data-e-type=\"widget\" data-widget_type=\"text-editor.default\">\n\t\t\t\t<div class=\"elementor-widget-container\">\n\t\t\t\t\t\t\t\t\t<div class=\"post-entry\"><p>De Alliance Fran\u00e7aise werd in 1883 in Parijs opgericht door een groep vooraanstaande mensen uit de Franse cultuur en wetenschap. Ze ontwikkelde zich tot een wereldwijde organisatie met 3 missies:<\/p><ul><li>Taalcursussen Frans verzorgen, in Frankrijk maar vooral over de hele wereld, voor alle ge\u00efnteresseerde doelgroepen<\/li><li>Kennis verspreiden m.b.t. de Franse en Franstalige culturen, in al hun aspecten<\/li><li>De culturele diversiteit bevorderen door de waardering van alle culturen.<\/li><\/ul><p><br \/>Momenteel is de Alliance Fran\u00e7aise het grootste georganiseerde culturele netwerk ter wereld, met 813 vestigingen in 133 landen, van Frankrijk zelf tot Brazili\u00eb, India en Australi\u00eb. Ieder jaar volgen er 500 000 mensen van alle leeftijden lessen in de Franse taal, op alle niveaus, en organiseren de Alliances wereldwijd meer dan 21.000 culturele activiteiten.<\/p><p>De 33 Alliances Fran\u00e7aises in Nederland vormen de <b>F\u00e9d\u00e9ration des Alliances Fran\u00e7aises aux Pays-Bas<\/b>.<b> <\/b>Vertegenwoordigers van de Alliances ontmoeten elkaar regelmatig om expertise uit te wisselen en door te geven. De belangrijkste bijeenkomst is de jaarlijkse <b>Assembl\u00e9e G\u00e9n\u00e9rale<\/b>.<\/p><\/div>\t\t\t\t\t\t\t\t<\/div>\n\t\t\t\t<\/div>\n\t\t\t\t\t<\/div>\n\t\t<\/div>\n\t\t\t\t\t<\/div>\n\t\t<\/section>\n\t\t\t\t<\/div>\n\t\t","protected":false},"excerpt":{"rendered":"<p>Wat is de Alliance Fran\u00e7aise Toen en nu De Alliance Fran\u00e7aise werd in 1883 in Parijs opgericht door een groep vooraanstaande mensen uit de Franse cultuur en wetenschap. Ze ontwikkelde [&hellip;]<\/p>\n","protected":false},"author":19,"featured_media":0,"parent":100,"menu_order":0,"comment_status":"closed","ping_status":"closed","template":"elementor_header_footer","meta":{"_monsterinsights_skip_tracking":false,"_monsterinsights_sitenote_active":false,"_monsterinsights_sitenote_note":"","_monsterinsights_sitenote_category":0,"footnotes":""},"class_list":["post-481","page","type-page","status-publish","hentry"],"_links":{"self":[{"href":"https:\/\/www.alliance-francaise.nl\/breda\/wp-json\/wp\/v2\/pages\/481","targetHints":{"allow":["GET"]}}],"collection":[{"href":"https:\/\/www.alliance-francaise.nl\/breda\/wp-json\/wp\/v2\/pages"}],"about":[{"href":"https:\/\/www.alliance-francaise.nl\/breda\/wp-json\/wp\/v2\/types\/page"}],"author":[{"embeddable":true,"href":"https:\/\/www.alliance-francaise.nl\/breda\/wp-json\/wp\/v2\/users\/19"}],"replies":[{"embeddable":true,"href":"https:\/\/www.alliance-francaise.nl\/breda\/wp-json\/wp\/v2\/comments?post=481"}],"version-history":[{"count":0,"href":"https:\/\/www.alliance-francaise.nl\/breda\/wp-json\/wp\/v2\/pages\/481\/revisions"}],"up":[{"embeddable":true,"href":"https:\/\/www.alliance-francaise.nl\/breda\/wp-json\/wp\/v2\/pages\/100"}],"wp:attachment":[{"href":"https:\/\/www.alliance-francaise.nl\/breda\/wp-json\/wp\/v2\/media?parent=481"}],"curies":[{"name":"wp","href":"https:\/\/api.w.org\/{rel}","templated":true}]}}

Wat is de Alliance Française

<div data-elementor-type="wp-page" data-elementor-id="481" class="elementor elementor-481" data-elementor-post-type="page">
						<section class="elementor-section elementor-top-section elementor-element elementor-element-3785dd89 elementor-section-boxed elementor-section-height-default elementor-section-height-default" data-id="3785dd89" data-element_type="section" data-e-type="section" data-settings="{&quot;background_background&quot;:&quot;classic&quot;}">
						<div class="elementor-container elementor-column-gap-default">
					<div class="elementor-column elementor-col-100 elementor-top-column elementor-element elementor-element-3969bdb5" data-id="3969bdb5" data-element_type="column" data-e-type="column">
			<div class="elementor-widget-wrap">
							</div>
		</div>
					</div>
		</section>
				<section class="elementor-section elementor-top-section elementor-element elementor-element-2a86ae76 elementor-section-boxed elementor-section-height-default elementor-section-height-default" data-id="2a86ae76" data-element_type="section" data-e-type="section">
						<div class="elementor-container elementor-column-gap-default">
					<div class="elementor-column elementor-col-100 elementor-top-column elementor-element elementor-element-1a85ffa6" data-id="1a85ffa6" data-element_type="column" data-e-type="column" data-settings="{&quot;background_background&quot;:&quot;classic&quot;}">
			<div class="elementor-widget-wrap elementor-element-populated">
					<div class="elementor-background-overlay"></div>
						<div class="elementor-element elementor-element-fc6c6d2 elementor-widget elementor-widget-heading" data-id="fc6c6d2" data-element_type="widget" data-e-type="widget" data-widget_type="heading.default">
				<div class="elementor-widget-container">
					<h1 class="elementor-heading-title elementor-size-default">Wat is de Alliance Française</h1>				</div>
				</div>
					</div>
		</div>
					</div>
		</section>
				<section class="elementor-section elementor-top-section elementor-element elementor-element-2c0df123 elementor-section-boxed elementor-section-height-default elementor-section-height-default" data-id="2c0df123" data-element_type="section" data-e-type="section">
						<div class="elementor-container elementor-column-gap-default">
					<div class="elementor-column elementor-col-100 elementor-top-column elementor-element elementor-element-1b929fa" data-id="1b929fa" data-element_type="column" data-e-type="column">
			<div class="elementor-widget-wrap elementor-element-populated">
						<div class="elementor-element elementor-element-704e9cc7 elementor-widget elementor-widget-heading" data-id="704e9cc7" data-element_type="widget" data-e-type="widget" data-widget_type="heading.default">
				<div class="elementor-widget-container">
					<h2 class="elementor-heading-title elementor-size-default">Toen en nu</h2>				</div>
				</div>
					</div>
		</div>
					</div>
		</section>
				<section class="elementor-section elementor-top-section elementor-element elementor-element-34efd67c elementor-section-boxed elementor-section-height-default elementor-section-height-default" data-id="34efd67c" data-element_type="section" data-e-type="section">
						<div class="elementor-container elementor-column-gap-default">
					<div class="elementor-column elementor-col-100 elementor-top-column elementor-element elementor-element-26189d47" data-id="26189d47" data-element_type="column" data-e-type="column">
			<div class="elementor-widget-wrap elementor-element-populated">
						<div class="elementor-element elementor-element-7ce7449e elementor-widget elementor-widget-text-editor" data-id="7ce7449e" data-element_type="widget" data-e-type="widget" data-widget_type="text-editor.default">
				<div class="elementor-widget-container">
									<div class="post-entry"><p>De Alliance Française werd in 1883 in Parijs opgericht door een groep vooraanstaande mensen uit de Franse cultuur en wetenschap. Ze ontwikkelde zich tot een wereldwijde organisatie met 3 missies:</p><ul><li>Taalcursussen Frans verzorgen, in Frankrijk maar vooral over de hele wereld, voor alle geïnteresseerde doelgroepen</li><li>Kennis verspreiden m.b.t. de Franse en Franstalige culturen, in al hun aspecten</li><li>De culturele diversiteit bevorderen door de waardering van alle culturen.</li></ul><p><br />Momenteel is de Alliance Française het grootste georganiseerde culturele netwerk ter wereld, met 813 vestigingen in 133 landen, van Frankrijk zelf tot Brazilië, India en Australië. Ieder jaar volgen er 500 000 mensen van alle leeftijden lessen in de Franse taal, op alle niveaus, en organiseren de Alliances wereldwijd meer dan 21.000 culturele activiteiten.</p><p>De 33 Alliances Françaises in Nederland vormen de <b>Fédération des Alliances Françaises aux Pays-Bas</b>.<b> </b>Vertegenwoordigers van de Alliances ontmoeten elkaar regelmatig om expertise uit te wisselen en door te geven. De belangrijkste bijeenkomst is de jaarlijkse <b>Assemblée Générale</b>.</p></div>								</div>
				</div>
					</div>
		</div>
					</div>
		</section>
				</div>

<p>Wat is de Alliance Française Toen en nu De Alliance Française werd in 1883 in Parijs opgericht door een groep vooraanstaande mensen uit de Franse cultuur en wetenschap. Ze ontwikkelde [&hellip;]</p>
