{"id":10022,"date":"2025-05-12T14:39:36","date_gmt":"2025-05-12T14:39:36","guid":{"rendered":"https:\/\/www.alliance-francaise.nl\/breda\/?page_id=10022"},"modified":"2025-05-19T14:53:40","modified_gmt":"2025-05-19T14:53:40","slug":"clubs-de-lecture-copy","status":"publish","type":"page","link":"https:\/\/www.alliance-francaise.nl\/breda\/cultuur\/clubs-de-lecture-copy\/","title":{"rendered":"Clubs de lecture"},"content":{"rendered":"\t\t<div data-elementor-type=\"wp-page\" data-elementor-id=\"10022\" class=\"elementor elementor-10022\" data-elementor-post-type=\"page\">\n\t\t\t\t\t\t<section class=\"elementor-section elementor-top-section elementor-element elementor-element-550b6fa0 elementor-section-boxed elementor-section-height-default elementor-section-height-default\" data-id=\"550b6fa0\" data-element_type=\"section\" data-e-type=\"section\" data-settings=\"{&quot;background_background&quot;:&quot;classic&quot;}\">\n\t\t\t\t\t\t<div class=\"elementor-container elementor-column-gap-default\">\n\t\t\t\t\t<div class=\"elementor-column elementor-col-100 elementor-top-column elementor-element elementor-element-7a966081\" data-id=\"7a966081\" data-element_type=\"column\" data-e-type=\"column\">\n\t\t\t<div class=\"elementor-widget-wrap\">\n\t\t\t\t\t\t\t<\/div>\n\t\t<\/div>\n\t\t\t\t\t<\/div>\n\t\t<\/section>\n\t\t\t\t<section class=\"elementor-section elementor-top-section elementor-element elementor-element-680db644 elementor-section-boxed elementor-section-height-default elementor-section-height-default\" data-id=\"680db644\" data-element_type=\"section\" data-e-type=\"section\">\n\t\t\t\t\t\t<div class=\"elementor-container elementor-column-gap-default\">\n\t\t\t\t\t<div class=\"elementor-column elementor-col-100 elementor-top-column elementor-element elementor-element-48eaa51a\" data-id=\"48eaa51a\" data-element_type=\"column\" data-e-type=\"column\" data-settings=\"{&quot;background_background&quot;:&quot;classic&quot;}\">\n\t\t\t<div class=\"elementor-widget-wrap elementor-element-populated\">\n\t\t\t\t\t<div class=\"elementor-background-overlay\"><\/div>\n\t\t\t\t\t\t<div class=\"elementor-element elementor-element-2436a9ba elementor-widget elementor-widget-heading\" data-id=\"2436a9ba\" data-element_type=\"widget\" data-e-type=\"widget\" data-widget_type=\"heading.default\">\n\t\t\t\t<div class=\"elementor-widget-container\">\n\t\t\t\t\t<h1 class=\"elementor-heading-title elementor-size-default\">Clubs de lecture<\/h1>\t\t\t\t<\/div>\n\t\t\t\t<\/div>\n\t\t\t\t\t<\/div>\n\t\t<\/div>\n\t\t\t\t\t<\/div>\n\t\t<\/section>\n\t\t\t\t<section class=\"elementor-section elementor-top-section elementor-element elementor-element-30771f8 elementor-section-boxed elementor-section-height-default elementor-section-height-default\" data-id=\"30771f8\" data-element_type=\"section\" data-e-type=\"section\">\n\t\t\t\t\t\t<div class=\"elementor-container elementor-column-gap-default\">\n\t\t\t\t\t<div class=\"elementor-column elementor-col-100 elementor-top-column elementor-element elementor-element-ca6dbc2\" data-id=\"ca6dbc2\" data-element_type=\"column\" data-e-type=\"column\">\n\t\t\t<div class=\"elementor-widget-wrap elementor-element-populated\">\n\t\t\t\t\t\t<div class=\"elementor-element elementor-element-114152f elementor-widget elementor-widget-spacer\" data-id=\"114152f\" data-element_type=\"widget\" data-e-type=\"widget\" data-widget_type=\"spacer.default\">\n\t\t\t\t<div class=\"elementor-widget-container\">\n\t\t\t\t\t\t\t<div class=\"elementor-spacer\">\n\t\t\t<div class=\"elementor-spacer-inner\"><\/div>\n\t\t<\/div>\n\t\t\t\t\t\t<\/div>\n\t\t\t\t<\/div>\n\t\t\t\t<div class=\"elementor-element elementor-element-3811823 elementor-widget elementor-widget-heading\" data-id=\"3811823\" data-element_type=\"widget\" data-e-type=\"widget\" data-widget_type=\"heading.default\">\n\t\t\t\t<div class=\"elementor-widget-container\">\n\t\t\t\t\t<h2 class=\"elementor-heading-title elementor-size-default\">Deux clubs de lecture \u00e0 Breda<\/h2>\t\t\t\t<\/div>\n\t\t\t\t<\/div>\n\t\t\t\t<div class=\"elementor-element elementor-element-ce0f8df elementor-widget elementor-widget-text-editor\" data-id=\"ce0f8df\" data-element_type=\"widget\" data-e-type=\"widget\" data-widget_type=\"text-editor.default\">\n\t\t\t\t<div class=\"elementor-widget-container\">\n\t\t\t\t\t\t\t\t\t<h5><strong>1. Elly Spapens<\/strong><\/h5><p>Elly Spapens, votre ancienne pr\u00e9sidente, guide deux clubs de lecture de l\u2019Alliance Fran\u00e7aise Breda. Depuis 2008, ces clubs, compos\u00e9s d&#8217;environ dix membres, se r\u00e9unissent cinq fois par an pour parler d\u2019un livre choisi et lu par tous. A tour de r\u00f4le on re\u00e7oit les participants chez soi. Une personne pr\u00e9sente le livre et les autres donnent leur commentaire.<\/p><p><em>Club de lecture 1:<\/em> Lundi apr\u00e8s-midi<\/p><p><em>Club de lecture 2:<\/em> Mardi apr\u00e8s-midi<\/p><p><em>Plus d&#8217;info:<\/em> Elly Spapens &#8211; 076 565 52 76<\/p>\t\t\t\t\t\t\t\t<\/div>\n\t\t\t\t<\/div>\n\t\t\t\t<div class=\"elementor-element elementor-element-a22bc6f elementor-widget elementor-widget-text-editor\" data-id=\"a22bc6f\" data-element_type=\"widget\" data-e-type=\"widget\" data-widget_type=\"text-editor.default\">\n\t\t\t\t<div class=\"elementor-widget-container\">\n\t\t\t\t\t\t\t\t\t<h5><strong>2. Wim Bekkers<br \/><\/strong><\/h5><p>Uw voormalige Directeur des Cours, Wim Bekkers, nodigt u uit voor zijn Club de Lecture.<br \/><br \/>Leden komen om de 8 tot 10 weken in groepjes van ongeveer 5 personen bijeen op woensdagmiddag (14.00-16.00 uur) of donderdagavond (19.30-21.30 uur), om de beurt bij \u00e9\u00e9n van de deelnemers. Het is mogelijk om tussentijds van dag te wisselen. Vooraf ontvangen de leden een lijst van Wim met uitdrukkingen\/expressions ter vertaling. Leden bedenken vooraf vragen die ze aan andere deelnemers kunnen stellen tijdens de bijeenkomst. Dit zorgt voor levendige discussies over het gelezen boek. Aanmelden kan voor het lezen op niveau B1 of B2. <br \/>Wim Bekkers begeleidt het lezen met achtergrondinformatie, de voertaal tijdens de bijeenkomst is: Frans\/Nederlands<\/p><p><em>Meer informatie en aanmelden:<\/em> Wim Bekkers &#8211;\u00a0 <a href=\"mailto:wbekkers@ziggo.nl\"><b>wbekkers@ziggo.nl<\/b><\/a><\/p><p><b>Korte informatie over de meeste hieronder vermelde boeken van de leeslijst 2025\/2026 kunt u vinden op de site:\u00a0<a style=\"font-family: var( --e-global-typography-text-font-family ), Sans-serif;font-size: 1rem\" href=\"https:\/\/www.babelio.com\/\" target=\"_blank\" rel=\"noopener\">babelio.com<\/a><\/b><\/p>\t\t\t\t\t\t\t\t<\/div>\n\t\t\t\t<\/div>\n\t\t\t\t\t<\/div>\n\t\t<\/div>\n\t\t\t\t\t<\/div>\n\t\t<\/section>\n\t\t\t\t<section class=\"elementor-section elementor-top-section elementor-element elementor-element-9d05fe3 elementor-section-boxed elementor-section-height-default elementor-section-height-default\" data-id=\"9d05fe3\" data-element_type=\"section\" data-e-type=\"section\">\n\t\t\t\t\t\t<div class=\"elementor-container elementor-column-gap-default\">\n\t\t\t\t\t<div class=\"elementor-column elementor-col-100 elementor-top-column elementor-element elementor-element-62dab3d\" data-id=\"62dab3d\" data-element_type=\"column\" data-e-type=\"column\">\n\t\t\t<div class=\"elementor-widget-wrap elementor-element-populated\">\n\t\t\t\t\t\t<div class=\"elementor-element elementor-element-e577feb elementor-widget elementor-widget-spacer\" data-id=\"e577feb\" data-element_type=\"widget\" data-e-type=\"widget\" data-widget_type=\"spacer.default\">\n\t\t\t\t<div class=\"elementor-widget-container\">\n\t\t\t\t\t\t\t<div class=\"elementor-spacer\">\n\t\t\t<div class=\"elementor-spacer-inner\"><\/div>\n\t\t<\/div>\n\t\t\t\t\t\t<\/div>\n\t\t\t\t<\/div>\n\t\t\t\t<div class=\"elementor-element elementor-element-a9b2549 elementor-widget elementor-widget-heading\" data-id=\"a9b2549\" data-element_type=\"widget\" data-e-type=\"widget\" data-widget_type=\"heading.default\">\n\t\t\t\t<div class=\"elementor-widget-container\">\n\t\t\t\t\t<h2 class=\"elementor-heading-title elementor-size-default\">Leeslijst 2025-2026<\/h2>\t\t\t\t<\/div>\n\t\t\t\t<\/div>\n\t\t\t\t<div class=\"elementor-element elementor-element-c292f0a elementor-widget__width-initial elementor-widget elementor-widget-text-editor\" data-id=\"c292f0a\" data-element_type=\"widget\" data-e-type=\"widget\" data-widget_type=\"text-editor.default\">\n\t\t\t\t<div class=\"elementor-widget-container\">\n\t\t\t\t\t\t\t\t\t<p style=\"text-align: left\"><strong>Livres de Clubs de lecture Elly Spapens<\/strong><\/p><p style=\"text-align: left\">Les oubli\u00e9s du dimanche (Val\u00e9rie Perrin)<\/p><p>Son odeur apr\u00e8s la pluie (C\u00e9dric Sapin-Dufour)<\/p><p>Les D\u00e9senchant\u00e9es (Marie Vareille)<\/p><div><p>Ce que disent les silences (Laure Manel)<\/p><\/div><p>La poule et son cumin (Zineb Mekouar)<\/p><p>Perspectives (Laurent Binet)<\/p><div><p>J&#8217;emporterai le feu (Leila Slimani)<\/p><\/div><div><p><b><br \/>Livres de Clubs de lecture Wim Bekkers<\/b><\/p><p>Veiller sur elle (Jean-Baptiste Andrea)<\/p><p>La liste des autres livres suivra sous peu.<\/p><\/div>\t\t\t\t\t\t\t\t<\/div>\n\t\t\t\t<\/div>\n\t\t\t\t<div class=\"elementor-element elementor-element-f2465d6 elementor-widget__width-initial elementor-widget elementor-widget-heading\" data-id=\"f2465d6\" data-element_type=\"widget\" data-e-type=\"widget\" data-widget_type=\"heading.default\">\n\t\t\t\t<div class=\"elementor-widget-container\">\n\t\t\t\t\t<h2 class=\"elementor-heading-title elementor-size-default\"><br>Leestips eerdere jaren<\/h2>\t\t\t\t<\/div>\n\t\t\t\t<\/div>\n\t\t\t\t<div class=\"elementor-element elementor-element-89b068b elementor-widget elementor-widget-text-editor\" data-id=\"89b068b\" data-element_type=\"widget\" data-e-type=\"widget\" data-widget_type=\"text-editor.default\">\n\t\t\t\t<div class=\"elementor-widget-container\">\n\t\t\t\t\t\t\t\t\t<p><strong>Tip:<\/strong> een aantal van deze boeken kunt u gratis lezen op <strong><a href=\"https:\/\/www.culturetheque.com\" target=\"_blank\" rel=\"noopener\">Cultureth\u00e8que<\/a> <\/strong>(als u lid of cursist bij ons bent).<\/p>\n<p>Michel Houellebecq: S\u00e9rotonine<\/p>\n<p>Delphine Bertholon: Coeur-Naufrage<\/p>\n<p>Alice Zeniter: L\u2019art de perdre<\/p>\n<p>Maylis de Kerangal: Un monde \u00e0 port\u00e9e de main<\/p>\n<p>Fran\u00e7oise Frenkel: Rien o\u00f9 poser la t\u00eate<\/p>\n<p>Philippe Claudel: L\u2019arbre du pays Toraja<\/p>\n<p>Edouard Louis: En finir avec Eddy Bellegueule<\/p>\n<p>Pierre Lemaitre: Miroir de nos peines<\/p>\n<p>Fran\u00e7oise Bourdon: Le vent de l\u2019aube<\/p>\n<p>Jean-Paul Dubois: Tous les hommes n\u2019habitent pas le monde de la m\u00eame fa\u00e7on<\/p>\n<p>Nicolas Mathieu: Leurs enfants apr\u00e8s eux<\/p>\n<p>Jean-Christophe Rufin: Les trois femmes du consul<\/p>\n<p>Kamel Daoud: Zabor<\/p>\n<p>Patrick Modiano : Encre symphatique<\/p>\n<p>Claudie Gallay: La beaut\u00e9 des jours<\/p>\n<p><em>En finir avec Eddy Bellegueule<\/em> de Edouard Louis<\/p>\n<p><em>M\u00e9moire de fille<\/em> de Annie Erneaux<\/p>\n<p><em>Un an apres<\/em> de Anne Wiazemsky<\/p>\n<p><em>L\u2019arbre du pays Toraja<\/em> de Philippe Claudel<\/p>\n<p><em>Les adieux \u00e0 la reine<\/em> de Chantal Thomas<\/p>\n<p><em>Mes hommes<\/em> de Malika Mokeddem<\/p>\n<p><em>Pas pleurer<\/em> de Lidie Salvayre<\/p><p>Un monde \u00e0 port\u00e9e de main de Maylis de Kerangal<\/p><p><em>Rien o\u00f9 poser la t\u00eate<\/em> de Fran\u00e7oise Frenkel<\/p>\t\t\t\t\t\t\t\t<\/div>\n\t\t\t\t<\/div>\n\t\t\t\t<div class=\"elementor-element elementor-element-2d70709 elementor-widget elementor-widget-spacer\" data-id=\"2d70709\" data-element_type=\"widget\" data-e-type=\"widget\" data-widget_type=\"spacer.default\">\n\t\t\t\t<div class=\"elementor-widget-container\">\n\t\t\t\t\t\t\t<div class=\"elementor-spacer\">\n\t\t\t<div class=\"elementor-spacer-inner\"><\/div>\n\t\t<\/div>\n\t\t\t\t\t\t<\/div>\n\t\t\t\t<\/div>\n\t\t\t\t\t<\/div>\n\t\t<\/div>\n\t\t\t\t\t<\/div>\n\t\t<\/section>\n\t\t\t\t<\/div>\n\t\t","protected":false},"excerpt":{"rendered":"<p>Clubs de lecture Deux clubs de lecture \u00e0 Breda 1. Elly Spapens Elly Spapens, votre ancienne pr\u00e9sidente, guide deux clubs de lecture de l\u2019Alliance Fran\u00e7aise Breda. Depuis 2008, ces clubs, [&hellip;]<\/p>\n","protected":false},"author":19,"featured_media":0,"parent":147,"menu_order":0,"comment_status":"closed","ping_status":"closed","template":"elementor_header_footer","meta":{"_monsterinsights_skip_tracking":false,"_monsterinsights_sitenote_active":false,"_monsterinsights_sitenote_note":"","_monsterinsights_sitenote_category":0,"footnotes":""},"class_list":["post-10022","page","type-page","status-publish","hentry"],"_links":{"self":[{"href":"https:\/\/www.alliance-francaise.nl\/breda\/wp-json\/wp\/v2\/pages\/10022","targetHints":{"allow":["GET"]}}],"collection":[{"href":"https:\/\/www.alliance-francaise.nl\/breda\/wp-json\/wp\/v2\/pages"}],"about":[{"href":"https:\/\/www.alliance-francaise.nl\/breda\/wp-json\/wp\/v2\/types\/page"}],"author":[{"embeddable":true,"href":"https:\/\/www.alliance-francaise.nl\/breda\/wp-json\/wp\/v2\/users\/19"}],"replies":[{"embeddable":true,"href":"https:\/\/www.alliance-francaise.nl\/breda\/wp-json\/wp\/v2\/comments?post=10022"}],"version-history":[{"count":16,"href":"https:\/\/www.alliance-francaise.nl\/breda\/wp-json\/wp\/v2\/pages\/10022\/revisions"}],"predecessor-version":[{"id":10042,"href":"https:\/\/www.alliance-francaise.nl\/breda\/wp-json\/wp\/v2\/pages\/10022\/revisions\/10042"}],"up":[{"embeddable":true,"href":"https:\/\/www.alliance-francaise.nl\/breda\/wp-json\/wp\/v2\/pages\/147"}],"wp:attachment":[{"href":"https:\/\/www.alliance-francaise.nl\/breda\/wp-json\/wp\/v2\/media?parent=10022"}],"curies":[{"name":"wp","href":"https:\/\/api.w.org\/{rel}","templated":true}]}}

<div data-elementor-type="wp-page" data-elementor-id="10022" class="elementor elementor-10022" data-elementor-post-type="page">
						<section class="elementor-section elementor-top-section elementor-element elementor-element-550b6fa0 elementor-section-boxed elementor-section-height-default elementor-section-height-default" data-id="550b6fa0" data-element_type="section" data-e-type="section" data-settings="{&quot;background_background&quot;:&quot;classic&quot;}">
						<div class="elementor-container elementor-column-gap-default">
					<div class="elementor-column elementor-col-100 elementor-top-column elementor-element elementor-element-7a966081" data-id="7a966081" data-element_type="column" data-e-type="column">
			<div class="elementor-widget-wrap">
							</div>
		</div>
					</div>
		</section>
				<section class="elementor-section elementor-top-section elementor-element elementor-element-680db644 elementor-section-boxed elementor-section-height-default elementor-section-height-default" data-id="680db644" data-element_type="section" data-e-type="section">
						<div class="elementor-container elementor-column-gap-default">
					<div class="elementor-column elementor-col-100 elementor-top-column elementor-element elementor-element-48eaa51a" data-id="48eaa51a" data-element_type="column" data-e-type="column" data-settings="{&quot;background_background&quot;:&quot;classic&quot;}">
			<div class="elementor-widget-wrap elementor-element-populated">
					<div class="elementor-background-overlay"></div>
						<div class="elementor-element elementor-element-2436a9ba elementor-widget elementor-widget-heading" data-id="2436a9ba" data-element_type="widget" data-e-type="widget" data-widget_type="heading.default">
				<div class="elementor-widget-container">
					<h1 class="elementor-heading-title elementor-size-default">Clubs de lecture</h1>				</div>
				</div>
					</div>
		</div>
					</div>
		</section>
				<section class="elementor-section elementor-top-section elementor-element elementor-element-30771f8 elementor-section-boxed elementor-section-height-default elementor-section-height-default" data-id="30771f8" data-element_type="section" data-e-type="section">
						<div class="elementor-container elementor-column-gap-default">
					<div class="elementor-column elementor-col-100 elementor-top-column elementor-element elementor-element-ca6dbc2" data-id="ca6dbc2" data-element_type="column" data-e-type="column">
			<div class="elementor-widget-wrap elementor-element-populated">
						<div class="elementor-element elementor-element-114152f elementor-widget elementor-widget-spacer" data-id="114152f" data-element_type="widget" data-e-type="widget" data-widget_type="spacer.default">
				<div class="elementor-widget-container">
							<div class="elementor-spacer">
			<div class="elementor-spacer-inner"></div>
		</div>
						</div>
				</div>
				<div class="elementor-element elementor-element-3811823 elementor-widget elementor-widget-heading" data-id="3811823" data-element_type="widget" data-e-type="widget" data-widget_type="heading.default">
				<div class="elementor-widget-container">
					<h2 class="elementor-heading-title elementor-size-default">Deux clubs de lecture à Breda</h2>				</div>
				</div>
				<div class="elementor-element elementor-element-ce0f8df elementor-widget elementor-widget-text-editor" data-id="ce0f8df" data-element_type="widget" data-e-type="widget" data-widget_type="text-editor.default">
				<div class="elementor-widget-container">
									<h5><strong>1. Elly Spapens</strong></h5><p>Elly Spapens, votre ancienne présidente, guide deux clubs de lecture de l’Alliance Française Breda. Depuis 2008, ces clubs, composés d&#8217;environ dix membres, se réunissent cinq fois par an pour parler d’un livre choisi et lu par tous. A tour de rôle on reçoit les participants chez soi. Une personne présente le livre et les autres donnent leur commentaire.</p><p><em>Club de lecture 1:</em> Lundi après-midi</p><p><em>Club de lecture 2:</em> Mardi après-midi</p><p><em>Plus d&#8217;info:</em> Elly Spapens &#8211; 076 565 52 76</p>								</div>
				</div>
				<div class="elementor-element elementor-element-a22bc6f elementor-widget elementor-widget-text-editor" data-id="a22bc6f" data-element_type="widget" data-e-type="widget" data-widget_type="text-editor.default">
				<div class="elementor-widget-container">
									<h5><strong>2. Wim Bekkers<br /></strong></h5><p>Uw voormalige Directeur des Cours, Wim Bekkers, nodigt u uit voor zijn Club de Lecture.<br /><br />Leden komen om de 8 tot 10 weken in groepjes van ongeveer 5 personen bijeen op woensdagmiddag (14.00-16.00 uur) of donderdagavond (19.30-21.30 uur), om de beurt bij één van de deelnemers. Het is mogelijk om tussentijds van dag te wisselen. Vooraf ontvangen de leden een lijst van Wim met uitdrukkingen/expressions ter vertaling. Leden bedenken vooraf vragen die ze aan andere deelnemers kunnen stellen tijdens de bijeenkomst. Dit zorgt voor levendige discussies over het gelezen boek. Aanmelden kan voor het lezen op niveau B1 of B2. <br />Wim Bekkers begeleidt het lezen met achtergrondinformatie, de voertaal tijdens de bijeenkomst is: Frans/Nederlands</p><p><em>Meer informatie en aanmelden:</em> Wim Bekkers &#8211;  <a href="mailto:wbekkers@ziggo.nl"><b>wbekkers@ziggo.nl</b></a></p><p><b>Korte informatie over de meeste hieronder vermelde boeken van de leeslijst 2025/2026 kunt u vinden op de site: <a style="font-family: var( --e-global-typography-text-font-family ), Sans-serif;font-size: 1rem" href="https://www.babelio.com/" target="_blank" rel="noopener">babelio.com</a></b></p>								</div>
				</div>
					</div>
		</div>
					</div>
		</section>
				<section class="elementor-section elementor-top-section elementor-element elementor-element-9d05fe3 elementor-section-boxed elementor-section-height-default elementor-section-height-default" data-id="9d05fe3" data-element_type="section" data-e-type="section">
						<div class="elementor-container elementor-column-gap-default">
					<div class="elementor-column elementor-col-100 elementor-top-column elementor-element elementor-element-62dab3d" data-id="62dab3d" data-element_type="column" data-e-type="column">
			<div class="elementor-widget-wrap elementor-element-populated">
						<div class="elementor-element elementor-element-e577feb elementor-widget elementor-widget-spacer" data-id="e577feb" data-element_type="widget" data-e-type="widget" data-widget_type="spacer.default">
				<div class="elementor-widget-container">
							<div class="elementor-spacer">
			<div class="elementor-spacer-inner"></div>
		</div>
						</div>
				</div>
				<div class="elementor-element elementor-element-a9b2549 elementor-widget elementor-widget-heading" data-id="a9b2549" data-element_type="widget" data-e-type="widget" data-widget_type="heading.default">
				<div class="elementor-widget-container">
					<h2 class="elementor-heading-title elementor-size-default">Leeslijst 2025-2026</h2>				</div>
				</div>
				<div class="elementor-element elementor-element-c292f0a elementor-widget__width-initial elementor-widget elementor-widget-text-editor" data-id="c292f0a" data-element_type="widget" data-e-type="widget" data-widget_type="text-editor.default">
				<div class="elementor-widget-container">
									<p style="text-align: left"><strong>Livres de Clubs de lecture Elly Spapens</strong></p><p style="text-align: left">Les oubliés du dimanche (Valérie Perrin)</p><p>Son odeur après la pluie (Cédric Sapin-Dufour)</p><p>Les Désenchantées (Marie Vareille)</p><div><p>Ce que disent les silences (Laure Manel)</p></div><p>La poule et son cumin (Zineb Mekouar)</p><p>Perspectives (Laurent Binet)</p><div><p>J&#8217;emporterai le feu (Leila Slimani)</p></div><div><p><b><br />Livres de Clubs de lecture Wim Bekkers</b></p><p>Veiller sur elle (Jean-Baptiste Andrea)</p><p>La liste des autres livres suivra sous peu.</p></div>								</div>
				</div>
				<div class="elementor-element elementor-element-f2465d6 elementor-widget__width-initial elementor-widget elementor-widget-heading" data-id="f2465d6" data-element_type="widget" data-e-type="widget" data-widget_type="heading.default">
				<div class="elementor-widget-container">
					<h2 class="elementor-heading-title elementor-size-default"><br>Leestips eerdere jaren</h2>				</div>
				</div>
				<div class="elementor-element elementor-element-89b068b elementor-widget elementor-widget-text-editor" data-id="89b068b" data-element_type="widget" data-e-type="widget" data-widget_type="text-editor.default">
				<div class="elementor-widget-container">
									<p><strong>Tip:</strong> een aantal van deze boeken kunt u gratis lezen op <strong><a href="https://www.culturetheque.com" target="_blank" rel="noopener">Culturethèque</a> </strong>(als u lid of cursist bij ons bent).</p>
<p>Michel Houellebecq: Sérotonine</p>
<p>Delphine Bertholon: Coeur-Naufrage</p>
<p>Alice Zeniter: L’art de perdre</p>
<p>Maylis de Kerangal: Un monde à portée de main</p>
<p>Françoise Frenkel: Rien où poser la tête</p>
<p>Philippe Claudel: L’arbre du pays Toraja</p>
<p>Edouard Louis: En finir avec Eddy Bellegueule</p>
<p>Pierre Lemaitre: Miroir de nos peines</p>
<p>Françoise Bourdon: Le vent de l’aube</p>
<p>Jean-Paul Dubois: Tous les hommes n’habitent pas le monde de la même façon</p>
<p>Nicolas Mathieu: Leurs enfants après eux</p>
<p>Jean-Christophe Rufin: Les trois femmes du consul</p>
<p>Kamel Daoud: Zabor</p>
<p>Patrick Modiano : Encre symphatique</p>
<p>Claudie Gallay: La beauté des jours</p>
<p><em>En finir avec Eddy Bellegueule</em> de Edouard Louis</p>
<p><em>Mémoire de fille</em> de Annie Erneaux</p>
<p><em>Un an apres</em> de Anne Wiazemsky</p>
<p><em>L’arbre du pays Toraja</em> de Philippe Claudel</p>
<p><em>Les adieux à la reine</em> de Chantal Thomas</p>
<p><em>Mes hommes</em> de Malika Mokeddem</p>
<p><em>Pas pleurer</em> de Lidie Salvayre</p><p>Un monde à portée de main de Maylis de Kerangal</p><p><em>Rien où poser la tête</em> de Françoise Frenkel</p>								</div>
				</div>
				<div class="elementor-element elementor-element-2d70709 elementor-widget elementor-widget-spacer" data-id="2d70709" data-element_type="widget" data-e-type="widget" data-widget_type="spacer.default">
				<div class="elementor-widget-container">
							<div class="elementor-spacer">
			<div class="elementor-spacer-inner"></div>
		</div>
						</div>
				</div>
					</div>
		</div>
					</div>
		</section>
				</div>

<p>Clubs de lecture Deux clubs de lecture à Breda 1. Elly Spapens Elly Spapens, votre ancienne présidente, guide deux clubs de lecture de l’Alliance Française Breda. Depuis 2008, ces clubs, [&hellip;]</p>
