{"id":9285,"date":"2024-12-24T13:51:48","date_gmt":"2024-12-24T12:51:48","guid":{"rendered":"https:\/\/www.alliance-francaise.nl\/amersfoort\/?page_id=9285"},"modified":"2024-12-24T14:11:45","modified_gmt":"2024-12-24T13:11:45","slug":"agenda-concours-visions-deurope-2024","status":"publish","type":"page","link":"https:\/\/www.alliance-francaise.nl\/amersfoort\/culturele-agenda\/agenda-concours-visions-deurope-2024\/","title":{"rendered":"Agenda Concours Visions d&#8217;Europe 2024"},"content":{"rendered":"\t\t<div data-elementor-type=\"wp-page\" data-elementor-id=\"9285\" class=\"elementor elementor-9285\" data-elementor-post-type=\"page\">\n\t\t\t\t\t\t<section class=\"elementor-section elementor-top-section elementor-element elementor-element-a0ada43 elementor-section-height-min-height elementor-section-boxed elementor-section-height-default elementor-section-items-middle\" data-id=\"a0ada43\" data-element_type=\"section\" data-e-type=\"section\" data-settings=\"{&quot;background_background&quot;:&quot;classic&quot;}\">\n\t\t\t\t\t\t<div class=\"elementor-container elementor-column-gap-default\">\n\t\t\t\t\t<div class=\"elementor-column elementor-col-100 elementor-top-column elementor-element elementor-element-8ccd235\" data-id=\"8ccd235\" data-element_type=\"column\" data-e-type=\"column\">\n\t\t\t<div class=\"elementor-widget-wrap elementor-element-populated\">\n\t\t\t\t\t\t<div class=\"elementor-element elementor-element-d3bce1f elementor-widget elementor-widget-heading\" data-id=\"d3bce1f\" data-element_type=\"widget\" data-e-type=\"widget\" data-widget_type=\"heading.default\">\n\t\t\t\t<div class=\"elementor-widget-container\">\n\t\t\t\t\t<h1 class=\"elementor-heading-title elementor-size-default\">Concours Visions d'Europe 2024\u200b<\/h1>\t\t\t\t<\/div>\n\t\t\t\t<\/div>\n\t\t\t\t\t<\/div>\n\t\t<\/div>\n\t\t\t\t\t<\/div>\n\t\t<\/section>\n\t\t\t\t<section class=\"elementor-section elementor-top-section elementor-element elementor-element-f5bc748 elementor-section-boxed elementor-section-height-default elementor-section-height-default\" data-id=\"f5bc748\" data-element_type=\"section\" data-e-type=\"section\">\n\t\t\t\t\t\t<div class=\"elementor-container elementor-column-gap-default\">\n\t\t\t\t\t<div class=\"elementor-column elementor-col-50 elementor-top-column elementor-element elementor-element-d61bce4\" data-id=\"d61bce4\" data-element_type=\"column\" data-e-type=\"column\">\n\t\t\t<div class=\"elementor-widget-wrap elementor-element-populated\">\n\t\t\t\t\t\t<div class=\"elementor-element elementor-element-eb22019 elementor-widget elementor-widget-heading\" data-id=\"eb22019\" data-element_type=\"widget\" data-e-type=\"widget\" data-widget_type=\"heading.default\">\n\t\t\t\t<div class=\"elementor-widget-container\">\n\t\t\t\t\t<h2 class=\"elementor-heading-title elementor-size-default\">Agenda<\/h2>\t\t\t\t<\/div>\n\t\t\t\t<\/div>\n\t\t\t\t\t<\/div>\n\t\t<\/div>\n\t\t\t\t<div class=\"elementor-column elementor-col-50 elementor-top-column elementor-element elementor-element-388be86\" data-id=\"388be86\" data-element_type=\"column\" data-e-type=\"column\">\n\t\t\t<div class=\"elementor-widget-wrap\">\n\t\t\t\t\t\t\t<\/div>\n\t\t<\/div>\n\t\t\t\t\t<\/div>\n\t\t<\/section>\n\t\t\t\t<section class=\"elementor-section elementor-top-section elementor-element elementor-element-32bdb41 elementor-section-boxed elementor-section-height-default elementor-section-height-default\" data-id=\"32bdb41\" data-element_type=\"section\" data-e-type=\"section\">\n\t\t\t\t\t\t<div class=\"elementor-container elementor-column-gap-default\">\n\t\t\t\t\t<div class=\"elementor-column elementor-col-100 elementor-top-column elementor-element elementor-element-95c442a\" data-id=\"95c442a\" data-element_type=\"column\" data-e-type=\"column\">\n\t\t\t<div class=\"elementor-widget-wrap elementor-element-populated\">\n\t\t\t\t\t\t<div class=\"elementor-element elementor-element-e3da63b elementor-widget elementor-widget-text-editor\" data-id=\"e3da63b\" data-element_type=\"widget\" data-e-type=\"widget\" data-widget_type=\"text-editor.default\">\n\t\t\t\t<div class=\"elementor-widget-container\">\n\t\t\t\t\t\t\t\t\t<p>C\u2019est avec beaucoup de plaisir que nous souhaitons la bienvenue au Concours Visions d\u2019Europe 2024, une \u00e9preuve \u00e9crite au cours de laquelle les \u00e9l\u00e8ves de l\u2019enseignement secondaire de niveau HAVO 4\/5 et VWO 4\/5\/6 peuvent s\u2019exprimer en fran\u00e7ais sur le th\u00e8me de l\u2019identit\u00e9 europ\u00e9enne.<\/p>\t\t\t\t\t\t\t\t<\/div>\n\t\t\t\t<\/div>\n\t\t\t\t<div class=\"elementor-element elementor-element-6821fbd elementor-widget elementor-widget-text-editor\" data-id=\"6821fbd\" data-element_type=\"widget\" data-e-type=\"widget\" data-widget_type=\"text-editor.default\">\n\t\t\t\t<div class=\"elementor-widget-container\">\n\t\t\t\t\t\t\t\t\t<p>Le but du Concours Visions d\u2019Europe est d\u2019encourager la r\u00e9flexion de la jeunesse sur l\u2019Europe et de redonner \u00e0 l\u2019\u00e9crit la place qu\u2019il m\u00e9rite.<br \/><br \/>Pour inscrire vos \u00e9l\u00e8ves vous pouvez vous mettre en contact soit avec le responsable de l\u2019Alliance le plus proche de votre \u00e9tablissement, soit avec le Comit\u00e9 du Concours Visions d\u2019Europe (adresse e-mail:\u00a0<a title=\"mailto:cve@afpb.nl\" href=\"mailto:cve@afpb.nl\">cve@afpb.nl<\/a>) qui vous donnera avec plaisir de plus amples renseignements, si n\u00e9cessaire avant le 15 janvier 2024.<br \/><br \/>Le sujet vous sera annonc\u00e9\u00a0le lundi 29 janvier 2024. Le jury du Concours Visions d\u2019Europe accordera une aussi grande valeur au contenu qu\u2019au style de la\u00a0dissertation. En tant que professeur, vous aurez la possibilit\u00e9 d\u2019ins\u00e9rer cette preuve dans le PTA 2023-2024.<br \/><br \/>Le Concours aura lieu\u00a0le mercredi 31 janvier 2024.<br \/><br \/>Bien cordialement,<br \/><br \/>Le comit\u00e9 du Concours Visions d\u00b4Europe 2024<br \/>Yvonne Lengkeek<br \/>Florence D\u00e9m\u00e9ry<br \/>Yoeri Courtin<\/p>\t\t\t\t\t\t\t\t<\/div>\n\t\t\t\t<\/div>\n\t\t\t\t\t<\/div>\n\t\t<\/div>\n\t\t\t\t\t<\/div>\n\t\t<\/section>\n\t\t\t\t<\/div>\n\t\t","protected":false},"excerpt":{"rendered":"<p>Concours Visions d&#8217;Europe 2024\u200b Agenda C\u2019est avec beaucoup de plaisir que nous souhaitons la bienvenue au Concours Visions d\u2019Europe 2024, une \u00e9preuve \u00e9crite au cours de laquelle les \u00e9l\u00e8ves de [&hellip;]<\/p>\n","protected":false},"author":22,"featured_media":0,"parent":120,"menu_order":0,"comment_status":"closed","ping_status":"closed","template":"elementor_header_footer","meta":{"footnotes":""},"class_list":["post-9285","page","type-page","status-publish","hentry"],"_links":{"self":[{"href":"https:\/\/www.alliance-francaise.nl\/amersfoort\/wp-json\/wp\/v2\/pages\/9285","targetHints":{"allow":["GET"]}}],"collection":[{"href":"https:\/\/www.alliance-francaise.nl\/amersfoort\/wp-json\/wp\/v2\/pages"}],"about":[{"href":"https:\/\/www.alliance-francaise.nl\/amersfoort\/wp-json\/wp\/v2\/types\/page"}],"author":[{"embeddable":true,"href":"https:\/\/www.alliance-francaise.nl\/amersfoort\/wp-json\/wp\/v2\/users\/22"}],"replies":[{"embeddable":true,"href":"https:\/\/www.alliance-francaise.nl\/amersfoort\/wp-json\/wp\/v2\/comments?post=9285"}],"version-history":[{"count":10,"href":"https:\/\/www.alliance-francaise.nl\/amersfoort\/wp-json\/wp\/v2\/pages\/9285\/revisions"}],"predecessor-version":[{"id":9303,"href":"https:\/\/www.alliance-francaise.nl\/amersfoort\/wp-json\/wp\/v2\/pages\/9285\/revisions\/9303"}],"up":[{"embeddable":true,"href":"https:\/\/www.alliance-francaise.nl\/amersfoort\/wp-json\/wp\/v2\/pages\/120"}],"wp:attachment":[{"href":"https:\/\/www.alliance-francaise.nl\/amersfoort\/wp-json\/wp\/v2\/media?parent=9285"}],"curies":[{"name":"wp","href":"https:\/\/api.w.org\/{rel}","templated":true}]}}

<div data-elementor-type="wp-page" data-elementor-id="9285" class="elementor elementor-9285" data-elementor-post-type="page">
						<section class="elementor-section elementor-top-section elementor-element elementor-element-a0ada43 elementor-section-height-min-height elementor-section-boxed elementor-section-height-default elementor-section-items-middle" data-id="a0ada43" data-element_type="section" data-e-type="section" data-settings="{&quot;background_background&quot;:&quot;classic&quot;}">
						<div class="elementor-container elementor-column-gap-default">
					<div class="elementor-column elementor-col-100 elementor-top-column elementor-element elementor-element-8ccd235" data-id="8ccd235" data-element_type="column" data-e-type="column">
			<div class="elementor-widget-wrap elementor-element-populated">
						<div class="elementor-element elementor-element-d3bce1f elementor-widget elementor-widget-heading" data-id="d3bce1f" data-element_type="widget" data-e-type="widget" data-widget_type="heading.default">
				<div class="elementor-widget-container">
					<h1 class="elementor-heading-title elementor-size-default">Concours Visions d'Europe 2024​</h1>				</div>
				</div>
					</div>
		</div>
					</div>
		</section>
				<section class="elementor-section elementor-top-section elementor-element elementor-element-f5bc748 elementor-section-boxed elementor-section-height-default elementor-section-height-default" data-id="f5bc748" data-element_type="section" data-e-type="section">
						<div class="elementor-container elementor-column-gap-default">
					<div class="elementor-column elementor-col-50 elementor-top-column elementor-element elementor-element-d61bce4" data-id="d61bce4" data-element_type="column" data-e-type="column">
			<div class="elementor-widget-wrap elementor-element-populated">
						<div class="elementor-element elementor-element-eb22019 elementor-widget elementor-widget-heading" data-id="eb22019" data-element_type="widget" data-e-type="widget" data-widget_type="heading.default">
				<div class="elementor-widget-container">
					<h2 class="elementor-heading-title elementor-size-default">Agenda</h2>				</div>
				</div>
					</div>
		</div>
				<div class="elementor-column elementor-col-50 elementor-top-column elementor-element elementor-element-388be86" data-id="388be86" data-element_type="column" data-e-type="column">
			<div class="elementor-widget-wrap">
							</div>
		</div>
					</div>
		</section>
				<section class="elementor-section elementor-top-section elementor-element elementor-element-32bdb41 elementor-section-boxed elementor-section-height-default elementor-section-height-default" data-id="32bdb41" data-element_type="section" data-e-type="section">
						<div class="elementor-container elementor-column-gap-default">
					<div class="elementor-column elementor-col-100 elementor-top-column elementor-element elementor-element-95c442a" data-id="95c442a" data-element_type="column" data-e-type="column">
			<div class="elementor-widget-wrap elementor-element-populated">
						<div class="elementor-element elementor-element-e3da63b elementor-widget elementor-widget-text-editor" data-id="e3da63b" data-element_type="widget" data-e-type="widget" data-widget_type="text-editor.default">
				<div class="elementor-widget-container">
									<p>C’est avec beaucoup de plaisir que nous souhaitons la bienvenue au Concours Visions d’Europe 2024, une épreuve écrite au cours de laquelle les élèves de l’enseignement secondaire de niveau HAVO 4/5 et VWO 4/5/6 peuvent s’exprimer en français sur le thème de l’identité européenne.</p>								</div>
				</div>
				<div class="elementor-element elementor-element-6821fbd elementor-widget elementor-widget-text-editor" data-id="6821fbd" data-element_type="widget" data-e-type="widget" data-widget_type="text-editor.default">
				<div class="elementor-widget-container">
									<p>Le but du Concours Visions d’Europe est d’encourager la réflexion de la jeunesse sur l’Europe et de redonner à l’écrit la place qu’il mérite.<br /><br />Pour inscrire vos élèves vous pouvez vous mettre en contact soit avec le responsable de l’Alliance le plus proche de votre établissement, soit avec le Comité du Concours Visions d’Europe (adresse e-mail: <a title="mailto:cve@afpb.nl" href="mailto:cve@afpb.nl">cve@afpb.nl</a>) qui vous donnera avec plaisir de plus amples renseignements, si nécessaire avant le 15 janvier 2024.<br /><br />Le sujet vous sera annoncé le lundi 29 janvier 2024. Le jury du Concours Visions d’Europe accordera une aussi grande valeur au contenu qu’au style de la dissertation. En tant que professeur, vous aurez la possibilité d’insérer cette preuve dans le PTA 2023-2024.<br /><br />Le Concours aura lieu le mercredi 31 janvier 2024.<br /><br />Bien cordialement,<br /><br />Le comité du Concours Visions d´Europe 2024<br />Yvonne Lengkeek<br />Florence Déméry<br />Yoeri Courtin</p>								</div>
				</div>
					</div>
		</div>
					</div>
		</section>
				</div>

<p>Concours Visions d&#8217;Europe 2024​ Agenda C’est avec beaucoup de plaisir que nous souhaitons la bienvenue au Concours Visions d’Europe 2024, une épreuve écrite au cours de laquelle les élèves de [&hellip;]</p>
