{"id":483,"date":"2020-06-24T09:44:33","date_gmt":"2020-06-24T07:44:33","guid":{"rendered":"https:\/\/www.alliance-francaise.nl\/2020\/amersfoort\/?page_id=483"},"modified":"2025-08-13T15:29:10","modified_gmt":"2025-08-13T14:29:10","slug":"niveautest","status":"publish","type":"page","link":"https:\/\/www.alliance-francaise.nl\/amersfoort\/cursussen\/niveautest\/","title":{"rendered":"Niveautest"},"content":{"rendered":"\t\t<div data-elementor-type=\"wp-page\" data-elementor-id=\"483\" class=\"elementor elementor-483\" data-elementor-post-type=\"page\">\n\t\t\t\t\t\t<section class=\"elementor-section elementor-top-section elementor-element elementor-element-baf0d30 elementor-section-height-min-height elementor-section-boxed elementor-section-height-default elementor-section-items-middle\" data-id=\"baf0d30\" data-element_type=\"section\" data-e-type=\"section\" data-settings=\"{&quot;background_background&quot;:&quot;classic&quot;}\">\n\t\t\t\t\t\t<div class=\"elementor-container elementor-column-gap-default\">\n\t\t\t\t\t<div class=\"elementor-column elementor-col-100 elementor-top-column elementor-element elementor-element-1f03db9\" data-id=\"1f03db9\" data-element_type=\"column\" data-e-type=\"column\">\n\t\t\t<div class=\"elementor-widget-wrap elementor-element-populated\">\n\t\t\t\t\t\t<div class=\"elementor-element elementor-element-4478b5c elementor-widget elementor-widget-heading\" data-id=\"4478b5c\" data-element_type=\"widget\" data-e-type=\"widget\" data-widget_type=\"heading.default\">\n\t\t\t\t<div class=\"elementor-widget-container\">\n\t\t\t\t\t<h1 class=\"elementor-heading-title elementor-size-default\">Niveautest<\/h1>\t\t\t\t<\/div>\n\t\t\t\t<\/div>\n\t\t\t\t\t<\/div>\n\t\t<\/div>\n\t\t\t\t\t<\/div>\n\t\t<\/section>\n\t\t\t\t<section class=\"elementor-section elementor-top-section elementor-element elementor-element-82cf424 elementor-section-boxed elementor-section-height-default elementor-section-height-default\" data-id=\"82cf424\" data-element_type=\"section\" data-e-type=\"section\">\n\t\t\t\t\t\t<div class=\"elementor-container elementor-column-gap-default\">\n\t\t\t\t\t<div class=\"elementor-column elementor-col-50 elementor-top-column elementor-element elementor-element-5c78492\" data-id=\"5c78492\" data-element_type=\"column\" data-e-type=\"column\">\n\t\t\t<div class=\"elementor-widget-wrap elementor-element-populated\">\n\t\t\t\t\t\t<div class=\"elementor-element elementor-element-32ff134 elementor-widget elementor-widget-heading\" data-id=\"32ff134\" data-element_type=\"widget\" data-e-type=\"widget\" data-widget_type=\"heading.default\">\n\t\t\t\t<div class=\"elementor-widget-container\">\n\t\t\t\t\t<h2 class=\"elementor-heading-title elementor-size-default\">Niveautest  <\/h2>\t\t\t\t<\/div>\n\t\t\t\t<\/div>\n\t\t\t\t<div class=\"elementor-element elementor-element-3206a39 elementor-widget__width-initial elementor-widget elementor-widget-text-editor\" data-id=\"3206a39\" data-element_type=\"widget\" data-e-type=\"widget\" data-widget_type=\"text-editor.default\">\n\t\t\t\t<div class=\"elementor-widget-container\">\n\t\t\t\t\t\t\t\t\t<p>Als u voor de eerste keer\u00a0 inschrijft voor \u00e9\u00e9n van onze cursussen is het de bedoeling dat u een niveautest\u00a0 aflegt.<\/p><p>Dat kan tijdens \u00e9\u00e9n van onze open avonden, waar u meteen kennis kunt maken met de cursusco\u00f6rdinatrice, Mme Catherine Groenevelt, met docenten en met andere leden van het team van de Alliance Fran\u00e7aise Amersfoort. U hoort direct na de test welk niveau u heeft en welke cursus Frans het meest geschikt is voor u.\u00a0<\/p><p>Bent u een absolute beginner? Dan hoeft u natuurlijk geen test te doen, maar kunt u zich rechtstreeks inschrijven voor cursus A1a.\u00a0<\/p><p>Als u niet in de gelegenheid bent om naar \u00e9\u00e9n van onze open avonden te komen kunt u contact opnemen met Mme Groenevelt en eventueel een indicatie krijgen over uw niveau met behulp van onderstaande\u00a0 <em>rfi-test.\u00a0<\/em><\/p><p><strong>Klik <a href=\"https:\/\/francaisfacile.rfi.fr\/fr\/tester-son-niveau\/\">hier<\/a> om de test te starten.<\/strong><\/p><p><span style=\"color: #000000\"><span class=\"C-4\">Geen geluid?<\/span><\/span><\/p><p class=\"Normal2 P-2\"><span style=\"color: #000000\">Controleer de instellingen van de \u2018audio mixer\u2019 door een rechterklik op het luidsprekersymbool in de taakbalk van uw computer.<\/span><\/p>\t\t\t\t\t\t\t\t<\/div>\n\t\t\t\t<\/div>\n\t\t\t\t\t<\/div>\n\t\t<\/div>\n\t\t\t\t<div class=\"elementor-column elementor-col-50 elementor-top-column elementor-element elementor-element-1da6523\" data-id=\"1da6523\" data-element_type=\"column\" data-e-type=\"column\">\n\t\t\t<div class=\"elementor-widget-wrap elementor-element-populated\">\n\t\t\t\t\t\t<div class=\"elementor-element elementor-element-ba6de6a elementor-widget elementor-widget-image\" data-id=\"ba6de6a\" data-element_type=\"widget\" data-e-type=\"widget\" data-widget_type=\"image.default\">\n\t\t\t\t<div class=\"elementor-widget-container\">\n\t\t\t\t\t\t\t\t\t\t\t\t\t\t\t<img fetchpriority=\"high\" decoding=\"async\" width=\"800\" height=\"800\" src=\"https:\/\/www.alliance-francaise.nl\/amersfoort\/wp-content\/uploads\/sites\/14\/2024\/11\/1-1024x1024.png\" class=\"attachment-large size-large wp-image-8584\" alt=\"\" srcset=\"https:\/\/www.alliance-francaise.nl\/amersfoort\/wp-content\/uploads\/sites\/14\/2024\/11\/1-1024x1024.png 1024w, https:\/\/www.alliance-francaise.nl\/amersfoort\/wp-content\/uploads\/sites\/14\/2024\/11\/1-300x300.png 300w, https:\/\/www.alliance-francaise.nl\/amersfoort\/wp-content\/uploads\/sites\/14\/2024\/11\/1-150x150.png 150w, https:\/\/www.alliance-francaise.nl\/amersfoort\/wp-content\/uploads\/sites\/14\/2024\/11\/1-768x768.png 768w, https:\/\/www.alliance-francaise.nl\/amersfoort\/wp-content\/uploads\/sites\/14\/2024\/11\/1-600x600.png 600w, https:\/\/www.alliance-francaise.nl\/amersfoort\/wp-content\/uploads\/sites\/14\/2024\/11\/1-100x100.png 100w, https:\/\/www.alliance-francaise.nl\/amersfoort\/wp-content\/uploads\/sites\/14\/2024\/11\/1.png 1080w\" sizes=\"(max-width: 800px) 100vw, 800px\" \/>\t\t\t\t\t\t\t\t\t\t\t\t\t\t\t<\/div>\n\t\t\t\t<\/div>\n\t\t\t\t\t<\/div>\n\t\t<\/div>\n\t\t\t\t\t<\/div>\n\t\t<\/section>\n\t\t\t\t<\/div>\n\t\t","protected":false},"excerpt":{"rendered":"<p>Niveautest Niveautest Als u voor de eerste keer\u00a0 inschrijft voor \u00e9\u00e9n van onze cursussen is het de bedoeling dat u een niveautest\u00a0 aflegt. Dat kan tijdens \u00e9\u00e9n van onze open [&hellip;]<\/p>\n","protected":false},"author":1,"featured_media":0,"parent":116,"menu_order":0,"comment_status":"closed","ping_status":"closed","template":"elementor_header_footer","meta":{"footnotes":""},"class_list":["post-483","page","type-page","status-publish","hentry"],"_links":{"self":[{"href":"https:\/\/www.alliance-francaise.nl\/amersfoort\/wp-json\/wp\/v2\/pages\/483","targetHints":{"allow":["GET"]}}],"collection":[{"href":"https:\/\/www.alliance-francaise.nl\/amersfoort\/wp-json\/wp\/v2\/pages"}],"about":[{"href":"https:\/\/www.alliance-francaise.nl\/amersfoort\/wp-json\/wp\/v2\/types\/page"}],"author":[{"embeddable":true,"href":"https:\/\/www.alliance-francaise.nl\/amersfoort\/wp-json\/wp\/v2\/users\/1"}],"replies":[{"embeddable":true,"href":"https:\/\/www.alliance-francaise.nl\/amersfoort\/wp-json\/wp\/v2\/comments?post=483"}],"version-history":[{"count":12,"href":"https:\/\/www.alliance-francaise.nl\/amersfoort\/wp-json\/wp\/v2\/pages\/483\/revisions"}],"predecessor-version":[{"id":10706,"href":"https:\/\/www.alliance-francaise.nl\/amersfoort\/wp-json\/wp\/v2\/pages\/483\/revisions\/10706"}],"up":[{"embeddable":true,"href":"https:\/\/www.alliance-francaise.nl\/amersfoort\/wp-json\/wp\/v2\/pages\/116"}],"wp:attachment":[{"href":"https:\/\/www.alliance-francaise.nl\/amersfoort\/wp-json\/wp\/v2\/media?parent=483"}],"curies":[{"name":"wp","href":"https:\/\/api.w.org\/{rel}","templated":true}]}}