{"id":131,"date":"2020-01-31T13:21:38","date_gmt":"2020-01-31T13:21:38","guid":{"rendered":"https:\/\/www.alliance-francaise.nl\/2020\/amersfoort\/?page_id=131"},"modified":"2025-08-07T12:11:58","modified_gmt":"2025-08-07T11:11:58","slug":"wat-is-de-alliance-francaise","status":"publish","type":"page","link":"https:\/\/www.alliance-francaise.nl\/amersfoort\/bienvenue-welkom\/wat-is-de-alliance-francaise\/","title":{"rendered":"Wat is de Alliance Fran\u00e7aise?"},"content":{"rendered":"\t\t<div data-elementor-type=\"wp-page\" data-elementor-id=\"131\" class=\"elementor elementor-131\" data-elementor-post-type=\"page\">\n\t\t\t\t\t\t<section class=\"elementor-section elementor-top-section elementor-element elementor-element-eda676a elementor-section-height-min-height elementor-section-boxed elementor-section-height-default elementor-section-items-middle\" data-id=\"eda676a\" data-element_type=\"section\" data-e-type=\"section\" data-settings=\"{&quot;background_background&quot;:&quot;classic&quot;}\">\n\t\t\t\t\t\t<div class=\"elementor-container elementor-column-gap-default\">\n\t\t\t\t\t<div class=\"elementor-column elementor-col-100 elementor-top-column elementor-element elementor-element-07b0b23\" data-id=\"07b0b23\" data-element_type=\"column\" data-e-type=\"column\">\n\t\t\t<div class=\"elementor-widget-wrap elementor-element-populated\">\n\t\t\t\t\t\t<div class=\"elementor-element elementor-element-9e77aee elementor-widget elementor-widget-heading\" data-id=\"9e77aee\" data-element_type=\"widget\" data-e-type=\"widget\" data-widget_type=\"heading.default\">\n\t\t\t\t<div class=\"elementor-widget-container\">\n\t\t\t\t\t<h1 class=\"elementor-heading-title elementor-size-default\">Wat is de Alliance Fran\u00e7aise?<\/h1>\t\t\t\t<\/div>\n\t\t\t\t<\/div>\n\t\t\t\t\t<\/div>\n\t\t<\/div>\n\t\t\t\t\t<\/div>\n\t\t<\/section>\n\t\t\t\t<section class=\"elementor-section elementor-top-section elementor-element elementor-element-65f13cf elementor-section-boxed elementor-section-height-default elementor-section-height-default\" data-id=\"65f13cf\" data-element_type=\"section\" data-e-type=\"section\">\n\t\t\t\t\t\t<div class=\"elementor-container elementor-column-gap-default\">\n\t\t\t\t\t<div class=\"elementor-column elementor-col-50 elementor-top-column elementor-element elementor-element-58263e3\" data-id=\"58263e3\" data-element_type=\"column\" data-e-type=\"column\">\n\t\t\t<div class=\"elementor-widget-wrap elementor-element-populated\">\n\t\t\t\t\t\t<div class=\"elementor-element elementor-element-fe11218 elementor-widget elementor-widget-heading\" data-id=\"fe11218\" data-element_type=\"widget\" data-e-type=\"widget\" data-widget_type=\"heading.default\">\n\t\t\t\t<div class=\"elementor-widget-container\">\n\t\t\t\t\t<h4 class=\"elementor-heading-title elementor-size-default\">Alliance Fran\u00e7aise<\/h4>\t\t\t\t<\/div>\n\t\t\t\t<\/div>\n\t\t\t\t<div class=\"elementor-element elementor-element-9b76f67 elementor-widget elementor-widget-heading\" data-id=\"9b76f67\" data-element_type=\"widget\" data-e-type=\"widget\" data-widget_type=\"heading.default\">\n\t\t\t\t<div class=\"elementor-widget-container\">\n\t\t\t\t\t<h2 class=\"elementor-heading-title elementor-size-default\">Verbreiden Franse taal en cultuur<\/h2>\t\t\t\t<\/div>\n\t\t\t\t<\/div>\n\t\t\t\t<div class=\"elementor-element elementor-element-1eec26f elementor-widget elementor-widget-text-editor\" data-id=\"1eec26f\" data-element_type=\"widget\" data-e-type=\"widget\" data-widget_type=\"text-editor.default\">\n\t\t\t\t<div class=\"elementor-widget-container\">\n\t\t\t\t\t\t\t\t\t<p>De Alliance Fran\u00e7aise, opgericht in 1883 is een wereldwijde organisatie, die valt onder het Franse ministerie van Cultuur. De doelstelling was en is nog steeds het verbreiden van de Franse taal en cultuur.<\/p>\t\t\t\t\t\t\t\t<\/div>\n\t\t\t\t<\/div>\n\t\t\t\t\t<\/div>\n\t\t<\/div>\n\t\t\t\t<div class=\"elementor-column elementor-col-50 elementor-top-column elementor-element elementor-element-9bb33e3\" data-id=\"9bb33e3\" data-element_type=\"column\" data-e-type=\"column\">\n\t\t\t<div class=\"elementor-widget-wrap elementor-element-populated\">\n\t\t\t\t\t\t<div class=\"elementor-element elementor-element-f53fc2e elementor-widget elementor-widget-image\" data-id=\"f53fc2e\" data-element_type=\"widget\" data-e-type=\"widget\" data-widget_type=\"image.default\">\n\t\t\t\t<div class=\"elementor-widget-container\">\n\t\t\t\t\t\t\t\t\t\t\t\t\t\t\t<img fetchpriority=\"high\" decoding=\"async\" width=\"800\" height=\"457\" src=\"https:\/\/www.alliance-francaise.nl\/amersfoort\/wp-content\/uploads\/sites\/14\/2024\/12\/Cursussen-afbeeldingen-7-1024x585.png\" class=\"attachment-large size-large wp-image-8961\" alt=\"\" srcset=\"https:\/\/www.alliance-francaise.nl\/amersfoort\/wp-content\/uploads\/sites\/14\/2024\/12\/Cursussen-afbeeldingen-7-1024x585.png 1024w, https:\/\/www.alliance-francaise.nl\/amersfoort\/wp-content\/uploads\/sites\/14\/2024\/12\/Cursussen-afbeeldingen-7-300x171.png 300w, https:\/\/www.alliance-francaise.nl\/amersfoort\/wp-content\/uploads\/sites\/14\/2024\/12\/Cursussen-afbeeldingen-7-768x439.png 768w, https:\/\/www.alliance-francaise.nl\/amersfoort\/wp-content\/uploads\/sites\/14\/2024\/12\/Cursussen-afbeeldingen-7-600x343.png 600w, https:\/\/www.alliance-francaise.nl\/amersfoort\/wp-content\/uploads\/sites\/14\/2024\/12\/Cursussen-afbeeldingen-7.png 1050w\" sizes=\"(max-width: 800px) 100vw, 800px\" \/>\t\t\t\t\t\t\t\t\t\t\t\t\t\t\t<\/div>\n\t\t\t\t<\/div>\n\t\t\t\t\t<\/div>\n\t\t<\/div>\n\t\t\t\t\t<\/div>\n\t\t<\/section>\n\t\t\t\t<section class=\"elementor-section elementor-top-section elementor-element elementor-element-40596d7 elementor-section-boxed elementor-section-height-default elementor-section-height-default\" data-id=\"40596d7\" data-element_type=\"section\" data-e-type=\"section\">\n\t\t\t\t\t\t<div class=\"elementor-container elementor-column-gap-default\">\n\t\t\t\t\t<div class=\"elementor-column elementor-col-50 elementor-top-column elementor-element elementor-element-2306436\" data-id=\"2306436\" data-element_type=\"column\" data-e-type=\"column\">\n\t\t\t<div class=\"elementor-widget-wrap elementor-element-populated\">\n\t\t\t\t\t\t<div class=\"elementor-element elementor-element-2168b49 elementor-widget elementor-widget-text-editor\" data-id=\"2168b49\" data-element_type=\"widget\" data-e-type=\"widget\" data-widget_type=\"text-editor.default\">\n\t\t\t\t<div class=\"elementor-widget-container\">\n\t\t\t\t\t\t\t\t\t<p>Paul Camcon nam in 1883, in Parijs, het voortouw voor de oprichting van de Alliance Fran\u00e7aise. Al meteen na de oprichting meldden zich wetenschappers, schrijvers en diplomaten aan als lid, onder wie Ferdinand de Lesseps, Louis Pasteur en Jules Verne. Door vrienden van Frankrijk zijn in de gehele wereld landelijke, regionale of plaatselijke alliances opgericht.<\/p><p>In 1888 gebeurde dat in Nederland met de oprichting van de Alliance Fran\u00e7aise des Pays-Bas. In 1896, 13 jaar na de oprichting in Parijs, werd ook in Amersfoort een afdeling gevestigd. In die tijd was Frans nog de aan het hof gesproken taal. Heel lang had het Frans daardoor het aanzien van een taal voor &#8216;deftige mensen&#8217;. Hoewel koningin Emma het Frans als hoftaal had afgeschaft, hebben de afdelingen van de Alliance Fran\u00e7aise in Nederland nog lang de naam gehad een beetje elitair te zijn.\u00a0<\/p><p>Nederland kent momenteel 31 plaatselijke alliances, waarbij meer dan 10.000 mensen zijn betrokken. Er zijn circa 7.000 cursisten die Frans studeren op verschillende niveaus, begeleid door 250 docenten, die opgeleid zijn in de Franse taal.<\/p>\t\t\t\t\t\t\t\t<\/div>\n\t\t\t\t<\/div>\n\t\t\t\t\t<\/div>\n\t\t<\/div>\n\t\t\t\t<div class=\"elementor-column elementor-col-50 elementor-top-column elementor-element elementor-element-c814dfc\" data-id=\"c814dfc\" data-element_type=\"column\" data-e-type=\"column\">\n\t\t\t<div class=\"elementor-widget-wrap elementor-element-populated\">\n\t\t\t\t\t\t<div class=\"elementor-element elementor-element-9051d19 elementor-cta--skin-cover elementor-cta--valign-middle elementor-widget elementor-widget-call-to-action\" data-id=\"9051d19\" data-element_type=\"widget\" data-e-type=\"widget\" data-settings=\"{&quot;motion_fx_motion_fx_scrolling&quot;:&quot;yes&quot;,&quot;motion_fx_translateY_effect&quot;:&quot;yes&quot;,&quot;motion_fx_translateY_speed&quot;:{&quot;unit&quot;:&quot;px&quot;,&quot;size&quot;:&quot;1&quot;,&quot;sizes&quot;:[]},&quot;motion_fx_translateY_affectedRange&quot;:{&quot;unit&quot;:&quot;%&quot;,&quot;size&quot;:&quot;&quot;,&quot;sizes&quot;:{&quot;start&quot;:&quot;0&quot;,&quot;end&quot;:&quot;50&quot;}},&quot;motion_fx_opacity_effect&quot;:&quot;yes&quot;,&quot;motion_fx_opacity_range&quot;:{&quot;unit&quot;:&quot;%&quot;,&quot;size&quot;:&quot;&quot;,&quot;sizes&quot;:{&quot;start&quot;:&quot;0&quot;,&quot;end&quot;:&quot;30&quot;}},&quot;motion_fx_opacity_direction&quot;:&quot;out-in&quot;,&quot;motion_fx_opacity_level&quot;:{&quot;unit&quot;:&quot;px&quot;,&quot;size&quot;:10,&quot;sizes&quot;:[]},&quot;motion_fx_devices&quot;:[&quot;desktop&quot;,&quot;tablet&quot;,&quot;mobile&quot;]}\" data-widget_type=\"call-to-action.default\">\n\t\t\t\t<div class=\"elementor-widget-container\">\n\t\t\t\t\t\t\t<div class=\"elementor-cta\">\n\t\t\t\t\t<div class=\"elementor-cta__bg-wrapper\">\n\t\t\t\t<div class=\"elementor-cta__bg elementor-bg\" style=\"background-image: url();\" role=\"img\" aria-label=\"\"><\/div>\n\t\t\t\t<div class=\"elementor-cta__bg-overlay\"><\/div>\n\t\t\t<\/div>\n\t\t\t\t\t\t\t<div class=\"elementor-cta__content\">\n\t\t\t\t\n\t\t\t\t\t\t\t\t\t<h3 class=\"elementor-cta__title elementor-cta__content-item elementor-content-item\">\n\t\t\t\t\t\tAlliance Fran\u00e7aise Amersfoort\t\t\t\t\t<\/h3>\n\t\t\t\t\n\t\t\t\t\t\t\t\t\t<div class=\"elementor-cta__description elementor-cta__content-item elementor-content-item\">\n\t\t\t\t\t\tDe Alliance Amersfoort is opgericht in 1896. Er zijn ongeveer 30 leden en per jaar 140 - 170 cursisten en koorleden. <br> <br>\nTaalcursussen <br> De Alliance Fran\u00e7aise Amersfoort organiseert taalcursussen op verschillende niveaus (van beginners tot zeer vergevorderden) en in verschillende vormen: groepslessen, conversatiebijeenkomsten, priv\u00e9lessen, en ook cursussen-op-maat, bijvoorbeeld voor bedrijven. <br> <br> Culturele activiteiten <br>  Naast en als aanvulling op het Franstalige onderwijs biedt de Alliance Fran\u00e7aise Amersfoort een aantal culturele activiteiten. Deze omvatten een zestal conferences per jaar over uiteenlopende onderwerpen, uiteraard altijd met betrekking tot  Frankrijk en de Franse taal en cultuur. Ook een slotavond met professionele artiesten, het koor 'Si on chantait' en het 'Caf\u00e9 Fran\u00e7ais' horen erbij.\t\t\t\t\t<\/div>\n\t\t\t\t\n\t\t\t\t\t\t\t<\/div>\n\t\t\t\t\t\t<\/div>\n\t\t\t\t\t\t<\/div>\n\t\t\t\t<\/div>\n\t\t\t\t\t<\/div>\n\t\t<\/div>\n\t\t\t\t\t<\/div>\n\t\t<\/section>\n\t\t\t\t<\/div>\n\t\t","protected":false},"excerpt":{"rendered":"<p>Wat is de Alliance Fran\u00e7aise? Alliance Fran\u00e7aise Verbreiden Franse taal en cultuur De Alliance Fran\u00e7aise, opgericht in 1883 is een wereldwijde organisatie, die valt onder het Franse ministerie van Cultuur. [&hellip;]<\/p>\n","protected":false},"author":1,"featured_media":0,"parent":101,"menu_order":0,"comment_status":"closed","ping_status":"closed","template":"elementor_header_footer","meta":{"footnotes":""},"class_list":["post-131","page","type-page","status-publish","hentry"],"_links":{"self":[{"href":"https:\/\/www.alliance-francaise.nl\/amersfoort\/wp-json\/wp\/v2\/pages\/131","targetHints":{"allow":["GET"]}}],"collection":[{"href":"https:\/\/www.alliance-francaise.nl\/amersfoort\/wp-json\/wp\/v2\/pages"}],"about":[{"href":"https:\/\/www.alliance-francaise.nl\/amersfoort\/wp-json\/wp\/v2\/types\/page"}],"author":[{"embeddable":true,"href":"https:\/\/www.alliance-francaise.nl\/amersfoort\/wp-json\/wp\/v2\/users\/1"}],"replies":[{"embeddable":true,"href":"https:\/\/www.alliance-francaise.nl\/amersfoort\/wp-json\/wp\/v2\/comments?post=131"}],"version-history":[{"count":20,"href":"https:\/\/www.alliance-francaise.nl\/amersfoort\/wp-json\/wp\/v2\/pages\/131\/revisions"}],"predecessor-version":[{"id":10486,"href":"https:\/\/www.alliance-francaise.nl\/amersfoort\/wp-json\/wp\/v2\/pages\/131\/revisions\/10486"}],"up":[{"embeddable":true,"href":"https:\/\/www.alliance-francaise.nl\/amersfoort\/wp-json\/wp\/v2\/pages\/101"}],"wp:attachment":[{"href":"https:\/\/www.alliance-francaise.nl\/amersfoort\/wp-json\/wp\/v2\/media?parent=131"}],"curies":[{"name":"wp","href":"https:\/\/api.w.org\/{rel}","templated":true}]}}

Wat is de Alliance Française?

<div data-elementor-type="wp-page" data-elementor-id="131" class="elementor elementor-131" data-elementor-post-type="page">
						<section class="elementor-section elementor-top-section elementor-element elementor-element-eda676a elementor-section-height-min-height elementor-section-boxed elementor-section-height-default elementor-section-items-middle" data-id="eda676a" data-element_type="section" data-e-type="section" data-settings="{&quot;background_background&quot;:&quot;classic&quot;}">
						<div class="elementor-container elementor-column-gap-default">
					<div class="elementor-column elementor-col-100 elementor-top-column elementor-element elementor-element-07b0b23" data-id="07b0b23" data-element_type="column" data-e-type="column">
			<div class="elementor-widget-wrap elementor-element-populated">
						<div class="elementor-element elementor-element-9e77aee elementor-widget elementor-widget-heading" data-id="9e77aee" data-element_type="widget" data-e-type="widget" data-widget_type="heading.default">
				<div class="elementor-widget-container">
					<h1 class="elementor-heading-title elementor-size-default">Wat is de Alliance Française?</h1>				</div>
				</div>
					</div>
		</div>
					</div>
		</section>
				<section class="elementor-section elementor-top-section elementor-element elementor-element-65f13cf elementor-section-boxed elementor-section-height-default elementor-section-height-default" data-id="65f13cf" data-element_type="section" data-e-type="section">
						<div class="elementor-container elementor-column-gap-default">
					<div class="elementor-column elementor-col-50 elementor-top-column elementor-element elementor-element-58263e3" data-id="58263e3" data-element_type="column" data-e-type="column">
			<div class="elementor-widget-wrap elementor-element-populated">
						<div class="elementor-element elementor-element-fe11218 elementor-widget elementor-widget-heading" data-id="fe11218" data-element_type="widget" data-e-type="widget" data-widget_type="heading.default">
				<div class="elementor-widget-container">
					<h4 class="elementor-heading-title elementor-size-default">Alliance Française</h4>				</div>
				</div>
				<div class="elementor-element elementor-element-9b76f67 elementor-widget elementor-widget-heading" data-id="9b76f67" data-element_type="widget" data-e-type="widget" data-widget_type="heading.default">
				<div class="elementor-widget-container">
					<h2 class="elementor-heading-title elementor-size-default">Verbreiden Franse taal en cultuur</h2>				</div>
				</div>
				<div class="elementor-element elementor-element-1eec26f elementor-widget elementor-widget-text-editor" data-id="1eec26f" data-element_type="widget" data-e-type="widget" data-widget_type="text-editor.default">
				<div class="elementor-widget-container">
									<p>De Alliance Française, opgericht in 1883 is een wereldwijde organisatie, die valt onder het Franse ministerie van Cultuur. De doelstelling was en is nog steeds het verbreiden van de Franse taal en cultuur.</p>								</div>
				</div>
					</div>
		</div>
				<div class="elementor-column elementor-col-50 elementor-top-column elementor-element elementor-element-9bb33e3" data-id="9bb33e3" data-element_type="column" data-e-type="column">
			<div class="elementor-widget-wrap elementor-element-populated">
						<div class="elementor-element elementor-element-f53fc2e elementor-widget elementor-widget-image" data-id="f53fc2e" data-element_type="widget" data-e-type="widget" data-widget_type="image.default">
				<div class="elementor-widget-container">
															<img fetchpriority="high" decoding="async" width="800" height="457" src="https://www.alliance-francaise.nl/amersfoort/wp-content/uploads/sites/14/2024/12/Cursussen-afbeeldingen-7-1024x585.png" class="attachment-large size-large wp-image-8961" alt="" srcset="https://www.alliance-francaise.nl/amersfoort/wp-content/uploads/sites/14/2024/12/Cursussen-afbeeldingen-7-1024x585.png 1024w, https://www.alliance-francaise.nl/amersfoort/wp-content/uploads/sites/14/2024/12/Cursussen-afbeeldingen-7-300x171.png 300w, https://www.alliance-francaise.nl/amersfoort/wp-content/uploads/sites/14/2024/12/Cursussen-afbeeldingen-7-768x439.png 768w, https://www.alliance-francaise.nl/amersfoort/wp-content/uploads/sites/14/2024/12/Cursussen-afbeeldingen-7-600x343.png 600w, https://www.alliance-francaise.nl/amersfoort/wp-content/uploads/sites/14/2024/12/Cursussen-afbeeldingen-7.png 1050w" sizes="(max-width: 800px) 100vw, 800px" />															</div>
				</div>
					</div>
		</div>
					</div>
		</section>
				<section class="elementor-section elementor-top-section elementor-element elementor-element-40596d7 elementor-section-boxed elementor-section-height-default elementor-section-height-default" data-id="40596d7" data-element_type="section" data-e-type="section">
						<div class="elementor-container elementor-column-gap-default">
					<div class="elementor-column elementor-col-50 elementor-top-column elementor-element elementor-element-2306436" data-id="2306436" data-element_type="column" data-e-type="column">
			<div class="elementor-widget-wrap elementor-element-populated">
						<div class="elementor-element elementor-element-2168b49 elementor-widget elementor-widget-text-editor" data-id="2168b49" data-element_type="widget" data-e-type="widget" data-widget_type="text-editor.default">
				<div class="elementor-widget-container">
									<p>Paul Camcon nam in 1883, in Parijs, het voortouw voor de oprichting van de Alliance Française. Al meteen na de oprichting meldden zich wetenschappers, schrijvers en diplomaten aan als lid, onder wie Ferdinand de Lesseps, Louis Pasteur en Jules Verne. Door vrienden van Frankrijk zijn in de gehele wereld landelijke, regionale of plaatselijke alliances opgericht.</p><p>In 1888 gebeurde dat in Nederland met de oprichting van de Alliance Française des Pays-Bas. In 1896, 13 jaar na de oprichting in Parijs, werd ook in Amersfoort een afdeling gevestigd. In die tijd was Frans nog de aan het hof gesproken taal. Heel lang had het Frans daardoor het aanzien van een taal voor &#8216;deftige mensen&#8217;. Hoewel koningin Emma het Frans als hoftaal had afgeschaft, hebben de afdelingen van de Alliance Française in Nederland nog lang de naam gehad een beetje elitair te zijn. </p><p>Nederland kent momenteel 31 plaatselijke alliances, waarbij meer dan 10.000 mensen zijn betrokken. Er zijn circa 7.000 cursisten die Frans studeren op verschillende niveaus, begeleid door 250 docenten, die opgeleid zijn in de Franse taal.</p>								</div>
				</div>
					</div>
		</div>
				<div class="elementor-column elementor-col-50 elementor-top-column elementor-element elementor-element-c814dfc" data-id="c814dfc" data-element_type="column" data-e-type="column">
			<div class="elementor-widget-wrap elementor-element-populated">
						<div class="elementor-element elementor-element-9051d19 elementor-cta--skin-cover elementor-cta--valign-middle elementor-widget elementor-widget-call-to-action" data-id="9051d19" data-element_type="widget" data-e-type="widget" data-settings="{&quot;motion_fx_motion_fx_scrolling&quot;:&quot;yes&quot;,&quot;motion_fx_translateY_effect&quot;:&quot;yes&quot;,&quot;motion_fx_translateY_speed&quot;:{&quot;unit&quot;:&quot;px&quot;,&quot;size&quot;:&quot;1&quot;,&quot;sizes&quot;:[]},&quot;motion_fx_translateY_affectedRange&quot;:{&quot;unit&quot;:&quot;%&quot;,&quot;size&quot;:&quot;&quot;,&quot;sizes&quot;:{&quot;start&quot;:&quot;0&quot;,&quot;end&quot;:&quot;50&quot;}},&quot;motion_fx_opacity_effect&quot;:&quot;yes&quot;,&quot;motion_fx_opacity_range&quot;:{&quot;unit&quot;:&quot;%&quot;,&quot;size&quot;:&quot;&quot;,&quot;sizes&quot;:{&quot;start&quot;:&quot;0&quot;,&quot;end&quot;:&quot;30&quot;}},&quot;motion_fx_opacity_direction&quot;:&quot;out-in&quot;,&quot;motion_fx_opacity_level&quot;:{&quot;unit&quot;:&quot;px&quot;,&quot;size&quot;:10,&quot;sizes&quot;:[]},&quot;motion_fx_devices&quot;:[&quot;desktop&quot;,&quot;tablet&quot;,&quot;mobile&quot;]}" data-widget_type="call-to-action.default">
				<div class="elementor-widget-container">
							<div class="elementor-cta">
					<div class="elementor-cta__bg-wrapper">
				<div class="elementor-cta__bg elementor-bg" style="background-image: url();" role="img" aria-label=""></div>
				<div class="elementor-cta__bg-overlay"></div>
			</div>
							<div class="elementor-cta__content">
				
									<h3 class="elementor-cta__title elementor-cta__content-item elementor-content-item">
						Alliance Française Amersfoort					</h3>
				
									<div class="elementor-cta__description elementor-cta__content-item elementor-content-item">
						De Alliance Amersfoort is opgericht in 1896. Er zijn ongeveer 30 leden en per jaar 140 - 170 cursisten en koorleden. <br> <br>
Taalcursussen <br> De Alliance Française Amersfoort organiseert taalcursussen op verschillende niveaus (van beginners tot zeer vergevorderden) en in verschillende vormen: groepslessen, conversatiebijeenkomsten, privélessen, en ook cursussen-op-maat, bijvoorbeeld voor bedrijven. <br> <br> Culturele activiteiten <br>  Naast en als aanvulling op het Franstalige onderwijs biedt de Alliance Française Amersfoort een aantal culturele activiteiten. Deze omvatten een zestal conferences per jaar over uiteenlopende onderwerpen, uiteraard altijd met betrekking tot  Frankrijk en de Franse taal en cultuur. Ook een slotavond met professionele artiesten, het koor 'Si on chantait' en het 'Café Français' horen erbij.					</div>
				
							</div>
						</div>
						</div>
				</div>
					</div>
		</div>
					</div>
		</section>
				</div>

<p>Wat is de Alliance Française? Alliance Française Verbreiden Franse taal en cultuur De Alliance Française, opgericht in 1883 is een wereldwijde organisatie, die valt onder het Franse ministerie van Cultuur. [&hellip;]</p>
