{"id":10730,"date":"2025-08-16T10:41:42","date_gmt":"2025-08-16T09:41:42","guid":{"rendered":"https:\/\/www.alliance-francaise.nl\/amersfoort\/?page_id=10730"},"modified":"2025-09-05T16:38:05","modified_gmt":"2025-09-05T15:38:05","slug":"privacy-copy","status":"publish","type":"page","link":"https:\/\/www.alliance-francaise.nl\/amersfoort\/bienvenue-welkom\/privacy-copy\/","title":{"rendered":"Privacy &#8211; Copy"},"content":{"rendered":"\t\t<div data-elementor-type=\"wp-page\" data-elementor-id=\"10730\" class=\"elementor elementor-10730\" data-elementor-post-type=\"page\">\n\t\t\t\t\t\t<section class=\"elementor-section elementor-top-section elementor-element elementor-element-586b467 elementor-section-height-min-height elementor-section-boxed elementor-section-height-default elementor-section-items-middle\" data-id=\"586b467\" data-element_type=\"section\" data-e-type=\"section\" data-settings=\"{&quot;background_background&quot;:&quot;classic&quot;}\">\n\t\t\t\t\t\t<div class=\"elementor-container elementor-column-gap-default\">\n\t\t\t\t\t<div class=\"elementor-column elementor-col-100 elementor-top-column elementor-element elementor-element-51a1b2d\" data-id=\"51a1b2d\" data-element_type=\"column\" data-e-type=\"column\">\n\t\t\t<div class=\"elementor-widget-wrap elementor-element-populated\">\n\t\t\t\t\t\t<div class=\"elementor-element elementor-element-f6933c3 elementor-widget elementor-widget-heading\" data-id=\"f6933c3\" data-element_type=\"widget\" data-e-type=\"widget\" data-widget_type=\"heading.default\">\n\t\t\t\t<div class=\"elementor-widget-container\">\n\t\t\t\t\t<h1 class=\"elementor-heading-title elementor-size-default\">Privacy<\/h1>\t\t\t\t<\/div>\n\t\t\t\t<\/div>\n\t\t\t\t\t<\/div>\n\t\t<\/div>\n\t\t\t\t\t<\/div>\n\t\t<\/section>\n\t\t\t\t<section class=\"elementor-section elementor-top-section elementor-element elementor-element-cd2c67f elementor-section-boxed elementor-section-height-default elementor-section-height-default\" data-id=\"cd2c67f\" data-element_type=\"section\" data-e-type=\"section\">\n\t\t\t\t\t\t<div class=\"elementor-container elementor-column-gap-default\">\n\t\t\t\t\t<div class=\"elementor-column elementor-col-50 elementor-top-column elementor-element elementor-element-a4b93a1\" data-id=\"a4b93a1\" data-element_type=\"column\" data-e-type=\"column\">\n\t\t\t<div class=\"elementor-widget-wrap elementor-element-populated\">\n\t\t\t\t\t\t<div class=\"elementor-element elementor-element-0d8759e elementor-widget elementor-widget-heading\" data-id=\"0d8759e\" data-element_type=\"widget\" data-e-type=\"widget\" data-widget_type=\"heading.default\">\n\t\t\t\t<div class=\"elementor-widget-container\">\n\t\t\t\t\t<h2 class=\"elementor-heading-title elementor-size-default\">Algemene verordening gegevensbescherming<\/h2>\t\t\t\t<\/div>\n\t\t\t\t<\/div>\n\t\t\t\t\t<\/div>\n\t\t<\/div>\n\t\t\t\t<div class=\"elementor-column elementor-col-50 elementor-top-column elementor-element elementor-element-bd06364\" data-id=\"bd06364\" data-element_type=\"column\" data-e-type=\"column\">\n\t\t\t<div class=\"elementor-widget-wrap\">\n\t\t\t\t\t\t\t<\/div>\n\t\t<\/div>\n\t\t\t\t\t<\/div>\n\t\t<\/section>\n\t\t\t\t<section class=\"elementor-section elementor-top-section elementor-element elementor-element-745d59c elementor-section-boxed elementor-section-height-default elementor-section-height-default\" data-id=\"745d59c\" data-element_type=\"section\" data-e-type=\"section\">\n\t\t\t\t\t\t<div class=\"elementor-container elementor-column-gap-default\">\n\t\t\t\t\t<div class=\"elementor-column elementor-col-100 elementor-top-column elementor-element elementor-element-fc2d2b0\" data-id=\"fc2d2b0\" data-element_type=\"column\" data-e-type=\"column\">\n\t\t\t<div class=\"elementor-widget-wrap elementor-element-populated\">\n\t\t\t\t\t\t<div class=\"elementor-element elementor-element-35c6a16 elementor-widget elementor-widget-heading\" data-id=\"35c6a16\" data-element_type=\"widget\" data-e-type=\"widget\" data-widget_type=\"heading.default\">\n\t\t\t\t<div class=\"elementor-widget-container\">\n\t\t\t\t\t<h4 class=\"elementor-heading-title elementor-size-default\">Geheimhoudingsverklaring Alliance Fran\u00e7aise Amersfoort<\/h4>\t\t\t\t<\/div>\n\t\t\t\t<\/div>\n\t\t\t\t\t<\/div>\n\t\t<\/div>\n\t\t\t\t\t<\/div>\n\t\t<\/section>\n\t\t\t\t<section class=\"elementor-section elementor-top-section elementor-element elementor-element-3c4da9d elementor-section-boxed elementor-section-height-default elementor-section-height-default\" data-id=\"3c4da9d\" data-element_type=\"section\" data-e-type=\"section\">\n\t\t\t\t\t\t<div class=\"elementor-container elementor-column-gap-default\">\n\t\t\t\t\t<div class=\"elementor-column elementor-col-100 elementor-top-column elementor-element elementor-element-79de98e\" data-id=\"79de98e\" data-element_type=\"column\" data-e-type=\"column\">\n\t\t\t<div class=\"elementor-widget-wrap elementor-element-populated\">\n\t\t\t\t\t\t<div class=\"elementor-element elementor-element-392af00 elementor-widget__width-initial elementor-widget elementor-widget-text-editor\" data-id=\"392af00\" data-element_type=\"widget\" data-e-type=\"widget\" data-widget_type=\"text-editor.default\">\n\t\t\t\t<div class=\"elementor-widget-container\">\n\t\t\t\t\t\t\t\t\t<p>Deze geheimhoudingsverklaring geldt voor de docenten, de cursusco\u00f6rdinatrice en de bestuursleden verbonden aan de Alliance Fran\u00e7aise Amersfoort (A.F.).\u00a0<\/p><p>Allen hebben verklaard zich te houden aan c.q. te voldoen aan de op haar\/hem van toepassing zijnde bepalingen ingevolge de Algemene Verordening Gegevensbescherming (AVG), zoals hierna verwoord:<\/p><p><strong>Artikel 1<br \/><\/strong>De cursusco\u00f6rdinatrice zorgt ervoor dat\u00a0toegang tot persoonsgegevens\u00a0van docenten, (aspirant-) en (ex-)cursisten beperkt is tot alleen die docenten en bestuursleden die deze gegevens nodig hebben om hun werk te kunnen doen. Dit betekent:<\/p><ol><li>dat de docenten alleen toegang hebben tot de e-mailadressen van de eigen cursistengroep;<\/li><li>dat bestuursleden alleen toegang hebben tot de cursisten- en ledengegevens voor zover zij deze gegevens nodig hebben om hun werk te kunnen doen;<\/li><li>dat gezinsleden van de cursusco\u00f6rdinatrice, van docenten en van bestuurders geen toegang hebben tot persoonsgegevens in relatie tot de A.F.<\/li><\/ol><p><strong>Artikel 2<br \/><\/strong>Wanneer docenten een algemene e-mail sturen naar \u2018hun\u2019 cursisten c.q. wanneer de secretaris van de A.F. de leden aanschrijft, gebeurt dit in de BCC-modus, zodat niet alle e-mailadressen voor alle ontvangers te zien zijn.<\/p><p><strong>Artikel 3<br \/><\/strong>Alle IT-apparaten: tablets, laptops en smartphones waarmee toegang verkregen kan worden tot de cursisten- en ledenbestanden in relatie tot de A.F. zijn voorzien van goede beveiligingssoftware (antivirusprogramma). De systeemsoftware is altijd voorzien van de laatste updates. De toegang tot leden- en cursistenbestanden en de e-mailcorrespondentie is eveneens beveiligd.<\/p><p><strong>Artikel 4<br \/><\/strong>Als een tablet, laptop, smartphone of ander apparaat waarop gegevens van de A.F. staan, zoekraakt of gestolen wordt of onbevoegden hebben mogelijk toegang gekregen tot deze gegevens dan meldt de eigenaar\/eigenaresse dit binnen 24 uur aan de Verwerkingsverantwoordelijke* van de A.F. Deze zal dan beoordelen c.q. advies inwinnen of het een datalek betreft en of dit gemeld moet worden aan de Autoriteit Persoonsgegevens en of het aan de\u00a0 personen om wier gegevens het gaat moet worden gemeld.<\/p><p><strong>Artikel 5<br \/><\/strong>De A.F. maakt gebruik van betaaldienstverlener \u2018Mollie\u2019. In die context kunnen gegevens van cursisten tussen deze partijen worden gedeeld.<\/p><p><strong>Getekend,<\/strong><br \/>Amersfoort,\u00a08 juli\u00a02018<\/p><p><em>*Verwerkingsverantwoordelijke van de A.F.: secr.amersfoort@afpb.nl<\/em><\/p>\t\t\t\t\t\t\t\t<\/div>\n\t\t\t\t<\/div>\n\t\t\t\t\t<\/div>\n\t\t<\/div>\n\t\t\t\t\t<\/div>\n\t\t<\/section>\n\t\t\t\t<\/div>\n\t\t","protected":false},"excerpt":{"rendered":"<p>Privacy Algemene verordening gegevensbescherming Geheimhoudingsverklaring Alliance Fran\u00e7aise Amersfoort Deze geheimhoudingsverklaring geldt voor de docenten, de cursusco\u00f6rdinatrice en de bestuursleden verbonden aan de Alliance Fran\u00e7aise Amersfoort (A.F.).\u00a0 Allen hebben verklaard zich [&hellip;]<\/p>\n","protected":false},"author":22,"featured_media":0,"parent":101,"menu_order":0,"comment_status":"closed","ping_status":"closed","template":"elementor_header_footer","meta":{"footnotes":""},"class_list":["post-10730","page","type-page","status-publish","hentry"],"_links":{"self":[{"href":"https:\/\/www.alliance-francaise.nl\/amersfoort\/wp-json\/wp\/v2\/pages\/10730","targetHints":{"allow":["GET"]}}],"collection":[{"href":"https:\/\/www.alliance-francaise.nl\/amersfoort\/wp-json\/wp\/v2\/pages"}],"about":[{"href":"https:\/\/www.alliance-francaise.nl\/amersfoort\/wp-json\/wp\/v2\/types\/page"}],"author":[{"embeddable":true,"href":"https:\/\/www.alliance-francaise.nl\/amersfoort\/wp-json\/wp\/v2\/users\/22"}],"replies":[{"embeddable":true,"href":"https:\/\/www.alliance-francaise.nl\/amersfoort\/wp-json\/wp\/v2\/comments?post=10730"}],"version-history":[{"count":7,"href":"https:\/\/www.alliance-francaise.nl\/amersfoort\/wp-json\/wp\/v2\/pages\/10730\/revisions"}],"predecessor-version":[{"id":10857,"href":"https:\/\/www.alliance-francaise.nl\/amersfoort\/wp-json\/wp\/v2\/pages\/10730\/revisions\/10857"}],"up":[{"embeddable":true,"href":"https:\/\/www.alliance-francaise.nl\/amersfoort\/wp-json\/wp\/v2\/pages\/101"}],"wp:attachment":[{"href":"https:\/\/www.alliance-francaise.nl\/amersfoort\/wp-json\/wp\/v2\/media?parent=10730"}],"curies":[{"name":"wp","href":"https:\/\/api.w.org\/{rel}","templated":true}]}}

<div data-elementor-type="wp-page" data-elementor-id="10730" class="elementor elementor-10730" data-elementor-post-type="page">
						<section class="elementor-section elementor-top-section elementor-element elementor-element-586b467 elementor-section-height-min-height elementor-section-boxed elementor-section-height-default elementor-section-items-middle" data-id="586b467" data-element_type="section" data-e-type="section" data-settings="{&quot;background_background&quot;:&quot;classic&quot;}">
						<div class="elementor-container elementor-column-gap-default">
					<div class="elementor-column elementor-col-100 elementor-top-column elementor-element elementor-element-51a1b2d" data-id="51a1b2d" data-element_type="column" data-e-type="column">
			<div class="elementor-widget-wrap elementor-element-populated">
						<div class="elementor-element elementor-element-f6933c3 elementor-widget elementor-widget-heading" data-id="f6933c3" data-element_type="widget" data-e-type="widget" data-widget_type="heading.default">
				<div class="elementor-widget-container">
					<h1 class="elementor-heading-title elementor-size-default">Privacy</h1>				</div>
				</div>
					</div>
		</div>
					</div>
		</section>
				<section class="elementor-section elementor-top-section elementor-element elementor-element-cd2c67f elementor-section-boxed elementor-section-height-default elementor-section-height-default" data-id="cd2c67f" data-element_type="section" data-e-type="section">
						<div class="elementor-container elementor-column-gap-default">
					<div class="elementor-column elementor-col-50 elementor-top-column elementor-element elementor-element-a4b93a1" data-id="a4b93a1" data-element_type="column" data-e-type="column">
			<div class="elementor-widget-wrap elementor-element-populated">
						<div class="elementor-element elementor-element-0d8759e elementor-widget elementor-widget-heading" data-id="0d8759e" data-element_type="widget" data-e-type="widget" data-widget_type="heading.default">
				<div class="elementor-widget-container">
					<h2 class="elementor-heading-title elementor-size-default">Algemene verordening gegevensbescherming</h2>				</div>
				</div>
					</div>
		</div>
				<div class="elementor-column elementor-col-50 elementor-top-column elementor-element elementor-element-bd06364" data-id="bd06364" data-element_type="column" data-e-type="column">
			<div class="elementor-widget-wrap">
							</div>
		</div>
					</div>
		</section>
				<section class="elementor-section elementor-top-section elementor-element elementor-element-745d59c elementor-section-boxed elementor-section-height-default elementor-section-height-default" data-id="745d59c" data-element_type="section" data-e-type="section">
						<div class="elementor-container elementor-column-gap-default">
					<div class="elementor-column elementor-col-100 elementor-top-column elementor-element elementor-element-fc2d2b0" data-id="fc2d2b0" data-element_type="column" data-e-type="column">
			<div class="elementor-widget-wrap elementor-element-populated">
						<div class="elementor-element elementor-element-35c6a16 elementor-widget elementor-widget-heading" data-id="35c6a16" data-element_type="widget" data-e-type="widget" data-widget_type="heading.default">
				<div class="elementor-widget-container">
					<h4 class="elementor-heading-title elementor-size-default">Geheimhoudingsverklaring Alliance Française Amersfoort</h4>				</div>
				</div>
					</div>
		</div>
					</div>
		</section>
				<section class="elementor-section elementor-top-section elementor-element elementor-element-3c4da9d elementor-section-boxed elementor-section-height-default elementor-section-height-default" data-id="3c4da9d" data-element_type="section" data-e-type="section">
						<div class="elementor-container elementor-column-gap-default">
					<div class="elementor-column elementor-col-100 elementor-top-column elementor-element elementor-element-79de98e" data-id="79de98e" data-element_type="column" data-e-type="column">
			<div class="elementor-widget-wrap elementor-element-populated">
						<div class="elementor-element elementor-element-392af00 elementor-widget__width-initial elementor-widget elementor-widget-text-editor" data-id="392af00" data-element_type="widget" data-e-type="widget" data-widget_type="text-editor.default">
				<div class="elementor-widget-container">
									<p>Deze geheimhoudingsverklaring geldt voor de docenten, de cursuscoördinatrice en de bestuursleden verbonden aan de Alliance Française Amersfoort (A.F.). </p><p>Allen hebben verklaard zich te houden aan c.q. te voldoen aan de op haar/hem van toepassing zijnde bepalingen ingevolge de Algemene Verordening Gegevensbescherming (AVG), zoals hierna verwoord:</p><p><strong>Artikel 1<br /></strong>De cursuscoördinatrice zorgt ervoor dat toegang tot persoonsgegevens van docenten, (aspirant-) en (ex-)cursisten beperkt is tot alleen die docenten en bestuursleden die deze gegevens nodig hebben om hun werk te kunnen doen. Dit betekent:</p><ol><li>dat de docenten alleen toegang hebben tot de e-mailadressen van de eigen cursistengroep;</li><li>dat bestuursleden alleen toegang hebben tot de cursisten- en ledengegevens voor zover zij deze gegevens nodig hebben om hun werk te kunnen doen;</li><li>dat gezinsleden van de cursuscoördinatrice, van docenten en van bestuurders geen toegang hebben tot persoonsgegevens in relatie tot de A.F.</li></ol><p><strong>Artikel 2<br /></strong>Wanneer docenten een algemene e-mail sturen naar ‘hun’ cursisten c.q. wanneer de secretaris van de A.F. de leden aanschrijft, gebeurt dit in de BCC-modus, zodat niet alle e-mailadressen voor alle ontvangers te zien zijn.</p><p><strong>Artikel 3<br /></strong>Alle IT-apparaten: tablets, laptops en smartphones waarmee toegang verkregen kan worden tot de cursisten- en ledenbestanden in relatie tot de A.F. zijn voorzien van goede beveiligingssoftware (antivirusprogramma). De systeemsoftware is altijd voorzien van de laatste updates. De toegang tot leden- en cursistenbestanden en de e-mailcorrespondentie is eveneens beveiligd.</p><p><strong>Artikel 4<br /></strong>Als een tablet, laptop, smartphone of ander apparaat waarop gegevens van de A.F. staan, zoekraakt of gestolen wordt of onbevoegden hebben mogelijk toegang gekregen tot deze gegevens dan meldt de eigenaar/eigenaresse dit binnen 24 uur aan de Verwerkingsverantwoordelijke* van de A.F. Deze zal dan beoordelen c.q. advies inwinnen of het een datalek betreft en of dit gemeld moet worden aan de Autoriteit Persoonsgegevens en of het aan de  personen om wier gegevens het gaat moet worden gemeld.</p><p><strong>Artikel 5<br /></strong>De A.F. maakt gebruik van betaaldienstverlener ‘Mollie’. In die context kunnen gegevens van cursisten tussen deze partijen worden gedeeld.</p><p><strong>Getekend,</strong><br />Amersfoort, 8 juli 2018</p><p><em>*Verwerkingsverantwoordelijke van de A.F.: secr.amersfoort@afpb.nl</em></p>								</div>
				</div>
					</div>
		</div>
					</div>
		</section>
				</div>

<p>Privacy Algemene verordening gegevensbescherming Geheimhoudingsverklaring Alliance Française Amersfoort Deze geheimhoudingsverklaring geldt voor de docenten, de cursuscoördinatrice en de bestuursleden verbonden aan de Alliance Française Amersfoort (A.F.).  Allen hebben verklaard zich [&hellip;]</p>
